{"version":"1.0","provider_name":"DE Audio-Technica Distribution","provider_url":"https:\/\/distribution.audio-technica.eu\/de-de","title":"Pressebericht\u00a0Schlosshofkonzert\u00a02020 - DE Audio-Technica Distribution","type":"rich","width":600,"height":338,"html":"<blockquote class=\"wp-embedded-content\" data-secret=\"yiAViY9yeW\"><a href=\"https:\/\/distribution.audio-technica.eu\/de-de\/news\/pressebericht-schlosshofkonzert-2020\/\">Pressebericht\u00a0Schlosshofkonzert\u00a02020<\/a><\/blockquote><iframe sandbox=\"allow-scripts\" security=\"restricted\" src=\"https:\/\/distribution.audio-technica.eu\/de-de\/news\/pressebericht-schlosshofkonzert-2020\/embed\/#?secret=yiAViY9yeW\" width=\"600\" height=\"338\" title=\"&#8222;Pressebericht\u00a0Schlosshofkonzert\u00a02020&#8220; &#8211; DE Audio-Technica Distribution\" data-secret=\"yiAViY9yeW\" frameborder=\"0\" marginwidth=\"0\" marginheight=\"0\" scrolling=\"no\" class=\"wp-embedded-content\"><\/iframe><script type=\"text\/javascript\">\n\/* <![CDATA[ *\/\n\/*! This file is auto-generated *\/\n!function(d,l){\"use strict\";l.querySelector&&d.addEventListener&&\"undefined\"!=typeof URL&&(d.wp=d.wp||{},d.wp.receiveEmbedMessage||(d.wp.receiveEmbedMessage=function(e){var t=e.data;if((t||t.secret||t.message||t.value)&&!\/[^a-zA-Z0-9]\/.test(t.secret)){for(var s,r,n,a=l.querySelectorAll('iframe[data-secret=\"'+t.secret+'\"]'),o=l.querySelectorAll('blockquote[data-secret=\"'+t.secret+'\"]'),c=new RegExp(\"^https?:$\",\"i\"),i=0;i<o.length;i++)o[i].style.display=\"none\";for(i=0;i<a.length;i++)s=a[i],e.source===s.contentWindow&&(s.removeAttribute(\"style\"),\"height\"===t.message?(1e3<(r=parseInt(t.value,10))?r=1e3:~~r<200&&(r=200),s.height=r):\"link\"===t.message&&(r=new URL(s.getAttribute(\"src\")),n=new URL(t.value),c.test(n.protocol))&&n.host===r.host&&l.activeElement===s&&(d.top.location.href=t.value))}},d.addEventListener(\"message\",d.wp.receiveEmbedMessage,!1),l.addEventListener(\"DOMContentLoaded\",function(){for(var e,t,s=l.querySelectorAll(\"iframe.wp-embedded-content\"),r=0;r<s.length;r++)(t=(e=s[r]).getAttribute(\"data-secret\"))||(t=Math.random().toString(36).substring(2,12),e.src+=\"#?secret=\"+t,e.setAttribute(\"data-secret\",t)),e.contentWindow.postMessage({message:\"ready\",secret:t},\"*\")},!1)))}(window,document);\n\/\/# sourceURL=https:\/\/distribution.audio-technica.eu\/de-de\/wp-includes\/js\/wp-embed.min.js\n\/* ]]> *\/\n<\/script>\n","thumbnail_url":"https:\/\/distribution.audio-technica.eu\/app\/uploads\/sites\/6\/1-_R018583_DPL_3.3_Seydel_LR-1024x576.png","thumbnail_width":1024,"thumbnail_height":576,"description":"Im Rahmen von drei Konzerten der Th\u00fcringen Philharmonie\u00a0lieferte der Martin Audio-Rentalpartner\u00a0Kotsch\u00a0Showtechnik aus\u00a0Nessetal\u00a0bei Gotha eine hochwertige Beschallungsl\u00f6sung zur originalgetreuen Wiedergabe der teilweise sehr anspruchsvollen klassischen Musik. Um den\u00a0Coronauflagen\u00a0gerecht zu werden, zog es die Th\u00fcringen Philharmonie f\u00fcr drei Abende in den wundersch\u00f6nen Hof des barocken Schloss Friedenstein in Gotha. Hier konnte unter Ber\u00fccksichtigung der Abstandsregeln\u00a0ein Barockabend, eine [&hellip;]"}

Im Rahmen von drei Konzerten der Thüringen Philharmonie lieferte der Martin Audio-Rentalpartner Kotsch Showtechnik aus Nessetal bei Gotha eine hochwertige Beschallungslösung zur originalgetreuen Wiedergabe der teilweise sehr anspruchsvollen klassischen Musik. Um den Coronauflagen gerecht zu werden, zog es die Thüringen Philharmonie für drei Abende in den wunderschönen Hof des barocken Schloss Friedenstein in Gotha. Hier konnte unter Berücksichtigung der Abstandsregeln ein Barockabend, eine [&hellip;]
