{"version":"1.0","provider_name":"Audio-Technica Iberia","provider_url":"https:\/\/distribution.audio-technica.eu\/es-es","title":"PRO9CW: un nuevo micr\u00f3fono inal\u00e1mbrico tipo diadema, resistente al sudor - Audio-Technica Iberia","type":"rich","width":600,"height":338,"html":"<blockquote class=\"wp-embedded-content\" data-secret=\"vgl0ZHrFMB\"><a href=\"https:\/\/distribution.audio-technica.eu\/es-es\/noticias\/pro9cw-nuevo-microfono-inalambrico\/\">PRO9CW: un nuevo micr\u00f3fono inal\u00e1mbrico tipo diadema, resistente al sudor<\/a><\/blockquote><iframe sandbox=\"allow-scripts\" security=\"restricted\" src=\"https:\/\/distribution.audio-technica.eu\/es-es\/noticias\/pro9cw-nuevo-microfono-inalambrico\/embed\/#?secret=vgl0ZHrFMB\" width=\"600\" height=\"338\" title=\"\u00abPRO9CW: un nuevo micr\u00f3fono inal\u00e1mbrico tipo diadema, resistente al sudor\u00bb \u2014 Audio-Technica Iberia\" data-secret=\"vgl0ZHrFMB\" frameborder=\"0\" marginwidth=\"0\" marginheight=\"0\" scrolling=\"no\" class=\"wp-embedded-content\"><\/iframe><script type=\"text\/javascript\">\n\/* <![CDATA[ *\/\n\/*! This file is auto-generated *\/\n!function(d,l){\"use strict\";l.querySelector&&d.addEventListener&&\"undefined\"!=typeof URL&&(d.wp=d.wp||{},d.wp.receiveEmbedMessage||(d.wp.receiveEmbedMessage=function(e){var t=e.data;if((t||t.secret||t.message||t.value)&&!\/[^a-zA-Z0-9]\/.test(t.secret)){for(var s,r,n,a=l.querySelectorAll('iframe[data-secret=\"'+t.secret+'\"]'),o=l.querySelectorAll('blockquote[data-secret=\"'+t.secret+'\"]'),c=new RegExp(\"^https?:$\",\"i\"),i=0;i<o.length;i++)o[i].style.display=\"none\";for(i=0;i<a.length;i++)s=a[i],e.source===s.contentWindow&&(s.removeAttribute(\"style\"),\"height\"===t.message?(1e3<(r=parseInt(t.value,10))?r=1e3:~~r<200&&(r=200),s.height=r):\"link\"===t.message&&(r=new URL(s.getAttribute(\"src\")),n=new URL(t.value),c.test(n.protocol))&&n.host===r.host&&l.activeElement===s&&(d.top.location.href=t.value))}},d.addEventListener(\"message\",d.wp.receiveEmbedMessage,!1),l.addEventListener(\"DOMContentLoaded\",function(){for(var e,t,s=l.querySelectorAll(\"iframe.wp-embedded-content\"),r=0;r<s.length;r++)(t=(e=s[r]).getAttribute(\"data-secret\"))||(t=Math.random().toString(36).substring(2,12),e.src+=\"#?secret=\"+t,e.setAttribute(\"data-secret\",t)),e.contentWindow.postMessage({message:\"ready\",secret:t},\"*\")},!1)))}(window,document);\n\/\/# sourceURL=https:\/\/distribution.audio-technica.eu\/es-es\/wp-includes\/js\/wp-embed.min.js\n\/* ]]> *\/\n<\/script>\n","thumbnail_url":"https:\/\/distribution.audio-technica.eu\/app\/uploads\/sites\/2\/NdP-AT-Pro9cW_wp.jpg","thumbnail_width":1500,"thumbnail_height":1027,"description":"Audio-Technica anuncia la disponibilidad inmediata del nuevo micr\u00f3fono inal\u00e1mbrico de condensador tipo diadema, pensado especialmente para ser utilizado en aplicaciones donde se precisa disponer de total libertad de movimiento en las manos, y que ofrece tambi\u00e9n resistencia al sudor. El Pro9CW es un micr\u00f3fono condensador tipo diadema, adecuado para ser utilizado con sistemas inal\u00e1mbricos Audio-Technica. [&hellip;]"}

PRO9CW: un nuevo micrófono inalámbrico tipo diadema, resistente al sudor - Audio-Technica Iberia

<blockquote class="wp-embedded-content" data-secret="vgl0ZHrFMB"><a href="https://distribution.audio-technica.eu/es-es/noticias/pro9cw-nuevo-microfono-inalambrico/">PRO9CW: un nuevo micrófono inalámbrico tipo diadema, resistente al sudor</a></blockquote><iframe sandbox="allow-scripts" security="restricted" src="https://distribution.audio-technica.eu/es-es/noticias/pro9cw-nuevo-microfono-inalambrico/embed/#?secret=vgl0ZHrFMB" width="600" height="338" title="«PRO9CW: un nuevo micrófono inalámbrico tipo diadema, resistente al sudor» — Audio-Technica Iberia" data-secret="vgl0ZHrFMB" frameborder="0" marginwidth="0" marginheight="0" scrolling="no" class="wp-embedded-content"></iframe><script type="text/javascript">
/* <![CDATA[ */
/*! This file is auto-generated */
!function(d,l){"use strict";l.querySelector&&d.addEventListener&&"undefined"!=typeof URL&&(d.wp=d.wp||{},d.wp.receiveEmbedMessage||(d.wp.receiveEmbedMessage=function(e){var t=e.data;if((t||t.secret||t.message||t.value)&&!/[^a-zA-Z0-9]/.test(t.secret)){for(var s,r,n,a=l.querySelectorAll('iframe[data-secret="'+t.secret+'"]'),o=l.querySelectorAll('blockquote[data-secret="'+t.secret+'"]'),c=new RegExp("^https?:$","i"),i=0;i<o.length;i++)o[i].style.display="none";for(i=0;i<a.length;i++)s=a[i],e.source===s.contentWindow&&(s.removeAttribute("style"),"height"===t.message?(1e3<(r=parseInt(t.value,10))?r=1e3:~~r<200&&(r=200),s.height=r):"link"===t.message&&(r=new URL(s.getAttribute("src")),n=new URL(t.value),c.test(n.protocol))&&n.host===r.host&&l.activeElement===s&&(d.top.location.href=t.value))}},d.addEventListener("message",d.wp.receiveEmbedMessage,!1),l.addEventListener("DOMContentLoaded",function(){for(var e,t,s=l.querySelectorAll("iframe.wp-embedded-content"),r=0;r<s.length;r++)(t=(e=s[r]).getAttribute("data-secret"))||(t=Math.random().toString(36).substring(2,12),e.src+="#?secret="+t,e.setAttribute("data-secret",t)),e.contentWindow.postMessage({message:"ready",secret:t},"*")},!1)))}(window,document);
//# sourceURL=https://distribution.audio-technica.eu/es-es/wp-includes/js/wp-embed.min.js
/* ]]> */
</script>

Audio-Technica anuncia la disponibilidad inmediata del nuevo micrófono inalámbrico de condensador tipo diadema, pensado especialmente para ser utilizado en aplicaciones donde se precisa disponer de total libertad de movimiento en las manos, y que ofrece también resistencia al sudor. El Pro9CW es un micrófono condensador tipo diadema, adecuado para ser utilizado con sistemas inalámbricos Audio-Technica. [&hellip;]
