{"version":"1.0","provider_name":"Audio-Technica Iberia","provider_url":"https:\/\/distribution.audio-technica.eu\/es-es","title":"Serie TX2 de Alto Professional, nueva serie de recintos autoamplificados - Audio-Technica Iberia","type":"rich","width":600,"height":338,"html":"<blockquote class=\"wp-embedded-content\" data-secret=\"pvb0wztZI0\"><a href=\"https:\/\/distribution.audio-technica.eu\/es-es\/noticias\/serie-tx2-alto-professional\/\">Serie TX2 de Alto Professional, nueva serie de recintos autoamplificados<\/a><\/blockquote><iframe sandbox=\"allow-scripts\" security=\"restricted\" src=\"https:\/\/distribution.audio-technica.eu\/es-es\/noticias\/serie-tx2-alto-professional\/embed\/#?secret=pvb0wztZI0\" width=\"600\" height=\"338\" title=\"\u00abSerie TX2 de Alto Professional, nueva serie de recintos autoamplificados\u00bb \u2014 Audio-Technica Iberia\" data-secret=\"pvb0wztZI0\" frameborder=\"0\" marginwidth=\"0\" marginheight=\"0\" scrolling=\"no\" class=\"wp-embedded-content\"><\/iframe><script type=\"text\/javascript\">\n\/* <![CDATA[ *\/\n\/*! This file is auto-generated *\/\n!function(d,l){\"use strict\";l.querySelector&&d.addEventListener&&\"undefined\"!=typeof URL&&(d.wp=d.wp||{},d.wp.receiveEmbedMessage||(d.wp.receiveEmbedMessage=function(e){var t=e.data;if((t||t.secret||t.message||t.value)&&!\/[^a-zA-Z0-9]\/.test(t.secret)){for(var s,r,n,a=l.querySelectorAll('iframe[data-secret=\"'+t.secret+'\"]'),o=l.querySelectorAll('blockquote[data-secret=\"'+t.secret+'\"]'),c=new RegExp(\"^https?:$\",\"i\"),i=0;i<o.length;i++)o[i].style.display=\"none\";for(i=0;i<a.length;i++)s=a[i],e.source===s.contentWindow&&(s.removeAttribute(\"style\"),\"height\"===t.message?(1e3<(r=parseInt(t.value,10))?r=1e3:~~r<200&&(r=200),s.height=r):\"link\"===t.message&&(r=new URL(s.getAttribute(\"src\")),n=new URL(t.value),c.test(n.protocol))&&n.host===r.host&&l.activeElement===s&&(d.top.location.href=t.value))}},d.addEventListener(\"message\",d.wp.receiveEmbedMessage,!1),l.addEventListener(\"DOMContentLoaded\",function(){for(var e,t,s=l.querySelectorAll(\"iframe.wp-embedded-content\"),r=0;r<s.length;r++)(t=(e=s[r]).getAttribute(\"data-secret\"))||(t=Math.random().toString(36).substring(2,12),e.src+=\"#?secret=\"+t,e.setAttribute(\"data-secret\",t)),e.contentWindow.postMessage({message:\"ready\",secret:t},\"*\")},!1)))}(window,document);\n\/\/# sourceURL=https:\/\/distribution.audio-technica.eu\/es-es\/wp-includes\/js\/wp-embed.min.js\n\/* ]]> *\/\n<\/script>\n","thumbnail_url":"https:\/\/distribution.audio-technica.eu\/app\/uploads\/sites\/2\/banner_TX2.jpg","thumbnail_width":640,"thumbnail_height":360,"description":"Sonido potente e impecable, un estilo elegante, y una bocina de nuevo dise\u00f1o que mejora su cobertura, son las se\u00f1as de identidad de esta nueva serie de altavoces autoamplificados capaces de afrontar con \u00e9xito cualquier situaci\u00f3n. Inspirada en la serie Truesonic, la Serie TX2 proporciona un sonido potente e impecable, combinado con un estilo elegante. [&hellip;]"}

Sonido potente e impecable, un estilo elegante, y una bocina de nuevo diseño que mejora su cobertura, son las señas de identidad de esta nueva serie de altavoces autoamplificados capaces de afrontar con éxito cualquier situación. Inspirada en la serie Truesonic, la Serie TX2 proporciona un sonido potente e impecable, combinado con un estilo elegante. [&hellip;]
