{"id":27347,"date":"2023-04-13T16:40:17","date_gmt":"2023-04-13T14:40:17","guid":{"rendered":"https:\/\/atdb-production.studiograft.dev\/es-es\/?page_id=27347"},"modified":"2023-04-13T16:48:18","modified_gmt":"2023-04-13T14:48:18","slug":"tecnologias-analogicas-audio-technica","status":"publish","type":"page","link":"https:\/\/distribution.audio-technica.eu\/es-es\/tecnologias-analogicas-audio-technica\/","title":{"rendered":"Tecnolog\u00edas Anal\u00f3gicas para Instalaci\u00f3n &#8211; Audio-Technica"},"content":{"rendered":"","protected":false},"excerpt":{"rendered":"","protected":false},"author":1,"featured_media":24081,"parent":0,"menu_order":0,"comment_status":"closed","ping_status":"closed","template":"template-flexible-content.php","meta":{"_acf_changed":false,"footnotes":""},"class_list":["post-27347","page","type-page","status-publish","has-post-thumbnail","hentry"],"acf":[],"yoast_head":"<!-- This site is optimized with the Yoast SEO plugin v27.1.1 - https:\/\/yoast.com\/product\/yoast-seo-wordpress\/ -->\n<title>Tecnolog\u00edas Anal\u00f3gicas para Instalaci\u00f3n - Audio-Technica - Audio-Technica Iberia -<\/title>\n<meta name=\"robots\" content=\"index, follow, max-snippet:-1, max-image-preview:large, max-video-preview:-1\" \/>\n<link rel=\"canonical\" href=\"https:\/\/distribution.audio-technica.eu\/es-es\/tecnologias-analogicas-audio-technica\/\" \/>\n<meta property=\"og:locale\" content=\"es_ES\" \/>\n<meta property=\"og:type\" content=\"article\" \/>\n<meta property=\"og:title\" content=\"Tecnolog\u00edas Anal\u00f3gicas para Instalaci\u00f3n - Audio-Technica - Audio-Technica Iberia -\" \/>\n<meta property=\"og:url\" content=\"https:\/\/distribution.audio-technica.eu\/es-es\/tecnologias-analogicas-audio-technica\/\" \/>\n<meta property=\"og:site_name\" content=\"Audio-Technica Iberia\" \/>\n<meta property=\"article:modified_time\" content=\"2023-04-13T14:48:18+00:00\" \/>\n<meta property=\"og:image\" content=\"https:\/\/distribution.audio-technica.eu\/app\/uploads\/sites\/2\/cabecera-inalambricas-audio-technica.jpg\" \/>\n\t<meta property=\"og:image:width\" content=\"1920\" \/>\n\t<meta property=\"og:image:height\" content=\"240\" \/>\n\t<meta property=\"og:image:type\" content=\"image\/jpeg\" \/>\n<meta name=\"twitter:card\" content=\"summary_large_image\" \/>\n<script type=\"application\/ld+json\" class=\"yoast-schema-graph\">{\"@context\":\"https:\/\/schema.org\",\"@graph\":[{\"@type\":\"WebPage\",\"@id\":\"https:\/\/distribution.audio-technica.eu\/es-es\/tecnologias-analogicas-audio-technica\/\",\"url\":\"https:\/\/distribution.audio-technica.eu\/es-es\/tecnologias-analogicas-audio-technica\/\",\"name\":\"Tecnolog\u00edas Anal\u00f3gicas para Instalaci\u00f3n - Audio-Technica - Audio-Technica Iberia -\",\"isPartOf\":{\"@id\":\"https:\/\/distribution.audio-technica.eu\/es-es\/#website\"},\"primaryImageOfPage\":{\"@id\":\"https:\/\/distribution.audio-technica.eu\/es-es\/tecnologias-analogicas-audio-technica\/#primaryimage\"},\"image\":{\"@id\":\"https:\/\/distribution.audio-technica.eu\/es-es\/tecnologias-analogicas-audio-technica\/#primaryimage\"},\"thumbnailUrl\":\"\/app\/uploads\/sites\/2\/cabecera-inalambricas-audio-technica.jpg\",\"datePublished\":\"2023-04-13T14:40:17+00:00\",\"dateModified\":\"2023-04-13T14:48:18+00:00\",\"breadcrumb\":{\"@id\":\"https:\/\/distribution.audio-technica.eu\/es-es\/tecnologias-analogicas-audio-technica\/#breadcrumb\"},\"inLanguage\":\"es\",\"potentialAction\":[{\"@type\":\"ReadAction\",\"target\":[\"https:\/\/distribution.audio-technica.eu\/es-es\/tecnologias-analogicas-audio-technica\/\"]}]},{\"@type\":\"ImageObject\",\"inLanguage\":\"es\",\"@id\":\"https:\/\/distribution.audio-technica.eu\/es-es\/tecnologias-analogicas-audio-technica\/#primaryimage\",\"url\":\"\/app\/uploads\/sites\/2\/cabecera-inalambricas-audio-technica.jpg\",\"contentUrl\":\"\/app\/uploads\/sites\/2\/cabecera-inalambricas-audio-technica.jpg\",\"width\":1920,\"height\":240},{\"@type\":\"BreadcrumbList\",\"@id\":\"https:\/\/distribution.audio-technica.eu\/es-es\/tecnologias-analogicas-audio-technica\/#breadcrumb\",\"itemListElement\":[{\"@type\":\"ListItem\",\"position\":1,\"name\":\"Products\",\"item\":\"https:\/\/distribution.audio-technica.eu\/es-es\/\"},{\"@type\":\"ListItem\",\"position\":2,\"name\":\"Tecnolog\u00edas Anal\u00f3gicas para Instalaci\u00f3n &#8211; Audio-Technica\"}]},{\"@type\":\"WebSite\",\"@id\":\"https:\/\/distribution.audio-technica.eu\/es-es\/#website\",\"url\":\"https:\/\/distribution.audio-technica.eu\/es-es\/\",\"name\":\"Audio-Technica Iberia\",\"description\":\"Distribuci\u00f3n\",\"potentialAction\":[{\"@type\":\"SearchAction\",\"target\":{\"@type\":\"EntryPoint\",\"urlTemplate\":\"https:\/\/distribution.audio-technica.eu\/es-es\/?s={search_term_string}\"},\"query-input\":{\"@type\":\"PropertyValueSpecification\",\"valueRequired\":true,\"valueName\":\"search_term_string\"}}],\"inLanguage\":\"es\"}]}<\/script>\n<!-- \/ Yoast SEO plugin. -->","yoast_head_json":{"title":"Tecnolog\u00edas Anal\u00f3gicas para Instalaci\u00f3n - Audio-Technica - Audio-Technica Iberia -","robots":{"index":"index","follow":"follow","max-snippet":"max-snippet:-1","max-image-preview":"max-image-preview:large","max-video-preview":"max-video-preview:-1"},"canonical":"https:\/\/distribution.audio-technica.eu\/es-es\/tecnologias-analogicas-audio-technica\/","og_locale":"es_ES","og_type":"article","og_title":"Tecnolog\u00edas Anal\u00f3gicas para Instalaci\u00f3n - Audio-Technica - Audio-Technica Iberia -","og_url":"https:\/\/distribution.audio-technica.eu\/es-es\/tecnologias-analogicas-audio-technica\/","og_site_name":"Audio-Technica Iberia","article_modified_time":"2023-04-13T14:48:18+00:00","og_image":[{"width":1920,"height":240,"url":"https:\/\/distribution.audio-technica.eu\/app\/uploads\/sites\/2\/cabecera-inalambricas-audio-technica.jpg","type":"image\/jpeg"}],"twitter_card":"summary_large_image","schema":{"@context":"https:\/\/schema.org","@graph":[{"@type":"WebPage","@id":"https:\/\/distribution.audio-technica.eu\/es-es\/tecnologias-analogicas-audio-technica\/","url":"https:\/\/distribution.audio-technica.eu\/es-es\/tecnologias-analogicas-audio-technica\/","name":"Tecnolog\u00edas Anal\u00f3gicas para Instalaci\u00f3n - Audio-Technica - Audio-Technica Iberia -","isPartOf":{"@id":"https:\/\/distribution.audio-technica.eu\/es-es\/#website"},"primaryImageOfPage":{"@id":"https:\/\/distribution.audio-technica.eu\/es-es\/tecnologias-analogicas-audio-technica\/#primaryimage"},"image":{"@id":"https:\/\/distribution.audio-technica.eu\/es-es\/tecnologias-analogicas-audio-technica\/#primaryimage"},"thumbnailUrl":"\/app\/uploads\/sites\/2\/cabecera-inalambricas-audio-technica.jpg","datePublished":"2023-04-13T14:40:17+00:00","dateModified":"2023-04-13T14:48:18+00:00","breadcrumb":{"@id":"https:\/\/distribution.audio-technica.eu\/es-es\/tecnologias-analogicas-audio-technica\/#breadcrumb"},"inLanguage":"es","potentialAction":[{"@type":"ReadAction","target":["https:\/\/distribution.audio-technica.eu\/es-es\/tecnologias-analogicas-audio-technica\/"]}]},{"@type":"ImageObject","inLanguage":"es","@id":"https:\/\/distribution.audio-technica.eu\/es-es\/tecnologias-analogicas-audio-technica\/#primaryimage","url":"\/app\/uploads\/sites\/2\/cabecera-inalambricas-audio-technica.jpg","contentUrl":"\/app\/uploads\/sites\/2\/cabecera-inalambricas-audio-technica.jpg","width":1920,"height":240},{"@type":"BreadcrumbList","@id":"https:\/\/distribution.audio-technica.eu\/es-es\/tecnologias-analogicas-audio-technica\/#breadcrumb","itemListElement":[{"@type":"ListItem","position":1,"name":"Products","item":"https:\/\/distribution.audio-technica.eu\/es-es\/"},{"@type":"ListItem","position":2,"name":"Tecnolog\u00edas Anal\u00f3gicas para Instalaci\u00f3n &#8211; Audio-Technica"}]},{"@type":"WebSite","@id":"https:\/\/distribution.audio-technica.eu\/es-es\/#website","url":"https:\/\/distribution.audio-technica.eu\/es-es\/","name":"Audio-Technica Iberia","description":"Distribuci\u00f3n","potentialAction":[{"@type":"SearchAction","target":{"@type":"EntryPoint","urlTemplate":"https:\/\/distribution.audio-technica.eu\/es-es\/?s={search_term_string}"},"query-input":{"@type":"PropertyValueSpecification","valueRequired":true,"valueName":"search_term_string"}}],"inLanguage":"es"}]}},"_links":{"self":[{"href":"https:\/\/distribution.audio-technica.eu\/es-es\/wp-json\/wp\/v2\/pages\/27347","targetHints":{"allow":["GET"]}}],"collection":[{"href":"https:\/\/distribution.audio-technica.eu\/es-es\/wp-json\/wp\/v2\/pages"}],"about":[{"href":"https:\/\/distribution.audio-technica.eu\/es-es\/wp-json\/wp\/v2\/types\/page"}],"author":[{"embeddable":true,"href":"https:\/\/distribution.audio-technica.eu\/es-es\/wp-json\/wp\/v2\/users\/1"}],"replies":[{"embeddable":true,"href":"https:\/\/distribution.audio-technica.eu\/es-es\/wp-json\/wp\/v2\/comments?post=27347"}],"version-history":[{"count":4,"href":"https:\/\/distribution.audio-technica.eu\/es-es\/wp-json\/wp\/v2\/pages\/27347\/revisions"}],"predecessor-version":[{"id":27352,"href":"https:\/\/distribution.audio-technica.eu\/es-es\/wp-json\/wp\/v2\/pages\/27347\/revisions\/27352"}],"wp:featuredmedia":[{"embeddable":true,"href":"https:\/\/distribution.audio-technica.eu\/es-es\/wp-json\/wp\/v2\/media\/24081"}],"wp:attachment":[{"href":"https:\/\/distribution.audio-technica.eu\/es-es\/wp-json\/wp\/v2\/media?parent=27347"}],"curies":[{"name":"wp","href":"https:\/\/api.w.org\/{rel}","templated":true}]}}

Tecnologías Analógicas para Instalación &#8211; Audio-Technica

<!-- This site is optimized with the Yoast SEO plugin v27.1.1 - https://yoast.com/product/yoast-seo-wordpress/ -->
<title>Tecnologías Analógicas para Instalación - Audio-Technica - Audio-Technica Iberia -</title>
<meta name="robots" content="index, follow, max-snippet:-1, max-image-preview:large, max-video-preview:-1" />
<link rel="canonical" href="https://distribution.audio-technica.eu/es-es/tecnologias-analogicas-audio-technica/" />
<meta property="og:locale" content="es_ES" />
<meta property="og:type" content="article" />
<meta property="og:title" content="Tecnologías Analógicas para Instalación - Audio-Technica - Audio-Technica Iberia -" />
<meta property="og:url" content="https://distribution.audio-technica.eu/es-es/tecnologias-analogicas-audio-technica/" />
<meta property="og:site_name" content="Audio-Technica Iberia" />
<meta property="article:modified_time" content="2023-04-13T14:48:18+00:00" />
<meta property="og:image" content="https://distribution.audio-technica.eu/app/uploads/sites/2/cabecera-inalambricas-audio-technica.jpg" />
	<meta property="og:image:width" content="1920" />
	<meta property="og:image:height" content="240" />
	<meta property="og:image:type" content="image/jpeg" />
<meta name="twitter:card" content="summary_large_image" />
<script type="application/ld+json" class="yoast-schema-graph">{"@context":"https://schema.org","@graph":[{"@type":"WebPage","@id":"https://distribution.audio-technica.eu/es-es/tecnologias-analogicas-audio-technica/","url":"https://distribution.audio-technica.eu/es-es/tecnologias-analogicas-audio-technica/","name":"Tecnologías Analógicas para Instalación - Audio-Technica - Audio-Technica Iberia -","isPartOf":{"@id":"https://distribution.audio-technica.eu/es-es/#website"},"primaryImageOfPage":{"@id":"https://distribution.audio-technica.eu/es-es/tecnologias-analogicas-audio-technica/#primaryimage"},"image":{"@id":"https://distribution.audio-technica.eu/es-es/tecnologias-analogicas-audio-technica/#primaryimage"},"thumbnailUrl":"/app/uploads/sites/2/cabecera-inalambricas-audio-technica.jpg","datePublished":"2023-04-13T14:40:17+00:00","dateModified":"2023-04-13T14:48:18+00:00","breadcrumb":{"@id":"https://distribution.audio-technica.eu/es-es/tecnologias-analogicas-audio-technica/#breadcrumb"},"inLanguage":"es","potentialAction":[{"@type":"ReadAction","target":["https://distribution.audio-technica.eu/es-es/tecnologias-analogicas-audio-technica/"]}]},{"@type":"ImageObject","inLanguage":"es","@id":"https://distribution.audio-technica.eu/es-es/tecnologias-analogicas-audio-technica/#primaryimage","url":"/app/uploads/sites/2/cabecera-inalambricas-audio-technica.jpg","contentUrl":"/app/uploads/sites/2/cabecera-inalambricas-audio-technica.jpg","width":1920,"height":240},{"@type":"BreadcrumbList","@id":"https://distribution.audio-technica.eu/es-es/tecnologias-analogicas-audio-technica/#breadcrumb","itemListElement":[{"@type":"ListItem","position":1,"name":"Products","item":"https://distribution.audio-technica.eu/es-es/"},{"@type":"ListItem","position":2,"name":"Tecnologías Analógicas para Instalación &#8211; Audio-Technica"}]},{"@type":"WebSite","@id":"https://distribution.audio-technica.eu/es-es/#website","url":"https://distribution.audio-technica.eu/es-es/","name":"Audio-Technica Iberia","description":"Distribución","potentialAction":[{"@type":"SearchAction","target":{"@type":"EntryPoint","urlTemplate":"https://distribution.audio-technica.eu/es-es/?s={search_term_string}"},"query-input":{"@type":"PropertyValueSpecification","valueRequired":true,"valueName":"search_term_string"}}],"inLanguage":"es"}]}</script>
<!-- / Yoast SEO plugin. -->

Tecnologías Analógicas para Instalación - Audio-Technica - Audio-Technica Iberia -

Distribución
