{"id":13720,"date":"2018-07-12T14:28:15","date_gmt":"2018-07-12T12:28:15","guid":{"rendered":"https:\/\/atdb-production.studiograft.dev\/es\/product\/import-placeholder-for-758\/"},"modified":"2023-09-19T11:09:07","modified_gmt":"2023-09-19T09:09:07","slug":"pl-12","status":"publish","type":"product","link":"https:\/\/distribution.audio-technica.eu\/es-es\/productos\/pl-12\/","title":{"rendered":"PL-12"},"content":{"rendered":"<h2>PL-12<\/h2>\n<h3>Panel de pared con receptor IR para selecci\u00f3n de fuente para GR2.<\/h3>\n<p>El PL-12 es controlador remoto\u2018inteligente\u2019 que proporciona control local a usuarios no t\u00e9cnicos de la selecci\u00f3n de fuente y nivel de audio. El PL12 puede controlar las dos salidas de zona del GR2, o un PL-12 para cada salida de zona.<br \/>\nEl control remoto por IRPL-5 permite controlar el PL-12 inal\u00e1mbricamente a\u00f1adiendo funciones adicionales como la memorizaci\u00f3n\/recuperaci\u00f3n de 4 presets de fuente de sonido\/nivel. ElPL-5 dispone de14 botones programables por el usuarios.<\/p>\n<\/div>\n<\/div>\n","protected":false},"excerpt":{"rendered":"<h3>Panel de pared con receptor IR para selecci\u00f3n de fuente para GR2.<\/h3>\n<ul class='summary'>\n<li>Recibe comandos procedentes del mando a distancia por IR PL-5<\/li>\n<li>Conexionado mediante CAT5 al GR2<\/li>\n<li>Selecci\u00f3n de fuente y nivel<\/li>\n<\/ul>\n","protected":false},"featured_media":9465,"template":"","meta":{"_acf_changed":false},"product_brand":[],"product_cat":[1501,1490,1502],"product_tag":[],"class_list":{"0":"post-13720","1":"product","2":"type-product","3":"status-publish","4":"has-post-thumbnail","6":"product_cat-paneles-de-control","7":"product_cat-por-series-allen-heath","8":"product_cat-serie-pl","9":"product_series-serie-pl","11":"first","12":"instock","13":"shipping-taxable","14":"product-type-simple"},"acf":[],"yoast_head":"<!-- This site is optimized with the Yoast SEO plugin v27.1.1 - https:\/\/yoast.com\/product\/yoast-seo-wordpress\/ -->\n<title>PL-12 - Audio-Technica Iberia<\/title>\n<meta name=\"robots\" content=\"index, follow, max-snippet:-1, max-image-preview:large, max-video-preview:-1\" \/>\n<link rel=\"canonical\" href=\"https:\/\/distribution.audio-technica.eu\/es-es\/productos\/pl-12\/\" \/>\n<meta property=\"og:locale\" content=\"es_ES\" \/>\n<meta property=\"og:type\" content=\"article\" \/>\n<meta property=\"og:title\" content=\"PL-12 - Audio-Technica Iberia\" \/>\n<meta property=\"og:description\" content=\"Panel de pared con receptor IR para selecci\u00f3n de fuente para GR2.Recibe comandos procedentes del mando a distancia por IR PL-5Conexionado mediante CAT5 al GR2Selecci\u00f3n de fuente y nivel\" \/>\n<meta property=\"og:url\" content=\"https:\/\/distribution.audio-technica.eu\/es-es\/productos\/pl-12\/\" \/>\n<meta property=\"og:site_name\" content=\"Audio-Technica Iberia\" \/>\n<meta property=\"article:modified_time\" content=\"2023-09-19T09:09:07+00:00\" \/>\n<meta property=\"og:image\" content=\"https:\/\/distribution.audio-technica.eu\/app\/uploads\/sites\/2\/Allen-Heath-PL-12-1.jpg\" \/>\n\t<meta property=\"og:image:width\" content=\"1000\" \/>\n\t<meta property=\"og:image:height\" content=\"1000\" \/>\n\t<meta property=\"og:image:type\" content=\"image\/jpeg\" \/>\n<meta name=\"twitter:card\" content=\"summary_large_image\" \/>\n<script type=\"application\/ld+json\" class=\"yoast-schema-graph\">{\"@context\":\"https:\/\/schema.org\",\"@graph\":[{\"@type\":\"WebPage\",\"@id\":\"https:\/\/distribution.audio-technica.eu\/es-es\/productos\/pl-12\/\",\"url\":\"https:\/\/distribution.audio-technica.eu\/es-es\/productos\/pl-12\/\",\"name\":\"PL-12 - Audio-Technica Iberia\",\"isPartOf\":{\"@id\":\"https:\/\/distribution.audio-technica.eu\/es-es\/#website\"},\"primaryImageOfPage\":{\"@id\":\"https:\/\/distribution.audio-technica.eu\/es-es\/productos\/pl-12\/#primaryimage\"},\"image\":{\"@id\":\"https:\/\/distribution.audio-technica.eu\/es-es\/productos\/pl-12\/#primaryimage\"},\"thumbnailUrl\":\"\/app\/uploads\/sites\/2\/Allen-Heath-PL-12-1.jpg\",\"datePublished\":\"2018-07-12T12:28:15+00:00\",\"dateModified\":\"2023-09-19T09:09:07+00:00\",\"breadcrumb\":{\"@id\":\"https:\/\/distribution.audio-technica.eu\/es-es\/productos\/pl-12\/#breadcrumb\"},\"inLanguage\":\"es\",\"potentialAction\":[{\"@type\":\"ReadAction\",\"target\":[\"https:\/\/distribution.audio-technica.eu\/es-es\/productos\/pl-12\/\"]}]},{\"@type\":\"ImageObject\",\"inLanguage\":\"es\",\"@id\":\"https:\/\/distribution.audio-technica.eu\/es-es\/productos\/pl-12\/#primaryimage\",\"url\":\"\/app\/uploads\/sites\/2\/Allen-Heath-PL-12-1.jpg\",\"contentUrl\":\"\/app\/uploads\/sites\/2\/Allen-Heath-PL-12-1.jpg\",\"width\":1000,\"height\":1000},{\"@type\":\"BreadcrumbList\",\"@id\":\"https:\/\/distribution.audio-technica.eu\/es-es\/productos\/pl-12\/#breadcrumb\",\"itemListElement\":[{\"@type\":\"ListItem\",\"position\":1,\"name\":\"Products\",\"item\":\"https:\/\/distribution.audio-technica.eu\/es-es\/\"},{\"@type\":\"ListItem\",\"position\":2,\"name\":\"Productos\",\"item\":\"https:\/\/distribution.audio-technica.eu\/es-es\/productos\/\"},{\"@type\":\"ListItem\",\"position\":3,\"name\":\"PL-12\"}]},{\"@type\":\"WebSite\",\"@id\":\"https:\/\/distribution.audio-technica.eu\/es-es\/#website\",\"url\":\"https:\/\/distribution.audio-technica.eu\/es-es\/\",\"name\":\"Audio-Technica Iberia\",\"description\":\"Distribuci\u00f3n\",\"potentialAction\":[{\"@type\":\"SearchAction\",\"target\":{\"@type\":\"EntryPoint\",\"urlTemplate\":\"https:\/\/distribution.audio-technica.eu\/es-es\/?s={search_term_string}\"},\"query-input\":{\"@type\":\"PropertyValueSpecification\",\"valueRequired\":true,\"valueName\":\"search_term_string\"}}],\"inLanguage\":\"es\"}]}<\/script>\n<!-- \/ Yoast SEO plugin. -->","yoast_head_json":{"title":"PL-12 - Audio-Technica Iberia","robots":{"index":"index","follow":"follow","max-snippet":"max-snippet:-1","max-image-preview":"max-image-preview:large","max-video-preview":"max-video-preview:-1"},"canonical":"https:\/\/distribution.audio-technica.eu\/es-es\/productos\/pl-12\/","og_locale":"es_ES","og_type":"article","og_title":"PL-12 - Audio-Technica Iberia","og_description":"Panel de pared con receptor IR para selecci\u00f3n de fuente para GR2.Recibe comandos procedentes del mando a distancia por IR PL-5Conexionado mediante CAT5 al GR2Selecci\u00f3n de fuente y nivel","og_url":"https:\/\/distribution.audio-technica.eu\/es-es\/productos\/pl-12\/","og_site_name":"Audio-Technica Iberia","article_modified_time":"2023-09-19T09:09:07+00:00","og_image":[{"width":1000,"height":1000,"url":"https:\/\/distribution.audio-technica.eu\/app\/uploads\/sites\/2\/Allen-Heath-PL-12-1.jpg","type":"image\/jpeg"}],"twitter_card":"summary_large_image","schema":{"@context":"https:\/\/schema.org","@graph":[{"@type":"WebPage","@id":"https:\/\/distribution.audio-technica.eu\/es-es\/productos\/pl-12\/","url":"https:\/\/distribution.audio-technica.eu\/es-es\/productos\/pl-12\/","name":"PL-12 - Audio-Technica Iberia","isPartOf":{"@id":"https:\/\/distribution.audio-technica.eu\/es-es\/#website"},"primaryImageOfPage":{"@id":"https:\/\/distribution.audio-technica.eu\/es-es\/productos\/pl-12\/#primaryimage"},"image":{"@id":"https:\/\/distribution.audio-technica.eu\/es-es\/productos\/pl-12\/#primaryimage"},"thumbnailUrl":"\/app\/uploads\/sites\/2\/Allen-Heath-PL-12-1.jpg","datePublished":"2018-07-12T12:28:15+00:00","dateModified":"2023-09-19T09:09:07+00:00","breadcrumb":{"@id":"https:\/\/distribution.audio-technica.eu\/es-es\/productos\/pl-12\/#breadcrumb"},"inLanguage":"es","potentialAction":[{"@type":"ReadAction","target":["https:\/\/distribution.audio-technica.eu\/es-es\/productos\/pl-12\/"]}]},{"@type":"ImageObject","inLanguage":"es","@id":"https:\/\/distribution.audio-technica.eu\/es-es\/productos\/pl-12\/#primaryimage","url":"\/app\/uploads\/sites\/2\/Allen-Heath-PL-12-1.jpg","contentUrl":"\/app\/uploads\/sites\/2\/Allen-Heath-PL-12-1.jpg","width":1000,"height":1000},{"@type":"BreadcrumbList","@id":"https:\/\/distribution.audio-technica.eu\/es-es\/productos\/pl-12\/#breadcrumb","itemListElement":[{"@type":"ListItem","position":1,"name":"Products","item":"https:\/\/distribution.audio-technica.eu\/es-es\/"},{"@type":"ListItem","position":2,"name":"Productos","item":"https:\/\/distribution.audio-technica.eu\/es-es\/productos\/"},{"@type":"ListItem","position":3,"name":"PL-12"}]},{"@type":"WebSite","@id":"https:\/\/distribution.audio-technica.eu\/es-es\/#website","url":"https:\/\/distribution.audio-technica.eu\/es-es\/","name":"Audio-Technica Iberia","description":"Distribuci\u00f3n","potentialAction":[{"@type":"SearchAction","target":{"@type":"EntryPoint","urlTemplate":"https:\/\/distribution.audio-technica.eu\/es-es\/?s={search_term_string}"},"query-input":{"@type":"PropertyValueSpecification","valueRequired":true,"valueName":"search_term_string"}}],"inLanguage":"es"}]}},"_links":{"self":[{"href":"https:\/\/distribution.audio-technica.eu\/es-es\/wp-json\/wp\/v2\/product\/13720","targetHints":{"allow":["GET"]}}],"collection":[{"href":"https:\/\/distribution.audio-technica.eu\/es-es\/wp-json\/wp\/v2\/product"}],"about":[{"href":"https:\/\/distribution.audio-technica.eu\/es-es\/wp-json\/wp\/v2\/types\/product"}],"wp:featuredmedia":[{"embeddable":true,"href":"https:\/\/distribution.audio-technica.eu\/es-es\/wp-json\/wp\/v2\/media\/9465"}],"wp:attachment":[{"href":"https:\/\/distribution.audio-technica.eu\/es-es\/wp-json\/wp\/v2\/media?parent=13720"}],"wp:term":[{"taxonomy":"product_brand","embeddable":true,"href":"https:\/\/distribution.audio-technica.eu\/es-es\/wp-json\/wp\/v2\/product_brand?post=13720"},{"taxonomy":"product_cat","embeddable":true,"href":"https:\/\/distribution.audio-technica.eu\/es-es\/wp-json\/wp\/v2\/product_cat?post=13720"},{"taxonomy":"product_tag","embeddable":true,"href":"https:\/\/distribution.audio-technica.eu\/es-es\/wp-json\/wp\/v2\/product_tag?post=13720"}],"curies":[{"name":"wp","href":"https:\/\/api.w.org\/{rel}","templated":true}]}}

<h2>PL-12</h2>
<h3>Panel de pared con receptor IR para selección de fuente para GR2.</h3>
<p>El PL-12 es controlador remoto‘inteligente’ que proporciona control local a usuarios no técnicos de la selección de fuente y nivel de audio. El PL12 puede controlar las dos salidas de zona del GR2, o un PL-12 para cada salida de zona.<br />
El control remoto por IRPL-5 permite controlar el PL-12 inalámbricamente añadiendo funciones adicionales como la memorización/recuperación de 4 presets de fuente de sonido/nivel. ElPL-5 dispone de14 botones programables por el usuarios.</p>
</div>
</div>

<h3>Panel de pared con receptor IR para selección de fuente para GR2.</h3>
<ul class='summary'>
<li>Recibe comandos procedentes del mando a distancia por IR PL-5</li>
<li>Conexionado mediante CAT5 al GR2</li>
<li>Selección de fuente y nivel</li>
</ul>

<!-- This site is optimized with the Yoast SEO plugin v27.1.1 - https://yoast.com/product/yoast-seo-wordpress/ -->
<title>PL-12 - Audio-Technica Iberia</title>
<meta name="robots" content="index, follow, max-snippet:-1, max-image-preview:large, max-video-preview:-1" />
<link rel="canonical" href="https://distribution.audio-technica.eu/es-es/productos/pl-12/" />
<meta property="og:locale" content="es_ES" />
<meta property="og:type" content="article" />
<meta property="og:title" content="PL-12 - Audio-Technica Iberia" />
<meta property="og:description" content="Panel de pared con receptor IR para selección de fuente para GR2.Recibe comandos procedentes del mando a distancia por IR PL-5Conexionado mediante CAT5 al GR2Selección de fuente y nivel" />
<meta property="og:url" content="https://distribution.audio-technica.eu/es-es/productos/pl-12/" />
<meta property="og:site_name" content="Audio-Technica Iberia" />
<meta property="article:modified_time" content="2023-09-19T09:09:07+00:00" />
<meta property="og:image" content="https://distribution.audio-technica.eu/app/uploads/sites/2/Allen-Heath-PL-12-1.jpg" />
	<meta property="og:image:width" content="1000" />
	<meta property="og:image:height" content="1000" />
	<meta property="og:image:type" content="image/jpeg" />
<meta name="twitter:card" content="summary_large_image" />
<script type="application/ld+json" class="yoast-schema-graph">{"@context":"https://schema.org","@graph":[{"@type":"WebPage","@id":"https://distribution.audio-technica.eu/es-es/productos/pl-12/","url":"https://distribution.audio-technica.eu/es-es/productos/pl-12/","name":"PL-12 - Audio-Technica Iberia","isPartOf":{"@id":"https://distribution.audio-technica.eu/es-es/#website"},"primaryImageOfPage":{"@id":"https://distribution.audio-technica.eu/es-es/productos/pl-12/#primaryimage"},"image":{"@id":"https://distribution.audio-technica.eu/es-es/productos/pl-12/#primaryimage"},"thumbnailUrl":"/app/uploads/sites/2/Allen-Heath-PL-12-1.jpg","datePublished":"2018-07-12T12:28:15+00:00","dateModified":"2023-09-19T09:09:07+00:00","breadcrumb":{"@id":"https://distribution.audio-technica.eu/es-es/productos/pl-12/#breadcrumb"},"inLanguage":"es","potentialAction":[{"@type":"ReadAction","target":["https://distribution.audio-technica.eu/es-es/productos/pl-12/"]}]},{"@type":"ImageObject","inLanguage":"es","@id":"https://distribution.audio-technica.eu/es-es/productos/pl-12/#primaryimage","url":"/app/uploads/sites/2/Allen-Heath-PL-12-1.jpg","contentUrl":"/app/uploads/sites/2/Allen-Heath-PL-12-1.jpg","width":1000,"height":1000},{"@type":"BreadcrumbList","@id":"https://distribution.audio-technica.eu/es-es/productos/pl-12/#breadcrumb","itemListElement":[{"@type":"ListItem","position":1,"name":"Products","item":"https://distribution.audio-technica.eu/es-es/"},{"@type":"ListItem","position":2,"name":"Productos","item":"https://distribution.audio-technica.eu/es-es/productos/"},{"@type":"ListItem","position":3,"name":"PL-12"}]},{"@type":"WebSite","@id":"https://distribution.audio-technica.eu/es-es/#website","url":"https://distribution.audio-technica.eu/es-es/","name":"Audio-Technica Iberia","description":"Distribución","potentialAction":[{"@type":"SearchAction","target":{"@type":"EntryPoint","urlTemplate":"https://distribution.audio-technica.eu/es-es/?s={search_term_string}"},"query-input":{"@type":"PropertyValueSpecification","valueRequired":true,"valueName":"search_term_string"}}],"inLanguage":"es"}]}</script>
<!-- / Yoast SEO plugin. -->

Panel de pared con receptor IR para selección de fuente para GR2.Recibe comandos procedentes del mando a distancia por IR PL-5Conexionado mediante CAT5 al GR2Selección de fuente y nivel

Distribución
