{"id":13982,"date":"2018-07-12T14:30:23","date_gmt":"2018-07-12T12:30:23","guid":{"rendered":"https:\/\/atdb-production.studiograft.dev\/es\/product\/import-placeholder-for-1058\/"},"modified":"2026-02-19T14:53:40","modified_gmt":"2026-02-19T13:53:40","slug":"soportes","status":"publish","type":"product","link":"https:\/\/distribution.audio-technica.eu\/es-es\/productos\/soportes\/","title":{"rendered":"Soportes"},"content":{"rendered":"<h2>Soportes<\/h2>\n<h3>Soportes y accesorios para recintos genelec<\/h3>\n<p>Consulte nuestro cat\u00e1logo completo de soportes y accesorios para todos los modelos de Genelec que encontrar\u00e1 en la pesta\u00f1a <strong>Descargas<\/strong> de esta misma p\u00e1gina,<\/p>\n","protected":false},"excerpt":{"rendered":"<h3>Soportes y accesorios para recintos Genelec<\/h3>\n<ul class=\"summary\">\n<li>Amplia gama de soluciones<\/li>\n<li>Dise\u00f1o cuidado y alta calidad de construcci\u00f3n<\/li>\n<li>Consulte cat\u00e1logo en el apartado SOPORTE<\/li>\n<\/ul>\n","protected":false},"featured_media":11034,"template":"","meta":{"_acf_changed":false},"product_brand":[],"product_cat":[1394,1397,1399,1395,1400],"product_tag":[],"class_list":{"0":"post-13982","1":"product","2":"type-product","3":"status-publish","4":"has-post-thumbnail","6":"product_cat-monitores-de-estudio","7":"product_cat-recintos-autoamplificados-para-instalacion","8":"product_cat-soportes-para-altavoces","9":"product_cat-por-series-genelec","10":"product_cat-accesorios-por-series-genelec","12":"first","13":"instock","14":"shipping-taxable","15":"product-type-simple"},"acf":[],"yoast_head":"<!-- This site is optimized with the Yoast SEO plugin v27.1.1 - https:\/\/yoast.com\/product\/yoast-seo-wordpress\/ -->\n<title>Soportes - Audio-Technica Iberia<\/title>\n<meta name=\"robots\" content=\"index, follow, max-snippet:-1, max-image-preview:large, max-video-preview:-1\" \/>\n<link rel=\"canonical\" href=\"https:\/\/distribution.audio-technica.eu\/es-es\/productos\/soportes\/\" \/>\n<meta property=\"og:locale\" content=\"es_ES\" \/>\n<meta property=\"og:type\" content=\"article\" \/>\n<meta property=\"og:title\" content=\"Soportes - Audio-Technica Iberia\" \/>\n<meta property=\"og:description\" content=\"Soportes y accesorios para recintos Genelec   Amplia gama de soluciones  Dise\u00f1o cuidado y alta calidad de construcci\u00f3n  Consulte cat\u00e1logo en el apartado SOPORTE\" \/>\n<meta property=\"og:url\" content=\"https:\/\/distribution.audio-technica.eu\/es-es\/productos\/soportes\/\" \/>\n<meta property=\"og:site_name\" content=\"Audio-Technica Iberia\" \/>\n<meta property=\"article:modified_time\" content=\"2026-02-19T13:53:40+00:00\" \/>\n<meta property=\"og:image\" content=\"https:\/\/distribution.audio-technica.eu\/app\/uploads\/sites\/2\/Genelec-Soportes-1.jpg\" \/>\n\t<meta property=\"og:image:width\" content=\"800\" \/>\n\t<meta property=\"og:image:height\" content=\"667\" \/>\n\t<meta property=\"og:image:type\" content=\"image\/jpeg\" \/>\n<meta name=\"twitter:card\" content=\"summary_large_image\" \/>\n<meta name=\"twitter:label1\" content=\"Tiempo de lectura\" \/>\n\t<meta name=\"twitter:data1\" content=\"1 minuto\" \/>\n<script type=\"application\/ld+json\" class=\"yoast-schema-graph\">{\"@context\":\"https:\/\/schema.org\",\"@graph\":[{\"@type\":\"WebPage\",\"@id\":\"https:\/\/distribution.audio-technica.eu\/es-es\/productos\/soportes\/\",\"url\":\"https:\/\/distribution.audio-technica.eu\/es-es\/productos\/soportes\/\",\"name\":\"Soportes - Audio-Technica Iberia\",\"isPartOf\":{\"@id\":\"https:\/\/distribution.audio-technica.eu\/es-es\/#website\"},\"primaryImageOfPage\":{\"@id\":\"https:\/\/distribution.audio-technica.eu\/es-es\/productos\/soportes\/#primaryimage\"},\"image\":{\"@id\":\"https:\/\/distribution.audio-technica.eu\/es-es\/productos\/soportes\/#primaryimage\"},\"thumbnailUrl\":\"\/app\/uploads\/sites\/2\/Genelec-Soportes-1.jpg\",\"datePublished\":\"2018-07-12T12:30:23+00:00\",\"dateModified\":\"2026-02-19T13:53:40+00:00\",\"breadcrumb\":{\"@id\":\"https:\/\/distribution.audio-technica.eu\/es-es\/productos\/soportes\/#breadcrumb\"},\"inLanguage\":\"es\",\"potentialAction\":[{\"@type\":\"ReadAction\",\"target\":[\"https:\/\/distribution.audio-technica.eu\/es-es\/productos\/soportes\/\"]}]},{\"@type\":\"ImageObject\",\"inLanguage\":\"es\",\"@id\":\"https:\/\/distribution.audio-technica.eu\/es-es\/productos\/soportes\/#primaryimage\",\"url\":\"\/app\/uploads\/sites\/2\/Genelec-Soportes-1.jpg\",\"contentUrl\":\"\/app\/uploads\/sites\/2\/Genelec-Soportes-1.jpg\",\"width\":800,\"height\":667},{\"@type\":\"BreadcrumbList\",\"@id\":\"https:\/\/distribution.audio-technica.eu\/es-es\/productos\/soportes\/#breadcrumb\",\"itemListElement\":[{\"@type\":\"ListItem\",\"position\":1,\"name\":\"Products\",\"item\":\"https:\/\/distribution.audio-technica.eu\/es-es\/\"},{\"@type\":\"ListItem\",\"position\":2,\"name\":\"Productos\",\"item\":\"https:\/\/distribution.audio-technica.eu\/es-es\/productos\/\"},{\"@type\":\"ListItem\",\"position\":3,\"name\":\"Soportes\"}]},{\"@type\":\"WebSite\",\"@id\":\"https:\/\/distribution.audio-technica.eu\/es-es\/#website\",\"url\":\"https:\/\/distribution.audio-technica.eu\/es-es\/\",\"name\":\"Audio-Technica Iberia\",\"description\":\"Distribuci\u00f3n\",\"potentialAction\":[{\"@type\":\"SearchAction\",\"target\":{\"@type\":\"EntryPoint\",\"urlTemplate\":\"https:\/\/distribution.audio-technica.eu\/es-es\/?s={search_term_string}\"},\"query-input\":{\"@type\":\"PropertyValueSpecification\",\"valueRequired\":true,\"valueName\":\"search_term_string\"}}],\"inLanguage\":\"es\"}]}<\/script>\n<!-- \/ Yoast SEO plugin. -->","yoast_head_json":{"title":"Soportes - Audio-Technica Iberia","robots":{"index":"index","follow":"follow","max-snippet":"max-snippet:-1","max-image-preview":"max-image-preview:large","max-video-preview":"max-video-preview:-1"},"canonical":"https:\/\/distribution.audio-technica.eu\/es-es\/productos\/soportes\/","og_locale":"es_ES","og_type":"article","og_title":"Soportes - Audio-Technica Iberia","og_description":"Soportes y accesorios para recintos Genelec   Amplia gama de soluciones  Dise\u00f1o cuidado y alta calidad de construcci\u00f3n  Consulte cat\u00e1logo en el apartado SOPORTE","og_url":"https:\/\/distribution.audio-technica.eu\/es-es\/productos\/soportes\/","og_site_name":"Audio-Technica Iberia","article_modified_time":"2026-02-19T13:53:40+00:00","og_image":[{"width":800,"height":667,"url":"https:\/\/distribution.audio-technica.eu\/app\/uploads\/sites\/2\/Genelec-Soportes-1.jpg","type":"image\/jpeg"}],"twitter_card":"summary_large_image","twitter_misc":{"Tiempo de lectura":"1 minuto"},"schema":{"@context":"https:\/\/schema.org","@graph":[{"@type":"WebPage","@id":"https:\/\/distribution.audio-technica.eu\/es-es\/productos\/soportes\/","url":"https:\/\/distribution.audio-technica.eu\/es-es\/productos\/soportes\/","name":"Soportes - Audio-Technica Iberia","isPartOf":{"@id":"https:\/\/distribution.audio-technica.eu\/es-es\/#website"},"primaryImageOfPage":{"@id":"https:\/\/distribution.audio-technica.eu\/es-es\/productos\/soportes\/#primaryimage"},"image":{"@id":"https:\/\/distribution.audio-technica.eu\/es-es\/productos\/soportes\/#primaryimage"},"thumbnailUrl":"\/app\/uploads\/sites\/2\/Genelec-Soportes-1.jpg","datePublished":"2018-07-12T12:30:23+00:00","dateModified":"2026-02-19T13:53:40+00:00","breadcrumb":{"@id":"https:\/\/distribution.audio-technica.eu\/es-es\/productos\/soportes\/#breadcrumb"},"inLanguage":"es","potentialAction":[{"@type":"ReadAction","target":["https:\/\/distribution.audio-technica.eu\/es-es\/productos\/soportes\/"]}]},{"@type":"ImageObject","inLanguage":"es","@id":"https:\/\/distribution.audio-technica.eu\/es-es\/productos\/soportes\/#primaryimage","url":"\/app\/uploads\/sites\/2\/Genelec-Soportes-1.jpg","contentUrl":"\/app\/uploads\/sites\/2\/Genelec-Soportes-1.jpg","width":800,"height":667},{"@type":"BreadcrumbList","@id":"https:\/\/distribution.audio-technica.eu\/es-es\/productos\/soportes\/#breadcrumb","itemListElement":[{"@type":"ListItem","position":1,"name":"Products","item":"https:\/\/distribution.audio-technica.eu\/es-es\/"},{"@type":"ListItem","position":2,"name":"Productos","item":"https:\/\/distribution.audio-technica.eu\/es-es\/productos\/"},{"@type":"ListItem","position":3,"name":"Soportes"}]},{"@type":"WebSite","@id":"https:\/\/distribution.audio-technica.eu\/es-es\/#website","url":"https:\/\/distribution.audio-technica.eu\/es-es\/","name":"Audio-Technica Iberia","description":"Distribuci\u00f3n","potentialAction":[{"@type":"SearchAction","target":{"@type":"EntryPoint","urlTemplate":"https:\/\/distribution.audio-technica.eu\/es-es\/?s={search_term_string}"},"query-input":{"@type":"PropertyValueSpecification","valueRequired":true,"valueName":"search_term_string"}}],"inLanguage":"es"}]}},"_links":{"self":[{"href":"https:\/\/distribution.audio-technica.eu\/es-es\/wp-json\/wp\/v2\/product\/13982","targetHints":{"allow":["GET"]}}],"collection":[{"href":"https:\/\/distribution.audio-technica.eu\/es-es\/wp-json\/wp\/v2\/product"}],"about":[{"href":"https:\/\/distribution.audio-technica.eu\/es-es\/wp-json\/wp\/v2\/types\/product"}],"wp:featuredmedia":[{"embeddable":true,"href":"https:\/\/distribution.audio-technica.eu\/es-es\/wp-json\/wp\/v2\/media\/11034"}],"wp:attachment":[{"href":"https:\/\/distribution.audio-technica.eu\/es-es\/wp-json\/wp\/v2\/media?parent=13982"}],"wp:term":[{"taxonomy":"product_brand","embeddable":true,"href":"https:\/\/distribution.audio-technica.eu\/es-es\/wp-json\/wp\/v2\/product_brand?post=13982"},{"taxonomy":"product_cat","embeddable":true,"href":"https:\/\/distribution.audio-technica.eu\/es-es\/wp-json\/wp\/v2\/product_cat?post=13982"},{"taxonomy":"product_tag","embeddable":true,"href":"https:\/\/distribution.audio-technica.eu\/es-es\/wp-json\/wp\/v2\/product_tag?post=13982"}],"curies":[{"name":"wp","href":"https:\/\/api.w.org\/{rel}","templated":true}]}}

<h2>Soportes</h2>
<h3>Soportes y accesorios para recintos genelec</h3>
<p>Consulte nuestro catálogo completo de soportes y accesorios para todos los modelos de Genelec que encontrará en la pestaña <strong>Descargas</strong> de esta misma página,</p>

<h3>Soportes y accesorios para recintos Genelec</h3>
<ul class="summary">
<li>Amplia gama de soluciones</li>
<li>Diseño cuidado y alta calidad de construcción</li>
<li>Consulte catálogo en el apartado SOPORTE</li>
</ul>

<!-- This site is optimized with the Yoast SEO plugin v27.1.1 - https://yoast.com/product/yoast-seo-wordpress/ -->
<title>Soportes - Audio-Technica Iberia</title>
<meta name="robots" content="index, follow, max-snippet:-1, max-image-preview:large, max-video-preview:-1" />
<link rel="canonical" href="https://distribution.audio-technica.eu/es-es/productos/soportes/" />
<meta property="og:locale" content="es_ES" />
<meta property="og:type" content="article" />
<meta property="og:title" content="Soportes - Audio-Technica Iberia" />
<meta property="og:description" content="Soportes y accesorios para recintos Genelec   Amplia gama de soluciones  Diseño cuidado y alta calidad de construcción  Consulte catálogo en el apartado SOPORTE" />
<meta property="og:url" content="https://distribution.audio-technica.eu/es-es/productos/soportes/" />
<meta property="og:site_name" content="Audio-Technica Iberia" />
<meta property="article:modified_time" content="2026-02-19T13:53:40+00:00" />
<meta property="og:image" content="https://distribution.audio-technica.eu/app/uploads/sites/2/Genelec-Soportes-1.jpg" />
	<meta property="og:image:width" content="800" />
	<meta property="og:image:height" content="667" />
	<meta property="og:image:type" content="image/jpeg" />
<meta name="twitter:card" content="summary_large_image" />
<meta name="twitter:label1" content="Tiempo de lectura" />
	<meta name="twitter:data1" content="1 minuto" />
<script type="application/ld+json" class="yoast-schema-graph">{"@context":"https://schema.org","@graph":[{"@type":"WebPage","@id":"https://distribution.audio-technica.eu/es-es/productos/soportes/","url":"https://distribution.audio-technica.eu/es-es/productos/soportes/","name":"Soportes - Audio-Technica Iberia","isPartOf":{"@id":"https://distribution.audio-technica.eu/es-es/#website"},"primaryImageOfPage":{"@id":"https://distribution.audio-technica.eu/es-es/productos/soportes/#primaryimage"},"image":{"@id":"https://distribution.audio-technica.eu/es-es/productos/soportes/#primaryimage"},"thumbnailUrl":"/app/uploads/sites/2/Genelec-Soportes-1.jpg","datePublished":"2018-07-12T12:30:23+00:00","dateModified":"2026-02-19T13:53:40+00:00","breadcrumb":{"@id":"https://distribution.audio-technica.eu/es-es/productos/soportes/#breadcrumb"},"inLanguage":"es","potentialAction":[{"@type":"ReadAction","target":["https://distribution.audio-technica.eu/es-es/productos/soportes/"]}]},{"@type":"ImageObject","inLanguage":"es","@id":"https://distribution.audio-technica.eu/es-es/productos/soportes/#primaryimage","url":"/app/uploads/sites/2/Genelec-Soportes-1.jpg","contentUrl":"/app/uploads/sites/2/Genelec-Soportes-1.jpg","width":800,"height":667},{"@type":"BreadcrumbList","@id":"https://distribution.audio-technica.eu/es-es/productos/soportes/#breadcrumb","itemListElement":[{"@type":"ListItem","position":1,"name":"Products","item":"https://distribution.audio-technica.eu/es-es/"},{"@type":"ListItem","position":2,"name":"Productos","item":"https://distribution.audio-technica.eu/es-es/productos/"},{"@type":"ListItem","position":3,"name":"Soportes"}]},{"@type":"WebSite","@id":"https://distribution.audio-technica.eu/es-es/#website","url":"https://distribution.audio-technica.eu/es-es/","name":"Audio-Technica Iberia","description":"Distribución","potentialAction":[{"@type":"SearchAction","target":{"@type":"EntryPoint","urlTemplate":"https://distribution.audio-technica.eu/es-es/?s={search_term_string}"},"query-input":{"@type":"PropertyValueSpecification","valueRequired":true,"valueName":"search_term_string"}}],"inLanguage":"es"}]}</script>
<!-- / Yoast SEO plugin. -->

Soportes y accesorios para recintos Genelec   Amplia gama de soluciones  Diseño cuidado y alta calidad de construcción  Consulte catálogo en el apartado SOPORTE

Distribución
