{"id":14479,"date":"2018-08-09T16:24:13","date_gmt":"2018-08-09T14:24:13","guid":{"rendered":"https:\/\/atdb-production.studiograft.dev\/es\/?post_type=product&#038;p=14479"},"modified":"2023-07-13T13:33:44","modified_gmt":"2023-07-13T11:33:44","slug":"7382-sam","status":"publish","type":"product","link":"https:\/\/distribution.audio-technica.eu\/es-es\/productos\/7382-sam\/","title":{"rendered":"7382 SAM"},"content":{"rendered":"<h2>7382 SAM<\/h2>\n<h3>Subgrave autoamplificado inteligente de 3&#215;15\u2033 de alto SPL<\/h3>\n<p>Con una respuesta en frecuencia que se extiende hasta los 15 Hz, y una enorme capacidad de manejo SPL que supera los 130 dB, el 7382 es el subgrave m\u00e1s potente fabricado por Genelec hasta la fecha.<\/p>\n<p>Combinando potencia y claridad con flexibles prestaciones de calibraci\u00f3n y gesti\u00f3n de graves, el 7382 ha sido dise\u00f1ado para ser utilizado en estudios de grabaci\u00f3n, salas de mezcla para cine, salas de masterizado, post producci\u00f3n, reproducci\u00f3n EDM y sistemas dom\u00e9sticos de alta calidad, y se integra perfectamente en cualquier sistema, desde sistemas simples est\u00e9reo, hasta sistemas de audio inmersivo de m\u00e1s de 40 canales.<\/p>\n<p>El recinto 7382 contiene tres woofers de 15 pulgadas de dise\u00f1o propio y altas prestaciones, alimentado por una potente secci\u00f3n de amplificaci\u00f3n en clase D, y completado con un puerto bass r\u00e9flex laminar que ocupa toda su parte posterior. Esta combinaci\u00f3n permite contar con un elevado SPL, perfecto corte de graves y baja distorsi\u00f3n, dando como resultado un precisa articulaci\u00f3n de los graves, incluso con las m\u00e1s bajas frecuencias.<\/p>\n<p>Como parte de la creciente familia de monitores y subgraves SAM de Genelec, el 7382 se integra totalmente con el software GLM, a trav\u00e9s del cual puede ser configurado, calibrado y controlado. GLM ofrece control sobre la gesti\u00f3n de los graves, resuelve los problemas que plantea la colocaci\u00f3n del subgrave en recintos de comportamiento impredecible, e incluso permite la creaci\u00f3n de completos arrays de subgraves Genelec, cuando sea preciso.<\/p>\n<p>GLM tambi\u00e9n funciona como potente controlador de monitores basado en ordenadores Mac o PC, permiti\u00e9ndole calibrar su nivel de escucha para cumplir con los est\u00e1ndares de sonoridad, cambiar entre diferentes formatos, sistemas de monitorizaci\u00f3n, posiciones primarias de audici\u00f3n y mucho m\u00e1s.<\/p>\n<p>El 7382 ha sido dotado de las m\u00e1s avanzadas tecnolog\u00edas desarrolladas por Genelec: crossover activo, Intelligent Signal Sensing (ISS\u2122), circuitos de protecci\u00f3n y amplificadores optimizados.<\/p>\n","protected":false},"excerpt":{"rendered":"<h3>Subgrave autoamplificado inteligente de 3&#215;15\u2033 de alto SPL<\/h3>\n<ul>\n<li>3 woofers 15\u201d<\/li>\n<li>SPL: 129 dB<\/li>\n<li>Respuesta en frecuencia: 15 Hz &#8211; 100 Hz (-6 dB) \/ LFE 15 Hz &#8211; 120 Hz (-6 dB)<\/li>\n<li>Amplificaci\u00f3n: 2500 W (Clase D)<\/li>\n<li>Compatible GLM<\/li>\n<\/ul>\n<p>&nbsp;<\/p>\n","protected":false},"featured_media":14477,"template":"","meta":{"_acf_changed":false},"product_brand":[],"product_cat":[1401,1395,1402,1396],"product_tag":[],"class_list":{"0":"post-14479","1":"product","2":"type-product","3":"status-publish","4":"has-post-thumbnail","6":"product_cat-subgraves-genelec","7":"product_cat-por-series-genelec","8":"product_cat-serie-7000","9":"product_cat-serie-sam","10":"product_series-serie-7000","11":"product_series-serie-sam","13":"first","14":"instock","15":"shipping-taxable","16":"product-type-simple"},"acf":[],"yoast_head":"<!-- This site is optimized with the Yoast SEO plugin v27.1.1 - https:\/\/yoast.com\/product\/yoast-seo-wordpress\/ -->\n<title>7382 SAM - Audio-Technica Iberia<\/title>\n<meta name=\"robots\" content=\"index, follow, max-snippet:-1, max-image-preview:large, max-video-preview:-1\" \/>\n<link rel=\"canonical\" href=\"https:\/\/distribution.audio-technica.eu\/es-es\/productos\/7382-sam\/\" \/>\n<meta property=\"og:locale\" content=\"es_ES\" \/>\n<meta property=\"og:type\" content=\"article\" \/>\n<meta property=\"og:title\" content=\"7382 SAM - Audio-Technica Iberia\" \/>\n<meta property=\"og:description\" content=\"Subgrave autoamplificado inteligente de 3x15\u2033 de alto SPL  3 woofers 15\u201d  SPL: 129 dB  Respuesta en frecuencia: 15 Hz - 100 Hz (-6 dB) \/ LFE 15 Hz - 120 Hz (-6 dB)  Amplificaci\u00f3n: 2500 W (Clase D)  Compatible GLM &nbsp;\" \/>\n<meta property=\"og:url\" content=\"https:\/\/distribution.audio-technica.eu\/es-es\/productos\/7382-sam\/\" \/>\n<meta property=\"og:site_name\" content=\"Audio-Technica Iberia\" \/>\n<meta property=\"article:modified_time\" content=\"2023-07-13T11:33:44+00:00\" \/>\n<meta property=\"og:image\" content=\"https:\/\/distribution.audio-technica.eu\/app\/uploads\/sites\/2\/Genelec-7382.jpg\" \/>\n\t<meta property=\"og:image:width\" content=\"1500\" \/>\n\t<meta property=\"og:image:height\" content=\"1500\" \/>\n\t<meta property=\"og:image:type\" content=\"image\/jpeg\" \/>\n<meta name=\"twitter:card\" content=\"summary_large_image\" \/>\n<meta name=\"twitter:label1\" content=\"Tiempo de lectura\" \/>\n\t<meta name=\"twitter:data1\" content=\"2 minutos\" \/>\n<script type=\"application\/ld+json\" class=\"yoast-schema-graph\">{\"@context\":\"https:\/\/schema.org\",\"@graph\":[{\"@type\":\"WebPage\",\"@id\":\"https:\/\/distribution.audio-technica.eu\/es-es\/productos\/7382-sam\/\",\"url\":\"https:\/\/distribution.audio-technica.eu\/es-es\/productos\/7382-sam\/\",\"name\":\"7382 SAM - Audio-Technica Iberia\",\"isPartOf\":{\"@id\":\"https:\/\/distribution.audio-technica.eu\/es-es\/#website\"},\"primaryImageOfPage\":{\"@id\":\"https:\/\/distribution.audio-technica.eu\/es-es\/productos\/7382-sam\/#primaryimage\"},\"image\":{\"@id\":\"https:\/\/distribution.audio-technica.eu\/es-es\/productos\/7382-sam\/#primaryimage\"},\"thumbnailUrl\":\"\/app\/uploads\/sites\/2\/Genelec-7382.jpg\",\"datePublished\":\"2018-08-09T14:24:13+00:00\",\"dateModified\":\"2023-07-13T11:33:44+00:00\",\"breadcrumb\":{\"@id\":\"https:\/\/distribution.audio-technica.eu\/es-es\/productos\/7382-sam\/#breadcrumb\"},\"inLanguage\":\"es\",\"potentialAction\":[{\"@type\":\"ReadAction\",\"target\":[\"https:\/\/distribution.audio-technica.eu\/es-es\/productos\/7382-sam\/\"]}]},{\"@type\":\"ImageObject\",\"inLanguage\":\"es\",\"@id\":\"https:\/\/distribution.audio-technica.eu\/es-es\/productos\/7382-sam\/#primaryimage\",\"url\":\"\/app\/uploads\/sites\/2\/Genelec-7382.jpg\",\"contentUrl\":\"\/app\/uploads\/sites\/2\/Genelec-7382.jpg\",\"width\":1500,\"height\":1500},{\"@type\":\"BreadcrumbList\",\"@id\":\"https:\/\/distribution.audio-technica.eu\/es-es\/productos\/7382-sam\/#breadcrumb\",\"itemListElement\":[{\"@type\":\"ListItem\",\"position\":1,\"name\":\"Products\",\"item\":\"https:\/\/distribution.audio-technica.eu\/es-es\/\"},{\"@type\":\"ListItem\",\"position\":2,\"name\":\"Productos\",\"item\":\"https:\/\/distribution.audio-technica.eu\/es-es\/productos\/\"},{\"@type\":\"ListItem\",\"position\":3,\"name\":\"7382 SAM\"}]},{\"@type\":\"WebSite\",\"@id\":\"https:\/\/distribution.audio-technica.eu\/es-es\/#website\",\"url\":\"https:\/\/distribution.audio-technica.eu\/es-es\/\",\"name\":\"Audio-Technica Iberia\",\"description\":\"Distribuci\u00f3n\",\"potentialAction\":[{\"@type\":\"SearchAction\",\"target\":{\"@type\":\"EntryPoint\",\"urlTemplate\":\"https:\/\/distribution.audio-technica.eu\/es-es\/?s={search_term_string}\"},\"query-input\":{\"@type\":\"PropertyValueSpecification\",\"valueRequired\":true,\"valueName\":\"search_term_string\"}}],\"inLanguage\":\"es\"}]}<\/script>\n<!-- \/ Yoast SEO plugin. -->","yoast_head_json":{"title":"7382 SAM - Audio-Technica Iberia","robots":{"index":"index","follow":"follow","max-snippet":"max-snippet:-1","max-image-preview":"max-image-preview:large","max-video-preview":"max-video-preview:-1"},"canonical":"https:\/\/distribution.audio-technica.eu\/es-es\/productos\/7382-sam\/","og_locale":"es_ES","og_type":"article","og_title":"7382 SAM - Audio-Technica Iberia","og_description":"Subgrave autoamplificado inteligente de 3x15\u2033 de alto SPL  3 woofers 15\u201d  SPL: 129 dB  Respuesta en frecuencia: 15 Hz - 100 Hz (-6 dB) \/ LFE 15 Hz - 120 Hz (-6 dB)  Amplificaci\u00f3n: 2500 W (Clase D)  Compatible GLM &nbsp;","og_url":"https:\/\/distribution.audio-technica.eu\/es-es\/productos\/7382-sam\/","og_site_name":"Audio-Technica Iberia","article_modified_time":"2023-07-13T11:33:44+00:00","og_image":[{"width":1500,"height":1500,"url":"https:\/\/distribution.audio-technica.eu\/app\/uploads\/sites\/2\/Genelec-7382.jpg","type":"image\/jpeg"}],"twitter_card":"summary_large_image","twitter_misc":{"Tiempo de lectura":"2 minutos"},"schema":{"@context":"https:\/\/schema.org","@graph":[{"@type":"WebPage","@id":"https:\/\/distribution.audio-technica.eu\/es-es\/productos\/7382-sam\/","url":"https:\/\/distribution.audio-technica.eu\/es-es\/productos\/7382-sam\/","name":"7382 SAM - Audio-Technica Iberia","isPartOf":{"@id":"https:\/\/distribution.audio-technica.eu\/es-es\/#website"},"primaryImageOfPage":{"@id":"https:\/\/distribution.audio-technica.eu\/es-es\/productos\/7382-sam\/#primaryimage"},"image":{"@id":"https:\/\/distribution.audio-technica.eu\/es-es\/productos\/7382-sam\/#primaryimage"},"thumbnailUrl":"\/app\/uploads\/sites\/2\/Genelec-7382.jpg","datePublished":"2018-08-09T14:24:13+00:00","dateModified":"2023-07-13T11:33:44+00:00","breadcrumb":{"@id":"https:\/\/distribution.audio-technica.eu\/es-es\/productos\/7382-sam\/#breadcrumb"},"inLanguage":"es","potentialAction":[{"@type":"ReadAction","target":["https:\/\/distribution.audio-technica.eu\/es-es\/productos\/7382-sam\/"]}]},{"@type":"ImageObject","inLanguage":"es","@id":"https:\/\/distribution.audio-technica.eu\/es-es\/productos\/7382-sam\/#primaryimage","url":"\/app\/uploads\/sites\/2\/Genelec-7382.jpg","contentUrl":"\/app\/uploads\/sites\/2\/Genelec-7382.jpg","width":1500,"height":1500},{"@type":"BreadcrumbList","@id":"https:\/\/distribution.audio-technica.eu\/es-es\/productos\/7382-sam\/#breadcrumb","itemListElement":[{"@type":"ListItem","position":1,"name":"Products","item":"https:\/\/distribution.audio-technica.eu\/es-es\/"},{"@type":"ListItem","position":2,"name":"Productos","item":"https:\/\/distribution.audio-technica.eu\/es-es\/productos\/"},{"@type":"ListItem","position":3,"name":"7382 SAM"}]},{"@type":"WebSite","@id":"https:\/\/distribution.audio-technica.eu\/es-es\/#website","url":"https:\/\/distribution.audio-technica.eu\/es-es\/","name":"Audio-Technica Iberia","description":"Distribuci\u00f3n","potentialAction":[{"@type":"SearchAction","target":{"@type":"EntryPoint","urlTemplate":"https:\/\/distribution.audio-technica.eu\/es-es\/?s={search_term_string}"},"query-input":{"@type":"PropertyValueSpecification","valueRequired":true,"valueName":"search_term_string"}}],"inLanguage":"es"}]}},"_links":{"self":[{"href":"https:\/\/distribution.audio-technica.eu\/es-es\/wp-json\/wp\/v2\/product\/14479","targetHints":{"allow":["GET"]}}],"collection":[{"href":"https:\/\/distribution.audio-technica.eu\/es-es\/wp-json\/wp\/v2\/product"}],"about":[{"href":"https:\/\/distribution.audio-technica.eu\/es-es\/wp-json\/wp\/v2\/types\/product"}],"wp:featuredmedia":[{"embeddable":true,"href":"https:\/\/distribution.audio-technica.eu\/es-es\/wp-json\/wp\/v2\/media\/14477"}],"wp:attachment":[{"href":"https:\/\/distribution.audio-technica.eu\/es-es\/wp-json\/wp\/v2\/media?parent=14479"}],"wp:term":[{"taxonomy":"product_brand","embeddable":true,"href":"https:\/\/distribution.audio-technica.eu\/es-es\/wp-json\/wp\/v2\/product_brand?post=14479"},{"taxonomy":"product_cat","embeddable":true,"href":"https:\/\/distribution.audio-technica.eu\/es-es\/wp-json\/wp\/v2\/product_cat?post=14479"},{"taxonomy":"product_tag","embeddable":true,"href":"https:\/\/distribution.audio-technica.eu\/es-es\/wp-json\/wp\/v2\/product_tag?post=14479"}],"curies":[{"name":"wp","href":"https:\/\/api.w.org\/{rel}","templated":true}]}}

<h2>7382 SAM</h2>
<h3>Subgrave autoamplificado inteligente de 3&#215;15″ de alto SPL</h3>
<p>Con una respuesta en frecuencia que se extiende hasta los 15 Hz, y una enorme capacidad de manejo SPL que supera los 130 dB, el 7382 es el subgrave más potente fabricado por Genelec hasta la fecha.</p>
<p>Combinando potencia y claridad con flexibles prestaciones de calibración y gestión de graves, el 7382 ha sido diseñado para ser utilizado en estudios de grabación, salas de mezcla para cine, salas de masterizado, post producción, reproducción EDM y sistemas domésticos de alta calidad, y se integra perfectamente en cualquier sistema, desde sistemas simples estéreo, hasta sistemas de audio inmersivo de más de 40 canales.</p>
<p>El recinto 7382 contiene tres woofers de 15 pulgadas de diseño propio y altas prestaciones, alimentado por una potente sección de amplificación en clase D, y completado con un puerto bass réflex laminar que ocupa toda su parte posterior. Esta combinación permite contar con un elevado SPL, perfecto corte de graves y baja distorsión, dando como resultado un precisa articulación de los graves, incluso con las más bajas frecuencias.</p>
<p>Como parte de la creciente familia de monitores y subgraves SAM de Genelec, el 7382 se integra totalmente con el software GLM, a través del cual puede ser configurado, calibrado y controlado. GLM ofrece control sobre la gestión de los graves, resuelve los problemas que plantea la colocación del subgrave en recintos de comportamiento impredecible, e incluso permite la creación de completos arrays de subgraves Genelec, cuando sea preciso.</p>
<p>GLM también funciona como potente controlador de monitores basado en ordenadores Mac o PC, permitiéndole calibrar su nivel de escucha para cumplir con los estándares de sonoridad, cambiar entre diferentes formatos, sistemas de monitorización, posiciones primarias de audición y mucho más.</p>
<p>El 7382 ha sido dotado de las más avanzadas tecnologías desarrolladas por Genelec: crossover activo, Intelligent Signal Sensing (ISS™), circuitos de protección y amplificadores optimizados.</p>

<h3>Subgrave autoamplificado inteligente de 3&#215;15″ de alto SPL</h3>
<ul>
<li>3 woofers 15”</li>
<li>SPL: 129 dB</li>
<li>Respuesta en frecuencia: 15 Hz &#8211; 100 Hz (-6 dB) / LFE 15 Hz &#8211; 120 Hz (-6 dB)</li>
<li>Amplificación: 2500 W (Clase D)</li>
<li>Compatible GLM</li>
</ul>
<p>&nbsp;</p>

<!-- This site is optimized with the Yoast SEO plugin v27.1.1 - https://yoast.com/product/yoast-seo-wordpress/ -->
<title>7382 SAM - Audio-Technica Iberia</title>
<meta name="robots" content="index, follow, max-snippet:-1, max-image-preview:large, max-video-preview:-1" />
<link rel="canonical" href="https://distribution.audio-technica.eu/es-es/productos/7382-sam/" />
<meta property="og:locale" content="es_ES" />
<meta property="og:type" content="article" />
<meta property="og:title" content="7382 SAM - Audio-Technica Iberia" />
<meta property="og:description" content="Subgrave autoamplificado inteligente de 3x15″ de alto SPL  3 woofers 15”  SPL: 129 dB  Respuesta en frecuencia: 15 Hz - 100 Hz (-6 dB) / LFE 15 Hz - 120 Hz (-6 dB)  Amplificación: 2500 W (Clase D)  Compatible GLM &nbsp;" />
<meta property="og:url" content="https://distribution.audio-technica.eu/es-es/productos/7382-sam/" />
<meta property="og:site_name" content="Audio-Technica Iberia" />
<meta property="article:modified_time" content="2023-07-13T11:33:44+00:00" />
<meta property="og:image" content="https://distribution.audio-technica.eu/app/uploads/sites/2/Genelec-7382.jpg" />
	<meta property="og:image:width" content="1500" />
	<meta property="og:image:height" content="1500" />
	<meta property="og:image:type" content="image/jpeg" />
<meta name="twitter:card" content="summary_large_image" />
<meta name="twitter:label1" content="Tiempo de lectura" />
	<meta name="twitter:data1" content="2 minutos" />
<script type="application/ld+json" class="yoast-schema-graph">{"@context":"https://schema.org","@graph":[{"@type":"WebPage","@id":"https://distribution.audio-technica.eu/es-es/productos/7382-sam/","url":"https://distribution.audio-technica.eu/es-es/productos/7382-sam/","name":"7382 SAM - Audio-Technica Iberia","isPartOf":{"@id":"https://distribution.audio-technica.eu/es-es/#website"},"primaryImageOfPage":{"@id":"https://distribution.audio-technica.eu/es-es/productos/7382-sam/#primaryimage"},"image":{"@id":"https://distribution.audio-technica.eu/es-es/productos/7382-sam/#primaryimage"},"thumbnailUrl":"/app/uploads/sites/2/Genelec-7382.jpg","datePublished":"2018-08-09T14:24:13+00:00","dateModified":"2023-07-13T11:33:44+00:00","breadcrumb":{"@id":"https://distribution.audio-technica.eu/es-es/productos/7382-sam/#breadcrumb"},"inLanguage":"es","potentialAction":[{"@type":"ReadAction","target":["https://distribution.audio-technica.eu/es-es/productos/7382-sam/"]}]},{"@type":"ImageObject","inLanguage":"es","@id":"https://distribution.audio-technica.eu/es-es/productos/7382-sam/#primaryimage","url":"/app/uploads/sites/2/Genelec-7382.jpg","contentUrl":"/app/uploads/sites/2/Genelec-7382.jpg","width":1500,"height":1500},{"@type":"BreadcrumbList","@id":"https://distribution.audio-technica.eu/es-es/productos/7382-sam/#breadcrumb","itemListElement":[{"@type":"ListItem","position":1,"name":"Products","item":"https://distribution.audio-technica.eu/es-es/"},{"@type":"ListItem","position":2,"name":"Productos","item":"https://distribution.audio-technica.eu/es-es/productos/"},{"@type":"ListItem","position":3,"name":"7382 SAM"}]},{"@type":"WebSite","@id":"https://distribution.audio-technica.eu/es-es/#website","url":"https://distribution.audio-technica.eu/es-es/","name":"Audio-Technica Iberia","description":"Distribución","potentialAction":[{"@type":"SearchAction","target":{"@type":"EntryPoint","urlTemplate":"https://distribution.audio-technica.eu/es-es/?s={search_term_string}"},"query-input":{"@type":"PropertyValueSpecification","valueRequired":true,"valueName":"search_term_string"}}],"inLanguage":"es"}]}</script>
<!-- / Yoast SEO plugin. -->

Subgrave autoamplificado inteligente de 3x15″ de alto SPL  3 woofers 15”  SPL: 129 dB  Respuesta en frecuencia: 15 Hz - 100 Hz (-6 dB) / LFE 15 Hz - 120 Hz (-6 dB)  Amplificación: 2500 W (Clase D)  Compatible GLM &nbsp;

Distribución
