{"id":17670,"date":"2019-07-08T10:47:13","date_gmt":"2019-07-08T08:47:13","guid":{"rendered":"https:\/\/atdb-production.studiograft.dev\/es\/?post_type=product&#038;p=17670"},"modified":"2023-07-13T13:01:20","modified_gmt":"2023-07-13T11:01:20","slug":"c8-1t","status":"publish","type":"product","link":"https:\/\/distribution.audio-technica.eu\/es-es\/productos\/c8-1t\/","title":{"rendered":"C8.1T"},"content":{"rendered":"<h2>C8.1T<\/h2>\n<h3>Altavoz 2 v\u00edas 8&#8243; abierto, para montaje en techo<\/h3>\n<p>El C8.1T ha sido dise\u00f1ado especialmente para su uso en recintos con techos altos, en los que su elevado SPL y su controlada dispersi\u00f3n de 90\u00b0, proporcionar\u00e1 una excelente inteligibilidad en recintos m\u00e1s reverberantes. Incorpora un transductor de 8&#8243; (200mm) con un cono de polipropileno combinado con fibra de carbono, y un tweeter de 1&#8243; (25mm) con bocina, montados lado a lado para conseguir una \u00f3ptima dispersi\u00f3n y una respuesta uniforme fuera del eje.<\/p>\n<p>El recinto es abierto para ampliar su respuesta en graves, y su sistema de montaje de 5 puntos asegura una instalaci\u00f3n r\u00e1pida y simple. Los terminales de entrada y enlace hacen que el montaje en paralelo de unidades sea muy simple, y su cubierta de acero protege el conector de entrada frente al fuego.<\/p>\n<p>Estos productos cumplen con las normas UL2043 para Incendios y liberaci\u00f3n de humo y calor y con la de Accesorios instalados en espacios de ventilaci\u00f3n. Listado UL1480 Altavoces de se\u00f1alizaci\u00f3n general. Adecuado para ser utilizado en espacios de ventilaci\u00f3n.<\/p>\n<p>&nbsp;<\/p>\n<p><strong>Caracter\u00edsticas Principales<\/strong><\/p>\n<ul>\n<li>Altavoz de dos v\u00edas de altas prestaciones, para montaje en techo<\/li>\n<li>Transductor de 8&#8243; (200mm) UL94V-0 con cono de polipropileno combinado con carbono<\/li>\n<li>Amplia dispersi\u00f3n: 90\u00b0 c\u00f3nica hasta 7kHz<\/li>\n<li>Funcionamiento en alta y baja impedancia, incluye transformador<\/li>\n<li>SPL m\u00e1ximo 110dB @ 1 metre (16 ohm)<\/li>\n<li>Potencia de 125W (60W a trav\u00e9s de transformador)<\/li>\n<li>Protecci\u00f3n fusible Polyswitch y t\u00e9rmico<\/li>\n<li>Recinto posterior de acero<\/li>\n<li>UL2043 y UL1480<\/li>\n<\/ul>\n<p>&nbsp;<\/p>\n<p><strong>Aplicaciones<\/strong><\/p>\n<ul>\n<li>Instalaci\u00f3n fija en techos y paredes<\/li>\n<li>Bares y restaurantes<\/li>\n<\/ul>\n","protected":false},"excerpt":{"rendered":"<h3>Altavoz 2 v\u00edas 8&#8243; abierto, para montaje en techo<\/h3>\n<ul>\n<li>Altavoz de dos v\u00edas de altas prestaciones, para montaje en techo<\/li>\n<li>Transductor de 8&#8243; (200mm) UL94V-0 con cono de polipropileno combinado con carbono<\/li>\n<li>Amplia dispersi\u00f3n: 90\u00b0 c\u00f3nica hasta 7kHz<\/li>\n<li>Potencia de 125W (60W a trav\u00e9s de transformador)<\/li>\n<li>UL2043 y UL1480<\/li>\n<\/ul>\n","protected":false},"featured_media":17667,"template":"","meta":{"_acf_changed":false},"product_brand":[],"product_cat":[2084,2099,2085,2120],"product_tag":[],"class_list":{"0":"post-17670","1":"product","2":"type-product","3":"status-publish","4":"has-post-thumbnail","6":"product_cat-sistemas-instalacion","7":"product_cat-altavoces-techo","8":"product_cat-por-series-martin-audio","9":"product_cat-serie-ceiling","10":"product_series-serie-ceiling","12":"first","13":"instock","14":"shipping-taxable","15":"product-type-simple"},"acf":[],"yoast_head":"<!-- This site is optimized with the Yoast SEO plugin v27.1.1 - https:\/\/yoast.com\/product\/yoast-seo-wordpress\/ -->\n<title>C8.1T - Audio-Technica Iberia<\/title>\n<meta name=\"robots\" content=\"index, follow, max-snippet:-1, max-image-preview:large, max-video-preview:-1\" \/>\n<link rel=\"canonical\" href=\"https:\/\/distribution.audio-technica.eu\/es-es\/productos\/c8-1t\/\" \/>\n<meta property=\"og:locale\" content=\"es_ES\" \/>\n<meta property=\"og:type\" content=\"article\" \/>\n<meta property=\"og:title\" content=\"C8.1T - Audio-Technica Iberia\" \/>\n<meta property=\"og:description\" content=\"Altavoz 2 v\u00edas 8&quot; abierto, para montaje en techo  Altavoz de dos v\u00edas de altas prestaciones, para montaje en techo  Transductor de 8&quot; (200mm) UL94V-0 con cono de polipropileno combinado con carbono  Amplia dispersi\u00f3n: 90\u00b0 c\u00f3nica hasta 7kHz  Potencia de 125W (60W a trav\u00e9s de transformador)  UL2043 y UL1480\" \/>\n<meta property=\"og:url\" content=\"https:\/\/distribution.audio-technica.eu\/es-es\/productos\/c8-1t\/\" \/>\n<meta property=\"og:site_name\" content=\"Audio-Technica Iberia\" \/>\n<meta property=\"article:modified_time\" content=\"2023-07-13T11:01:20+00:00\" \/>\n<meta property=\"og:image\" content=\"https:\/\/distribution.audio-technica.eu\/app\/uploads\/sites\/2\/C8.jpg\" \/>\n\t<meta property=\"og:image:width\" content=\"1024\" \/>\n\t<meta property=\"og:image:height\" content=\"1024\" \/>\n\t<meta property=\"og:image:type\" content=\"image\/jpeg\" \/>\n<meta name=\"twitter:card\" content=\"summary_large_image\" \/>\n<meta name=\"twitter:label1\" content=\"Tiempo de lectura\" \/>\n\t<meta name=\"twitter:data1\" content=\"1 minuto\" \/>\n<script type=\"application\/ld+json\" class=\"yoast-schema-graph\">{\"@context\":\"https:\/\/schema.org\",\"@graph\":[{\"@type\":\"WebPage\",\"@id\":\"https:\/\/distribution.audio-technica.eu\/es-es\/productos\/c8-1t\/\",\"url\":\"https:\/\/distribution.audio-technica.eu\/es-es\/productos\/c8-1t\/\",\"name\":\"C8.1T - Audio-Technica Iberia\",\"isPartOf\":{\"@id\":\"https:\/\/distribution.audio-technica.eu\/es-es\/#website\"},\"primaryImageOfPage\":{\"@id\":\"https:\/\/distribution.audio-technica.eu\/es-es\/productos\/c8-1t\/#primaryimage\"},\"image\":{\"@id\":\"https:\/\/distribution.audio-technica.eu\/es-es\/productos\/c8-1t\/#primaryimage\"},\"thumbnailUrl\":\"\/app\/uploads\/sites\/2\/C8.jpg\",\"datePublished\":\"2019-07-08T08:47:13+00:00\",\"dateModified\":\"2023-07-13T11:01:20+00:00\",\"breadcrumb\":{\"@id\":\"https:\/\/distribution.audio-technica.eu\/es-es\/productos\/c8-1t\/#breadcrumb\"},\"inLanguage\":\"es\",\"potentialAction\":[{\"@type\":\"ReadAction\",\"target\":[\"https:\/\/distribution.audio-technica.eu\/es-es\/productos\/c8-1t\/\"]}]},{\"@type\":\"ImageObject\",\"inLanguage\":\"es\",\"@id\":\"https:\/\/distribution.audio-technica.eu\/es-es\/productos\/c8-1t\/#primaryimage\",\"url\":\"\/app\/uploads\/sites\/2\/C8.jpg\",\"contentUrl\":\"\/app\/uploads\/sites\/2\/C8.jpg\",\"width\":1024,\"height\":1024},{\"@type\":\"BreadcrumbList\",\"@id\":\"https:\/\/distribution.audio-technica.eu\/es-es\/productos\/c8-1t\/#breadcrumb\",\"itemListElement\":[{\"@type\":\"ListItem\",\"position\":1,\"name\":\"Products\",\"item\":\"https:\/\/distribution.audio-technica.eu\/es-es\/\"},{\"@type\":\"ListItem\",\"position\":2,\"name\":\"Productos\",\"item\":\"https:\/\/distribution.audio-technica.eu\/es-es\/productos\/\"},{\"@type\":\"ListItem\",\"position\":3,\"name\":\"C8.1T\"}]},{\"@type\":\"WebSite\",\"@id\":\"https:\/\/distribution.audio-technica.eu\/es-es\/#website\",\"url\":\"https:\/\/distribution.audio-technica.eu\/es-es\/\",\"name\":\"Audio-Technica Iberia\",\"description\":\"Distribuci\u00f3n\",\"potentialAction\":[{\"@type\":\"SearchAction\",\"target\":{\"@type\":\"EntryPoint\",\"urlTemplate\":\"https:\/\/distribution.audio-technica.eu\/es-es\/?s={search_term_string}\"},\"query-input\":{\"@type\":\"PropertyValueSpecification\",\"valueRequired\":true,\"valueName\":\"search_term_string\"}}],\"inLanguage\":\"es\"}]}<\/script>\n<!-- \/ Yoast SEO plugin. -->","yoast_head_json":{"title":"C8.1T - Audio-Technica Iberia","robots":{"index":"index","follow":"follow","max-snippet":"max-snippet:-1","max-image-preview":"max-image-preview:large","max-video-preview":"max-video-preview:-1"},"canonical":"https:\/\/distribution.audio-technica.eu\/es-es\/productos\/c8-1t\/","og_locale":"es_ES","og_type":"article","og_title":"C8.1T - Audio-Technica Iberia","og_description":"Altavoz 2 v\u00edas 8\" abierto, para montaje en techo  Altavoz de dos v\u00edas de altas prestaciones, para montaje en techo  Transductor de 8\" (200mm) UL94V-0 con cono de polipropileno combinado con carbono  Amplia dispersi\u00f3n: 90\u00b0 c\u00f3nica hasta 7kHz  Potencia de 125W (60W a trav\u00e9s de transformador)  UL2043 y UL1480","og_url":"https:\/\/distribution.audio-technica.eu\/es-es\/productos\/c8-1t\/","og_site_name":"Audio-Technica Iberia","article_modified_time":"2023-07-13T11:01:20+00:00","og_image":[{"width":1024,"height":1024,"url":"https:\/\/distribution.audio-technica.eu\/app\/uploads\/sites\/2\/C8.jpg","type":"image\/jpeg"}],"twitter_card":"summary_large_image","twitter_misc":{"Tiempo de lectura":"1 minuto"},"schema":{"@context":"https:\/\/schema.org","@graph":[{"@type":"WebPage","@id":"https:\/\/distribution.audio-technica.eu\/es-es\/productos\/c8-1t\/","url":"https:\/\/distribution.audio-technica.eu\/es-es\/productos\/c8-1t\/","name":"C8.1T - Audio-Technica Iberia","isPartOf":{"@id":"https:\/\/distribution.audio-technica.eu\/es-es\/#website"},"primaryImageOfPage":{"@id":"https:\/\/distribution.audio-technica.eu\/es-es\/productos\/c8-1t\/#primaryimage"},"image":{"@id":"https:\/\/distribution.audio-technica.eu\/es-es\/productos\/c8-1t\/#primaryimage"},"thumbnailUrl":"\/app\/uploads\/sites\/2\/C8.jpg","datePublished":"2019-07-08T08:47:13+00:00","dateModified":"2023-07-13T11:01:20+00:00","breadcrumb":{"@id":"https:\/\/distribution.audio-technica.eu\/es-es\/productos\/c8-1t\/#breadcrumb"},"inLanguage":"es","potentialAction":[{"@type":"ReadAction","target":["https:\/\/distribution.audio-technica.eu\/es-es\/productos\/c8-1t\/"]}]},{"@type":"ImageObject","inLanguage":"es","@id":"https:\/\/distribution.audio-technica.eu\/es-es\/productos\/c8-1t\/#primaryimage","url":"\/app\/uploads\/sites\/2\/C8.jpg","contentUrl":"\/app\/uploads\/sites\/2\/C8.jpg","width":1024,"height":1024},{"@type":"BreadcrumbList","@id":"https:\/\/distribution.audio-technica.eu\/es-es\/productos\/c8-1t\/#breadcrumb","itemListElement":[{"@type":"ListItem","position":1,"name":"Products","item":"https:\/\/distribution.audio-technica.eu\/es-es\/"},{"@type":"ListItem","position":2,"name":"Productos","item":"https:\/\/distribution.audio-technica.eu\/es-es\/productos\/"},{"@type":"ListItem","position":3,"name":"C8.1T"}]},{"@type":"WebSite","@id":"https:\/\/distribution.audio-technica.eu\/es-es\/#website","url":"https:\/\/distribution.audio-technica.eu\/es-es\/","name":"Audio-Technica Iberia","description":"Distribuci\u00f3n","potentialAction":[{"@type":"SearchAction","target":{"@type":"EntryPoint","urlTemplate":"https:\/\/distribution.audio-technica.eu\/es-es\/?s={search_term_string}"},"query-input":{"@type":"PropertyValueSpecification","valueRequired":true,"valueName":"search_term_string"}}],"inLanguage":"es"}]}},"_links":{"self":[{"href":"https:\/\/distribution.audio-technica.eu\/es-es\/wp-json\/wp\/v2\/product\/17670","targetHints":{"allow":["GET"]}}],"collection":[{"href":"https:\/\/distribution.audio-technica.eu\/es-es\/wp-json\/wp\/v2\/product"}],"about":[{"href":"https:\/\/distribution.audio-technica.eu\/es-es\/wp-json\/wp\/v2\/types\/product"}],"wp:featuredmedia":[{"embeddable":true,"href":"https:\/\/distribution.audio-technica.eu\/es-es\/wp-json\/wp\/v2\/media\/17667"}],"wp:attachment":[{"href":"https:\/\/distribution.audio-technica.eu\/es-es\/wp-json\/wp\/v2\/media?parent=17670"}],"wp:term":[{"taxonomy":"product_brand","embeddable":true,"href":"https:\/\/distribution.audio-technica.eu\/es-es\/wp-json\/wp\/v2\/product_brand?post=17670"},{"taxonomy":"product_cat","embeddable":true,"href":"https:\/\/distribution.audio-technica.eu\/es-es\/wp-json\/wp\/v2\/product_cat?post=17670"},{"taxonomy":"product_tag","embeddable":true,"href":"https:\/\/distribution.audio-technica.eu\/es-es\/wp-json\/wp\/v2\/product_tag?post=17670"}],"curies":[{"name":"wp","href":"https:\/\/api.w.org\/{rel}","templated":true}]}}

<h2>C8.1T</h2>
<h3>Altavoz 2 vías 8&#8243; abierto, para montaje en techo</h3>
<p>El C8.1T ha sido diseñado especialmente para su uso en recintos con techos altos, en los que su elevado SPL y su controlada dispersión de 90°, proporcionará una excelente inteligibilidad en recintos más reverberantes. Incorpora un transductor de 8&#8243; (200mm) con un cono de polipropileno combinado con fibra de carbono, y un tweeter de 1&#8243; (25mm) con bocina, montados lado a lado para conseguir una óptima dispersión y una respuesta uniforme fuera del eje.</p>
<p>El recinto es abierto para ampliar su respuesta en graves, y su sistema de montaje de 5 puntos asegura una instalación rápida y simple. Los terminales de entrada y enlace hacen que el montaje en paralelo de unidades sea muy simple, y su cubierta de acero protege el conector de entrada frente al fuego.</p>
<p>Estos productos cumplen con las normas UL2043 para Incendios y liberación de humo y calor y con la de Accesorios instalados en espacios de ventilación. Listado UL1480 Altavoces de señalización general. Adecuado para ser utilizado en espacios de ventilación.</p>
<p>&nbsp;</p>
<p><strong>Características Principales</strong></p>
<ul>
<li>Altavoz de dos vías de altas prestaciones, para montaje en techo</li>
<li>Transductor de 8&#8243; (200mm) UL94V-0 con cono de polipropileno combinado con carbono</li>
<li>Amplia dispersión: 90° cónica hasta 7kHz</li>
<li>Funcionamiento en alta y baja impedancia, incluye transformador</li>
<li>SPL máximo 110dB @ 1 metre (16 ohm)</li>
<li>Potencia de 125W (60W a través de transformador)</li>
<li>Protección fusible Polyswitch y térmico</li>
<li>Recinto posterior de acero</li>
<li>UL2043 y UL1480</li>
</ul>
<p>&nbsp;</p>
<p><strong>Aplicaciones</strong></p>
<ul>
<li>Instalación fija en techos y paredes</li>
<li>Bares y restaurantes</li>
</ul>

<h3>Altavoz 2 vías 8&#8243; abierto, para montaje en techo</h3>
<ul>
<li>Altavoz de dos vías de altas prestaciones, para montaje en techo</li>
<li>Transductor de 8&#8243; (200mm) UL94V-0 con cono de polipropileno combinado con carbono</li>
<li>Amplia dispersión: 90° cónica hasta 7kHz</li>
<li>Potencia de 125W (60W a través de transformador)</li>
<li>UL2043 y UL1480</li>
</ul>

<!-- This site is optimized with the Yoast SEO plugin v27.1.1 - https://yoast.com/product/yoast-seo-wordpress/ -->
<title>C8.1T - Audio-Technica Iberia</title>
<meta name="robots" content="index, follow, max-snippet:-1, max-image-preview:large, max-video-preview:-1" />
<link rel="canonical" href="https://distribution.audio-technica.eu/es-es/productos/c8-1t/" />
<meta property="og:locale" content="es_ES" />
<meta property="og:type" content="article" />
<meta property="og:title" content="C8.1T - Audio-Technica Iberia" />
<meta property="og:description" content="Altavoz 2 vías 8&quot; abierto, para montaje en techo  Altavoz de dos vías de altas prestaciones, para montaje en techo  Transductor de 8&quot; (200mm) UL94V-0 con cono de polipropileno combinado con carbono  Amplia dispersión: 90° cónica hasta 7kHz  Potencia de 125W (60W a través de transformador)  UL2043 y UL1480" />
<meta property="og:url" content="https://distribution.audio-technica.eu/es-es/productos/c8-1t/" />
<meta property="og:site_name" content="Audio-Technica Iberia" />
<meta property="article:modified_time" content="2023-07-13T11:01:20+00:00" />
<meta property="og:image" content="https://distribution.audio-technica.eu/app/uploads/sites/2/C8.jpg" />
	<meta property="og:image:width" content="1024" />
	<meta property="og:image:height" content="1024" />
	<meta property="og:image:type" content="image/jpeg" />
<meta name="twitter:card" content="summary_large_image" />
<meta name="twitter:label1" content="Tiempo de lectura" />
	<meta name="twitter:data1" content="1 minuto" />
<script type="application/ld+json" class="yoast-schema-graph">{"@context":"https://schema.org","@graph":[{"@type":"WebPage","@id":"https://distribution.audio-technica.eu/es-es/productos/c8-1t/","url":"https://distribution.audio-technica.eu/es-es/productos/c8-1t/","name":"C8.1T - Audio-Technica Iberia","isPartOf":{"@id":"https://distribution.audio-technica.eu/es-es/#website"},"primaryImageOfPage":{"@id":"https://distribution.audio-technica.eu/es-es/productos/c8-1t/#primaryimage"},"image":{"@id":"https://distribution.audio-technica.eu/es-es/productos/c8-1t/#primaryimage"},"thumbnailUrl":"/app/uploads/sites/2/C8.jpg","datePublished":"2019-07-08T08:47:13+00:00","dateModified":"2023-07-13T11:01:20+00:00","breadcrumb":{"@id":"https://distribution.audio-technica.eu/es-es/productos/c8-1t/#breadcrumb"},"inLanguage":"es","potentialAction":[{"@type":"ReadAction","target":["https://distribution.audio-technica.eu/es-es/productos/c8-1t/"]}]},{"@type":"ImageObject","inLanguage":"es","@id":"https://distribution.audio-technica.eu/es-es/productos/c8-1t/#primaryimage","url":"/app/uploads/sites/2/C8.jpg","contentUrl":"/app/uploads/sites/2/C8.jpg","width":1024,"height":1024},{"@type":"BreadcrumbList","@id":"https://distribution.audio-technica.eu/es-es/productos/c8-1t/#breadcrumb","itemListElement":[{"@type":"ListItem","position":1,"name":"Products","item":"https://distribution.audio-technica.eu/es-es/"},{"@type":"ListItem","position":2,"name":"Productos","item":"https://distribution.audio-technica.eu/es-es/productos/"},{"@type":"ListItem","position":3,"name":"C8.1T"}]},{"@type":"WebSite","@id":"https://distribution.audio-technica.eu/es-es/#website","url":"https://distribution.audio-technica.eu/es-es/","name":"Audio-Technica Iberia","description":"Distribución","potentialAction":[{"@type":"SearchAction","target":{"@type":"EntryPoint","urlTemplate":"https://distribution.audio-technica.eu/es-es/?s={search_term_string}"},"query-input":{"@type":"PropertyValueSpecification","valueRequired":true,"valueName":"search_term_string"}}],"inLanguage":"es"}]}</script>
<!-- / Yoast SEO plugin. -->

Altavoz 2 vías 8" abierto, para montaje en techo  Altavoz de dos vías de altas prestaciones, para montaje en techo  Transductor de 8" (200mm) UL94V-0 con cono de polipropileno combinado con carbono  Amplia dispersión: 90° cónica hasta 7kHz  Potencia de 125W (60W a través de transformador)  UL2043 y UL1480

Distribución
