{"id":17720,"date":"2019-07-08T15:36:17","date_gmt":"2019-07-08T13:36:17","guid":{"rendered":"https:\/\/atdb-production.studiograft.dev\/es\/?post_type=product&#038;p=17720"},"modified":"2026-02-19T14:40:10","modified_gmt":"2026-02-19T13:40:10","slug":"cdd6","status":"publish","type":"product","link":"https:\/\/distribution.audio-technica.eu\/es-es\/productos\/cdd6\/","title":{"rendered":"CDD6"},"content":{"rendered":"<h2>CDD6<\/h2>\n<h3>Recinto pasivo ultra-compacto de 2 v\u00edas, altavoz 6,5&#8243; coaxial de dispersi\u00f3n diferencial<\/h3>\n<p>El CDD6 es un altavoz pasivo de dos v\u00edas, dise\u00f1ado para proporcionar una reproducci\u00f3n din\u00e1mica de banda completa a partir de un recinto de tama\u00f1o muy peque\u00f1o. Incorpora un transductor coaxial de 6.5&#8243;(165mm) LF \/ 1&#8243;(25mm) HF de dispersi\u00f3n diferencial; su peque\u00f1o tama\u00f1o y su elegante dise\u00f1o lo convierte en la soluci\u00f3n ideal para aplicaciones donde se precisan cajas poco visibles. Tambi\u00e9n puede ser utilizado como sistema de relleno, en combinaci\u00f3n con otros modelos de la serie CDD; adem\u00e1s, si se combina con un subgrave CSX, podr\u00e1 producir niveles de programa excepcionalmente elevados.<\/p>\n<p>La tecnolog\u00eda coaxial de dispersi\u00f3n diferencial utilizada en el CDD6 proporciona una mejor cobertura que los sistemas que utilizan patrones de cobertura con X\u00b0 x Y\u00b0 fijos, proyectando relativamente m\u00e1s salida en la parte posterior de la audiencia para distribuir el sonido uniformemente de frente hacia atr\u00e1s, mientras ofrece una amplia cobertura horizontal en primer plano. Su innovador transductor CDD consigue una suma de \u2019fuente puntual\u2019 de las secciones LF y HF, eliminando las variaciones fuera del eje en la respuesta en frecuencia en la regi\u00f3n de cruce, asociados a los dise\u00f1os no coaxiales, y manteniendo el patr\u00f3n de dispersi\u00f3n hasta frecuencias muy elevadas.<\/p>\n<p>Este recinto, de aspecto muy distintivo, puede ser utilizado con orientaci\u00f3n vertical u horizontal; el transductor puede ser rotado muy f\u00e1cilmente, simplemente retirando la rejilla protectora, que se sujeta sin necesidad de tornillos. El contorno curvado del recinto permite su montaje en superficie cerca de paredes o techos, con la ayuda de soporte omnidireccional suministrado, o del soporte de montaje pegado a techos, opcional.<\/p>\n<p>Acabado en negro (RAL9005) o blanco (RAL9016) como est\u00e1ndar; tambi\u00e9n puede ser suministrado en cualquier otro color RAL, bajo pedido.<\/p>\n<p>Como sistema pasivo de dos v\u00edas de gama completa, el CDD6 puede ser utilizado en combinaci\u00f3n con un controlador compatible, con los ajustes adecuados de limitaci\u00f3n, que proporcionar\u00e1n protecci\u00f3n al sistema. Las funciones de EQ y limitador de un controlador como el DX0.5 o el DX4.0 de Martin Audio, o de un amplificador IKON, har\u00e1n aumentar considerablemente sus posibilidades.<\/p>\n<p>Cuando se utiliza en combinaci\u00f3n con un subgrave CSX, las funciones de crossover y EQ podr\u00e1 ser realizadas por una unidad DX0.5 o DX4.0, o por un amplificador IKON.<\/p>\n<p>&nbsp;<\/p>\n<p><strong>Caracter\u00edsticas Principales<\/strong><\/p>\n<ul>\n<li>Sistema pasivo de dos v\u00edas CDD, ultra compacto<\/li>\n<li>Tecnolog\u00eda Coaxial Differential Dispersion<\/li>\n<li>Elegante recinto compuesto UPM Formi<\/li>\n<li>Transductor rotable por el usuarioOpci\u00f3n de montaje vertical y horizontal<\/li>\n<li>Rejilla de acero perforado, sin tornillos<\/li>\n<li>Impedancia nominal de 8\u03a9<\/li>\n<li>Discretos accesorios de montaje<\/li>\n<li>Colores est\u00e1ndar: negro y blanco<\/li>\n<\/ul>\n<p>&nbsp;<\/p>\n<p><strong>Aplicaciones<\/strong><\/p>\n<ul>\n<li>Bares y Restaurantes<\/li>\n<li>Museos y espacios AV<\/li>\n<li>Centros de convenciones<\/li>\n<li>Hoteles<\/li>\n<li>Tiendas<\/li>\n<li>Centros de ocio<\/li>\n<li>Templos<\/li>\n<\/ul>\n","protected":false},"excerpt":{"rendered":"<h3>Recinto pasivo ultra-compacto de 2 v\u00edas, altavoz 6,5&#8243; coaxial de dispersi\u00f3n diferencial<\/h3>\n<ul>\n<li>Sistema pasivo de dos v\u00edas CDD, ultra compacto<\/li>\n<li>Tecnolog\u00eda Coaxial Differential Dispersion<\/li>\n<li>Impedancia nominal de 8\u03a9<\/li>\n<li>Potencia: 150W AES, 600W pico<\/li>\n<\/ul>\n","protected":false},"featured_media":17723,"template":"","meta":{"_acf_changed":false},"product_brand":[],"product_cat":[2084,2097,2085,2123],"product_tag":[],"class_list":{"0":"post-17720","1":"product","2":"type-product","3":"status-publish","4":"has-post-thumbnail","6":"product_cat-sistemas-instalacion","7":"product_cat-pasivos-fuente-puntual","8":"product_cat-por-series-martin-audio","9":"product_cat-serie-cdd","10":"product_series-serie-cdd","12":"first","13":"instock","14":"shipping-taxable","15":"product-type-simple"},"acf":[],"yoast_head":"<!-- This site is optimized with the Yoast SEO plugin v27.1.1 - https:\/\/yoast.com\/product\/yoast-seo-wordpress\/ -->\n<title>CDD6 - Audio-Technica Iberia<\/title>\n<meta name=\"robots\" content=\"index, follow, max-snippet:-1, max-image-preview:large, max-video-preview:-1\" \/>\n<link rel=\"canonical\" href=\"https:\/\/distribution.audio-technica.eu\/es-es\/productos\/cdd6\/\" \/>\n<meta property=\"og:locale\" content=\"es_ES\" \/>\n<meta property=\"og:type\" content=\"article\" \/>\n<meta property=\"og:title\" content=\"CDD6 - Audio-Technica Iberia\" \/>\n<meta property=\"og:description\" content=\"Recinto pasivo ultra-compacto de 2 v\u00edas, altavoz 6,5&quot; coaxial de dispersi\u00f3n diferencial   Sistema pasivo de dos v\u00edas CDD, ultra compacto  Tecnolog\u00eda Coaxial Differential Dispersion  Impedancia nominal de 8\u03a9  Potencia: 150W AES, 600W pico\" \/>\n<meta property=\"og:url\" content=\"https:\/\/distribution.audio-technica.eu\/es-es\/productos\/cdd6\/\" \/>\n<meta property=\"og:site_name\" content=\"Audio-Technica Iberia\" \/>\n<meta property=\"article:modified_time\" content=\"2026-02-19T13:40:10+00:00\" \/>\n<meta property=\"og:image\" content=\"https:\/\/distribution.audio-technica.eu\/app\/uploads\/sites\/2\/CDD6-black-side-no-grille.jpg\" \/>\n\t<meta property=\"og:image:width\" content=\"1024\" \/>\n\t<meta property=\"og:image:height\" content=\"1024\" \/>\n\t<meta property=\"og:image:type\" content=\"image\/jpeg\" \/>\n<meta name=\"twitter:card\" content=\"summary_large_image\" \/>\n<meta name=\"twitter:label1\" content=\"Tiempo de lectura\" \/>\n\t<meta name=\"twitter:data1\" content=\"3 minutos\" \/>\n<script type=\"application\/ld+json\" class=\"yoast-schema-graph\">{\"@context\":\"https:\/\/schema.org\",\"@graph\":[{\"@type\":\"WebPage\",\"@id\":\"https:\/\/distribution.audio-technica.eu\/es-es\/productos\/cdd6\/\",\"url\":\"https:\/\/distribution.audio-technica.eu\/es-es\/productos\/cdd6\/\",\"name\":\"CDD6 - Audio-Technica Iberia\",\"isPartOf\":{\"@id\":\"https:\/\/distribution.audio-technica.eu\/es-es\/#website\"},\"primaryImageOfPage\":{\"@id\":\"https:\/\/distribution.audio-technica.eu\/es-es\/productos\/cdd6\/#primaryimage\"},\"image\":{\"@id\":\"https:\/\/distribution.audio-technica.eu\/es-es\/productos\/cdd6\/#primaryimage\"},\"thumbnailUrl\":\"\/app\/uploads\/sites\/2\/CDD6-black-side-no-grille.jpg\",\"datePublished\":\"2019-07-08T13:36:17+00:00\",\"dateModified\":\"2026-02-19T13:40:10+00:00\",\"breadcrumb\":{\"@id\":\"https:\/\/distribution.audio-technica.eu\/es-es\/productos\/cdd6\/#breadcrumb\"},\"inLanguage\":\"es\",\"potentialAction\":[{\"@type\":\"ReadAction\",\"target\":[\"https:\/\/distribution.audio-technica.eu\/es-es\/productos\/cdd6\/\"]}]},{\"@type\":\"ImageObject\",\"inLanguage\":\"es\",\"@id\":\"https:\/\/distribution.audio-technica.eu\/es-es\/productos\/cdd6\/#primaryimage\",\"url\":\"\/app\/uploads\/sites\/2\/CDD6-black-side-no-grille.jpg\",\"contentUrl\":\"\/app\/uploads\/sites\/2\/CDD6-black-side-no-grille.jpg\",\"width\":1024,\"height\":1024},{\"@type\":\"BreadcrumbList\",\"@id\":\"https:\/\/distribution.audio-technica.eu\/es-es\/productos\/cdd6\/#breadcrumb\",\"itemListElement\":[{\"@type\":\"ListItem\",\"position\":1,\"name\":\"Products\",\"item\":\"https:\/\/distribution.audio-technica.eu\/es-es\/\"},{\"@type\":\"ListItem\",\"position\":2,\"name\":\"Productos\",\"item\":\"https:\/\/distribution.audio-technica.eu\/es-es\/productos\/\"},{\"@type\":\"ListItem\",\"position\":3,\"name\":\"CDD6\"}]},{\"@type\":\"WebSite\",\"@id\":\"https:\/\/distribution.audio-technica.eu\/es-es\/#website\",\"url\":\"https:\/\/distribution.audio-technica.eu\/es-es\/\",\"name\":\"Audio-Technica Iberia\",\"description\":\"Distribuci\u00f3n\",\"potentialAction\":[{\"@type\":\"SearchAction\",\"target\":{\"@type\":\"EntryPoint\",\"urlTemplate\":\"https:\/\/distribution.audio-technica.eu\/es-es\/?s={search_term_string}\"},\"query-input\":{\"@type\":\"PropertyValueSpecification\",\"valueRequired\":true,\"valueName\":\"search_term_string\"}}],\"inLanguage\":\"es\"}]}<\/script>\n<!-- \/ Yoast SEO plugin. -->","yoast_head_json":{"title":"CDD6 - Audio-Technica Iberia","robots":{"index":"index","follow":"follow","max-snippet":"max-snippet:-1","max-image-preview":"max-image-preview:large","max-video-preview":"max-video-preview:-1"},"canonical":"https:\/\/distribution.audio-technica.eu\/es-es\/productos\/cdd6\/","og_locale":"es_ES","og_type":"article","og_title":"CDD6 - Audio-Technica Iberia","og_description":"Recinto pasivo ultra-compacto de 2 v\u00edas, altavoz 6,5\" coaxial de dispersi\u00f3n diferencial   Sistema pasivo de dos v\u00edas CDD, ultra compacto  Tecnolog\u00eda Coaxial Differential Dispersion  Impedancia nominal de 8\u03a9  Potencia: 150W AES, 600W pico","og_url":"https:\/\/distribution.audio-technica.eu\/es-es\/productos\/cdd6\/","og_site_name":"Audio-Technica Iberia","article_modified_time":"2026-02-19T13:40:10+00:00","og_image":[{"width":1024,"height":1024,"url":"https:\/\/distribution.audio-technica.eu\/app\/uploads\/sites\/2\/CDD6-black-side-no-grille.jpg","type":"image\/jpeg"}],"twitter_card":"summary_large_image","twitter_misc":{"Tiempo de lectura":"3 minutos"},"schema":{"@context":"https:\/\/schema.org","@graph":[{"@type":"WebPage","@id":"https:\/\/distribution.audio-technica.eu\/es-es\/productos\/cdd6\/","url":"https:\/\/distribution.audio-technica.eu\/es-es\/productos\/cdd6\/","name":"CDD6 - Audio-Technica Iberia","isPartOf":{"@id":"https:\/\/distribution.audio-technica.eu\/es-es\/#website"},"primaryImageOfPage":{"@id":"https:\/\/distribution.audio-technica.eu\/es-es\/productos\/cdd6\/#primaryimage"},"image":{"@id":"https:\/\/distribution.audio-technica.eu\/es-es\/productos\/cdd6\/#primaryimage"},"thumbnailUrl":"\/app\/uploads\/sites\/2\/CDD6-black-side-no-grille.jpg","datePublished":"2019-07-08T13:36:17+00:00","dateModified":"2026-02-19T13:40:10+00:00","breadcrumb":{"@id":"https:\/\/distribution.audio-technica.eu\/es-es\/productos\/cdd6\/#breadcrumb"},"inLanguage":"es","potentialAction":[{"@type":"ReadAction","target":["https:\/\/distribution.audio-technica.eu\/es-es\/productos\/cdd6\/"]}]},{"@type":"ImageObject","inLanguage":"es","@id":"https:\/\/distribution.audio-technica.eu\/es-es\/productos\/cdd6\/#primaryimage","url":"\/app\/uploads\/sites\/2\/CDD6-black-side-no-grille.jpg","contentUrl":"\/app\/uploads\/sites\/2\/CDD6-black-side-no-grille.jpg","width":1024,"height":1024},{"@type":"BreadcrumbList","@id":"https:\/\/distribution.audio-technica.eu\/es-es\/productos\/cdd6\/#breadcrumb","itemListElement":[{"@type":"ListItem","position":1,"name":"Products","item":"https:\/\/distribution.audio-technica.eu\/es-es\/"},{"@type":"ListItem","position":2,"name":"Productos","item":"https:\/\/distribution.audio-technica.eu\/es-es\/productos\/"},{"@type":"ListItem","position":3,"name":"CDD6"}]},{"@type":"WebSite","@id":"https:\/\/distribution.audio-technica.eu\/es-es\/#website","url":"https:\/\/distribution.audio-technica.eu\/es-es\/","name":"Audio-Technica Iberia","description":"Distribuci\u00f3n","potentialAction":[{"@type":"SearchAction","target":{"@type":"EntryPoint","urlTemplate":"https:\/\/distribution.audio-technica.eu\/es-es\/?s={search_term_string}"},"query-input":{"@type":"PropertyValueSpecification","valueRequired":true,"valueName":"search_term_string"}}],"inLanguage":"es"}]}},"_links":{"self":[{"href":"https:\/\/distribution.audio-technica.eu\/es-es\/wp-json\/wp\/v2\/product\/17720","targetHints":{"allow":["GET"]}}],"collection":[{"href":"https:\/\/distribution.audio-technica.eu\/es-es\/wp-json\/wp\/v2\/product"}],"about":[{"href":"https:\/\/distribution.audio-technica.eu\/es-es\/wp-json\/wp\/v2\/types\/product"}],"wp:featuredmedia":[{"embeddable":true,"href":"https:\/\/distribution.audio-technica.eu\/es-es\/wp-json\/wp\/v2\/media\/17723"}],"wp:attachment":[{"href":"https:\/\/distribution.audio-technica.eu\/es-es\/wp-json\/wp\/v2\/media?parent=17720"}],"wp:term":[{"taxonomy":"product_brand","embeddable":true,"href":"https:\/\/distribution.audio-technica.eu\/es-es\/wp-json\/wp\/v2\/product_brand?post=17720"},{"taxonomy":"product_cat","embeddable":true,"href":"https:\/\/distribution.audio-technica.eu\/es-es\/wp-json\/wp\/v2\/product_cat?post=17720"},{"taxonomy":"product_tag","embeddable":true,"href":"https:\/\/distribution.audio-technica.eu\/es-es\/wp-json\/wp\/v2\/product_tag?post=17720"}],"curies":[{"name":"wp","href":"https:\/\/api.w.org\/{rel}","templated":true}]}}

<h2>CDD6</h2>
<h3>Recinto pasivo ultra-compacto de 2 vías, altavoz 6,5&#8243; coaxial de dispersión diferencial</h3>
<p>El CDD6 es un altavoz pasivo de dos vías, diseñado para proporcionar una reproducción dinámica de banda completa a partir de un recinto de tamaño muy pequeño. Incorpora un transductor coaxial de 6.5&#8243;(165mm) LF / 1&#8243;(25mm) HF de dispersión diferencial; su pequeño tamaño y su elegante diseño lo convierte en la solución ideal para aplicaciones donde se precisan cajas poco visibles. También puede ser utilizado como sistema de relleno, en combinación con otros modelos de la serie CDD; además, si se combina con un subgrave CSX, podrá producir niveles de programa excepcionalmente elevados.</p>
<p>La tecnología coaxial de dispersión diferencial utilizada en el CDD6 proporciona una mejor cobertura que los sistemas que utilizan patrones de cobertura con X° x Y° fijos, proyectando relativamente más salida en la parte posterior de la audiencia para distribuir el sonido uniformemente de frente hacia atrás, mientras ofrece una amplia cobertura horizontal en primer plano. Su innovador transductor CDD consigue una suma de ’fuente puntual’ de las secciones LF y HF, eliminando las variaciones fuera del eje en la respuesta en frecuencia en la región de cruce, asociados a los diseños no coaxiales, y manteniendo el patrón de dispersión hasta frecuencias muy elevadas.</p>
<p>Este recinto, de aspecto muy distintivo, puede ser utilizado con orientación vertical u horizontal; el transductor puede ser rotado muy fácilmente, simplemente retirando la rejilla protectora, que se sujeta sin necesidad de tornillos. El contorno curvado del recinto permite su montaje en superficie cerca de paredes o techos, con la ayuda de soporte omnidireccional suministrado, o del soporte de montaje pegado a techos, opcional.</p>
<p>Acabado en negro (RAL9005) o blanco (RAL9016) como estándar; también puede ser suministrado en cualquier otro color RAL, bajo pedido.</p>
<p>Como sistema pasivo de dos vías de gama completa, el CDD6 puede ser utilizado en combinación con un controlador compatible, con los ajustes adecuados de limitación, que proporcionarán protección al sistema. Las funciones de EQ y limitador de un controlador como el DX0.5 o el DX4.0 de Martin Audio, o de un amplificador IKON, harán aumentar considerablemente sus posibilidades.</p>
<p>Cuando se utiliza en combinación con un subgrave CSX, las funciones de crossover y EQ podrá ser realizadas por una unidad DX0.5 o DX4.0, o por un amplificador IKON.</p>
<p>&nbsp;</p>
<p><strong>Características Principales</strong></p>
<ul>
<li>Sistema pasivo de dos vías CDD, ultra compacto</li>
<li>Tecnología Coaxial Differential Dispersion</li>
<li>Elegante recinto compuesto UPM Formi</li>
<li>Transductor rotable por el usuarioOpción de montaje vertical y horizontal</li>
<li>Rejilla de acero perforado, sin tornillos</li>
<li>Impedancia nominal de 8Ω</li>
<li>Discretos accesorios de montaje</li>
<li>Colores estándar: negro y blanco</li>
</ul>
<p>&nbsp;</p>
<p><strong>Aplicaciones</strong></p>
<ul>
<li>Bares y Restaurantes</li>
<li>Museos y espacios AV</li>
<li>Centros de convenciones</li>
<li>Hoteles</li>
<li>Tiendas</li>
<li>Centros de ocio</li>
<li>Templos</li>
</ul>

<h3>Recinto pasivo ultra-compacto de 2 vías, altavoz 6,5&#8243; coaxial de dispersión diferencial</h3>
<ul>
<li>Sistema pasivo de dos vías CDD, ultra compacto</li>
<li>Tecnología Coaxial Differential Dispersion</li>
<li>Impedancia nominal de 8Ω</li>
<li>Potencia: 150W AES, 600W pico</li>
</ul>

<!-- This site is optimized with the Yoast SEO plugin v27.1.1 - https://yoast.com/product/yoast-seo-wordpress/ -->
<title>CDD6 - Audio-Technica Iberia</title>
<meta name="robots" content="index, follow, max-snippet:-1, max-image-preview:large, max-video-preview:-1" />
<link rel="canonical" href="https://distribution.audio-technica.eu/es-es/productos/cdd6/" />
<meta property="og:locale" content="es_ES" />
<meta property="og:type" content="article" />
<meta property="og:title" content="CDD6 - Audio-Technica Iberia" />
<meta property="og:description" content="Recinto pasivo ultra-compacto de 2 vías, altavoz 6,5&quot; coaxial de dispersión diferencial   Sistema pasivo de dos vías CDD, ultra compacto  Tecnología Coaxial Differential Dispersion  Impedancia nominal de 8Ω  Potencia: 150W AES, 600W pico" />
<meta property="og:url" content="https://distribution.audio-technica.eu/es-es/productos/cdd6/" />
<meta property="og:site_name" content="Audio-Technica Iberia" />
<meta property="article:modified_time" content="2026-02-19T13:40:10+00:00" />
<meta property="og:image" content="https://distribution.audio-technica.eu/app/uploads/sites/2/CDD6-black-side-no-grille.jpg" />
	<meta property="og:image:width" content="1024" />
	<meta property="og:image:height" content="1024" />
	<meta property="og:image:type" content="image/jpeg" />
<meta name="twitter:card" content="summary_large_image" />
<meta name="twitter:label1" content="Tiempo de lectura" />
	<meta name="twitter:data1" content="3 minutos" />
<script type="application/ld+json" class="yoast-schema-graph">{"@context":"https://schema.org","@graph":[{"@type":"WebPage","@id":"https://distribution.audio-technica.eu/es-es/productos/cdd6/","url":"https://distribution.audio-technica.eu/es-es/productos/cdd6/","name":"CDD6 - Audio-Technica Iberia","isPartOf":{"@id":"https://distribution.audio-technica.eu/es-es/#website"},"primaryImageOfPage":{"@id":"https://distribution.audio-technica.eu/es-es/productos/cdd6/#primaryimage"},"image":{"@id":"https://distribution.audio-technica.eu/es-es/productos/cdd6/#primaryimage"},"thumbnailUrl":"/app/uploads/sites/2/CDD6-black-side-no-grille.jpg","datePublished":"2019-07-08T13:36:17+00:00","dateModified":"2026-02-19T13:40:10+00:00","breadcrumb":{"@id":"https://distribution.audio-technica.eu/es-es/productos/cdd6/#breadcrumb"},"inLanguage":"es","potentialAction":[{"@type":"ReadAction","target":["https://distribution.audio-technica.eu/es-es/productos/cdd6/"]}]},{"@type":"ImageObject","inLanguage":"es","@id":"https://distribution.audio-technica.eu/es-es/productos/cdd6/#primaryimage","url":"/app/uploads/sites/2/CDD6-black-side-no-grille.jpg","contentUrl":"/app/uploads/sites/2/CDD6-black-side-no-grille.jpg","width":1024,"height":1024},{"@type":"BreadcrumbList","@id":"https://distribution.audio-technica.eu/es-es/productos/cdd6/#breadcrumb","itemListElement":[{"@type":"ListItem","position":1,"name":"Products","item":"https://distribution.audio-technica.eu/es-es/"},{"@type":"ListItem","position":2,"name":"Productos","item":"https://distribution.audio-technica.eu/es-es/productos/"},{"@type":"ListItem","position":3,"name":"CDD6"}]},{"@type":"WebSite","@id":"https://distribution.audio-technica.eu/es-es/#website","url":"https://distribution.audio-technica.eu/es-es/","name":"Audio-Technica Iberia","description":"Distribución","potentialAction":[{"@type":"SearchAction","target":{"@type":"EntryPoint","urlTemplate":"https://distribution.audio-technica.eu/es-es/?s={search_term_string}"},"query-input":{"@type":"PropertyValueSpecification","valueRequired":true,"valueName":"search_term_string"}}],"inLanguage":"es"}]}</script>
<!-- / Yoast SEO plugin. -->

Recinto pasivo ultra-compacto de 2 vías, altavoz 6,5" coaxial de dispersión diferencial   Sistema pasivo de dos vías CDD, ultra compacto  Tecnología Coaxial Differential Dispersion  Impedancia nominal de 8Ω  Potencia: 150W AES, 600W pico

Distribución
