{"id":17744,"date":"2019-07-08T16:49:02","date_gmt":"2019-07-08T14:49:02","guid":{"rendered":"https:\/\/atdb-production.studiograft.dev\/es\/?post_type=product&#038;p=17744"},"modified":"2026-02-19T14:40:00","modified_gmt":"2026-02-19T13:40:00","slug":"cdd5tx-wr","status":"publish","type":"product","link":"https:\/\/distribution.audio-technica.eu\/es-es\/productos\/cdd5tx-wr\/","title":{"rendered":"CDD5TX-WR"},"content":{"rendered":"<h2>CDD5TX-WR<\/h2>\n<h3>Recinto pasivo ultra-compacto 2 v\u00edas, 5,25&#8243; coaxial de dispersi\u00f3n diferencial, intemperie, 100V<\/h3>\n<p>El CDD5TX-WR es un micro altavoz pasivo de dos v\u00edas, preparado para soportar las inclemencias clim\u00e1ticas, que incorpora un transformador de l\u00ednea de 70V\/100V, y que ha sido dise\u00f1ado para permitir un posicionamiento discreto en cualquier instalaci\u00f3n, como por ejemplo, en bares, museos, vest\u00edbulos, concursos, centros de exposici\u00f3n, templos, adem\u00e1s de en aplicaciones en exteriores en las que podr\u00e1 soportar las diversas condiciones ambientales cuando est\u00e1 protegido de la exposici\u00f3n directa a los elementos. Incorpora un \u00fanico transductor coaxial de dispersi\u00f3n diferencial de 5&#8243;(125mm) LF \/ 0.7&#8243;(19mm) HF, alojado en un r\u00edgido recinto de ABS moldeado, equipado con un prensaestopas doble para facilitar el encadenamiento de recintos sin necesidad de cajas de conexiones externas; se suministra tambi\u00e9n con un soporte omnidireccional, tambi\u00e9n dise\u00f1ado para soportar las inclemencias clim\u00e1ticas.<\/p>\n<p>La tecnolog\u00eda coaxial de dispersi\u00f3n diferencial utilizada en el CDD5TX-WR proporciona una mejor cobertura que los sistemas que utilizan patrones de cobertura con X\u00b0 x Y\u00b0 fijos, proyectando relativamente m\u00e1s salida en la parte posterior de la audiencia para distribuir el sonido uniformemente de frente hacia atr\u00e1s, mientras ofrece una amplia cobertura horizontal en primer plano. Su innovador transductor CDD consigue una suma de \u2019fuente puntual\u2019 de las secciones LF y HF, eliminando las variaciones fuera del eje en la respuesta en frecuencia en la regi\u00f3n de cruce, asociados a los dise\u00f1os no coaxiales.<\/p>\n<p>Al mejorar los dise\u00f1os coaxiales convencionales, que pueden sufrir dispersiones en las altas frecuencias, el transductor presenta una gu\u00eda de onda est\u00e1tica que ofrece una perfecta forma de cono, manteniendo el patr\u00f3n de dispersi\u00f3n a frecuencias muy altas.<\/p>\n<p>Este recinto, de aspecto muy distintivo, puede ser utilizado con orientaci\u00f3n vertical u horizontal; el transductor puede ser rotado muy f\u00e1cilmente, simplemente retirando la rejilla protectora, que se sujeta sin necesidad de tornillos. El contorno curvado del recinto permite su montaje en superficie cerca de paredes o techos, con la ayuda de soporte omnidireccional suministrado, o del soporte de montaje pegado a techos, opcional.<\/p>\n<p>CDD5TX-WR incorpora una rejilla protectora frente a las part\u00edculas y el agua, construida con acero recubierto de cinc, con acabado de polvo electroest\u00e1tico, adecuado para temperaturas ambientales entre -20\u00b0C y +70\u00b0C, y medioambientalmente comprobado para cumplir con la especificaci\u00f3n IP54. Como est\u00e1ndar, acabado en negro (RAL9005) o blanco (RAL9016).<\/p>\n<p>Cuando se utiliza en combinaci\u00f3n con el subgrave CSX, las funciones de crossover y EQ pueden ser realizadas por las unidades DX0.5, DX4.0 o un amplificador IKON.<\/p>\n<p>&nbsp;<\/p>\n<p><strong>Caracter\u00edsticas Principales<\/strong><\/p>\n<ul>\n<li>Sistema 2 v\u00edas pasivo CDD, ultra compacto<\/li>\n<li>Tecnolog\u00eda Coaxial Differential Dispersion<\/li>\n<li>Elegante recinto de ABS moldeado<\/li>\n<li>Funcionamiento en exteriores cuando est\u00e1 protegido de la exposici\u00f3n directa a los elementos<\/li>\n<li>Temperatura operativa de -20\u00b0C a +70\u00b0C<\/li>\n<li>Comprobado medioambientalmente para cumplir con la especificaci\u00f3n IP54<\/li>\n<li>Transductor coaxial rotable por el usuario<\/li>\n<li>Opciones de montaje Vertical y horizontal<\/li>\n<li>Rejilla resistente a las part\u00edculas y al agua, sin tornillos<\/li>\n<li>Impedancia nominal de 8\u03a9<\/li>\n<li>Discretos accesorios de montaje, resistentes a las inclemencias del tiempo<\/li>\n<li>Como est\u00e1ndar, disponible en negro o blanco<\/li>\n<li>Transformador de l\u00ednea de 70V\/100V<\/li>\n<li>Se suministra con soporte de montaje impermeabilizado con ajuste de giro e inclinaci\u00f3n<\/li>\n<\/ul>\n<p>&nbsp;<\/p>\n<p><strong>Aplicaciones<\/strong><\/p>\n<ul>\n<li>Bares y restaurantes<\/li>\n<li>Museos y espacios AV<\/li>\n<li>Centros de convenciones<\/li>\n<li>Hoteles<\/li>\n<li>Tiendas<\/li>\n<li>Centros de ocio<\/li>\n<li>Templos<\/li>\n<li>Restaurantes en el exterior, terrazas, espacios hoteleros<\/li>\n<li>Sistemas de campo cercano en exteriores<\/li>\n<li>Centros de transporte<\/li>\n<li>Concursos y parques tem\u00e1ticos<\/li>\n<\/ul>\n","protected":false},"excerpt":{"rendered":"<h3>Recinto pasivo ultra-compacto 2 v\u00edas, 5,25&#8243; coaxial de dispersi\u00f3n diferencial, intemperie, 100V<\/h3>\n<ul>\n<li>Sistema 2 v\u00edas pasivo CDD, ultra compacto<\/li>\n<li>Tecnolog\u00eda Coaxial Differential Dispersion<\/li>\n<li>Funcionamiento en exteriores<\/li>\n<li>Impedancia nominal de 8\u03a9<\/li>\n<li>Transformador de l\u00ednea de 70V\/100V<\/li>\n<\/ul>\n","protected":false},"featured_media":17729,"template":"","meta":{"_acf_changed":false},"product_brand":[],"product_cat":[2084,2098,2085,2122],"product_tag":[],"class_list":{"0":"post-17744","1":"product","2":"type-product","3":"status-publish","4":"has-post-thumbnail","6":"product_cat-sistemas-instalacion","7":"product_cat-intemperie","8":"product_cat-por-series-martin-audio","9":"product_cat-serie-cdd-wr","10":"product_series-serie-cdd-wr","12":"first","13":"instock","14":"shipping-taxable","15":"product-type-simple"},"acf":[],"yoast_head":"<!-- This site is optimized with the Yoast SEO plugin v27.1.1 - https:\/\/yoast.com\/product\/yoast-seo-wordpress\/ -->\n<title>CDD5TX-WR - Audio-Technica Iberia<\/title>\n<meta name=\"robots\" content=\"index, follow, max-snippet:-1, max-image-preview:large, max-video-preview:-1\" \/>\n<link rel=\"canonical\" href=\"https:\/\/distribution.audio-technica.eu\/es-es\/productos\/cdd5tx-wr\/\" \/>\n<meta property=\"og:locale\" content=\"es_ES\" \/>\n<meta property=\"og:type\" content=\"article\" \/>\n<meta property=\"og:title\" content=\"CDD5TX-WR - Audio-Technica Iberia\" \/>\n<meta property=\"og:description\" content=\"Recinto pasivo ultra-compacto 2 v\u00edas, 5,25&quot; coaxial de dispersi\u00f3n diferencial, intemperie, 100V   Sistema 2 v\u00edas pasivo CDD, ultra compacto  Tecnolog\u00eda Coaxial Differential Dispersion  Funcionamiento en exteriores  Impedancia nominal de 8\u03a9  Transformador de l\u00ednea de 70V\/100V\" \/>\n<meta property=\"og:url\" content=\"https:\/\/distribution.audio-technica.eu\/es-es\/productos\/cdd5tx-wr\/\" \/>\n<meta property=\"og:site_name\" content=\"Audio-Technica Iberia\" \/>\n<meta property=\"article:modified_time\" content=\"2026-02-19T13:40:00+00:00\" \/>\n<meta property=\"og:image\" content=\"https:\/\/distribution.audio-technica.eu\/app\/uploads\/sites\/2\/CDD5TX-WR.jpg\" \/>\n\t<meta property=\"og:image:width\" content=\"1024\" \/>\n\t<meta property=\"og:image:height\" content=\"1024\" \/>\n\t<meta property=\"og:image:type\" content=\"image\/jpeg\" \/>\n<meta name=\"twitter:card\" content=\"summary_large_image\" \/>\n<meta name=\"twitter:label1\" content=\"Tiempo de lectura\" \/>\n\t<meta name=\"twitter:data1\" content=\"3 minutos\" \/>\n<script type=\"application\/ld+json\" class=\"yoast-schema-graph\">{\"@context\":\"https:\/\/schema.org\",\"@graph\":[{\"@type\":\"WebPage\",\"@id\":\"https:\/\/distribution.audio-technica.eu\/es-es\/productos\/cdd5tx-wr\/\",\"url\":\"https:\/\/distribution.audio-technica.eu\/es-es\/productos\/cdd5tx-wr\/\",\"name\":\"CDD5TX-WR - Audio-Technica Iberia\",\"isPartOf\":{\"@id\":\"https:\/\/distribution.audio-technica.eu\/es-es\/#website\"},\"primaryImageOfPage\":{\"@id\":\"https:\/\/distribution.audio-technica.eu\/es-es\/productos\/cdd5tx-wr\/#primaryimage\"},\"image\":{\"@id\":\"https:\/\/distribution.audio-technica.eu\/es-es\/productos\/cdd5tx-wr\/#primaryimage\"},\"thumbnailUrl\":\"\/app\/uploads\/sites\/2\/CDD5TX-WR.jpg\",\"datePublished\":\"2019-07-08T14:49:02+00:00\",\"dateModified\":\"2026-02-19T13:40:00+00:00\",\"breadcrumb\":{\"@id\":\"https:\/\/distribution.audio-technica.eu\/es-es\/productos\/cdd5tx-wr\/#breadcrumb\"},\"inLanguage\":\"es\",\"potentialAction\":[{\"@type\":\"ReadAction\",\"target\":[\"https:\/\/distribution.audio-technica.eu\/es-es\/productos\/cdd5tx-wr\/\"]}]},{\"@type\":\"ImageObject\",\"inLanguage\":\"es\",\"@id\":\"https:\/\/distribution.audio-technica.eu\/es-es\/productos\/cdd5tx-wr\/#primaryimage\",\"url\":\"\/app\/uploads\/sites\/2\/CDD5TX-WR.jpg\",\"contentUrl\":\"\/app\/uploads\/sites\/2\/CDD5TX-WR.jpg\",\"width\":1024,\"height\":1024},{\"@type\":\"BreadcrumbList\",\"@id\":\"https:\/\/distribution.audio-technica.eu\/es-es\/productos\/cdd5tx-wr\/#breadcrumb\",\"itemListElement\":[{\"@type\":\"ListItem\",\"position\":1,\"name\":\"Products\",\"item\":\"https:\/\/distribution.audio-technica.eu\/es-es\/\"},{\"@type\":\"ListItem\",\"position\":2,\"name\":\"Productos\",\"item\":\"https:\/\/distribution.audio-technica.eu\/es-es\/productos\/\"},{\"@type\":\"ListItem\",\"position\":3,\"name\":\"CDD5TX-WR\"}]},{\"@type\":\"WebSite\",\"@id\":\"https:\/\/distribution.audio-technica.eu\/es-es\/#website\",\"url\":\"https:\/\/distribution.audio-technica.eu\/es-es\/\",\"name\":\"Audio-Technica Iberia\",\"description\":\"Distribuci\u00f3n\",\"potentialAction\":[{\"@type\":\"SearchAction\",\"target\":{\"@type\":\"EntryPoint\",\"urlTemplate\":\"https:\/\/distribution.audio-technica.eu\/es-es\/?s={search_term_string}\"},\"query-input\":{\"@type\":\"PropertyValueSpecification\",\"valueRequired\":true,\"valueName\":\"search_term_string\"}}],\"inLanguage\":\"es\"}]}<\/script>\n<!-- \/ Yoast SEO plugin. -->","yoast_head_json":{"title":"CDD5TX-WR - Audio-Technica Iberia","robots":{"index":"index","follow":"follow","max-snippet":"max-snippet:-1","max-image-preview":"max-image-preview:large","max-video-preview":"max-video-preview:-1"},"canonical":"https:\/\/distribution.audio-technica.eu\/es-es\/productos\/cdd5tx-wr\/","og_locale":"es_ES","og_type":"article","og_title":"CDD5TX-WR - Audio-Technica Iberia","og_description":"Recinto pasivo ultra-compacto 2 v\u00edas, 5,25\" coaxial de dispersi\u00f3n diferencial, intemperie, 100V   Sistema 2 v\u00edas pasivo CDD, ultra compacto  Tecnolog\u00eda Coaxial Differential Dispersion  Funcionamiento en exteriores  Impedancia nominal de 8\u03a9  Transformador de l\u00ednea de 70V\/100V","og_url":"https:\/\/distribution.audio-technica.eu\/es-es\/productos\/cdd5tx-wr\/","og_site_name":"Audio-Technica Iberia","article_modified_time":"2026-02-19T13:40:00+00:00","og_image":[{"width":1024,"height":1024,"url":"https:\/\/distribution.audio-technica.eu\/app\/uploads\/sites\/2\/CDD5TX-WR.jpg","type":"image\/jpeg"}],"twitter_card":"summary_large_image","twitter_misc":{"Tiempo de lectura":"3 minutos"},"schema":{"@context":"https:\/\/schema.org","@graph":[{"@type":"WebPage","@id":"https:\/\/distribution.audio-technica.eu\/es-es\/productos\/cdd5tx-wr\/","url":"https:\/\/distribution.audio-technica.eu\/es-es\/productos\/cdd5tx-wr\/","name":"CDD5TX-WR - Audio-Technica Iberia","isPartOf":{"@id":"https:\/\/distribution.audio-technica.eu\/es-es\/#website"},"primaryImageOfPage":{"@id":"https:\/\/distribution.audio-technica.eu\/es-es\/productos\/cdd5tx-wr\/#primaryimage"},"image":{"@id":"https:\/\/distribution.audio-technica.eu\/es-es\/productos\/cdd5tx-wr\/#primaryimage"},"thumbnailUrl":"\/app\/uploads\/sites\/2\/CDD5TX-WR.jpg","datePublished":"2019-07-08T14:49:02+00:00","dateModified":"2026-02-19T13:40:00+00:00","breadcrumb":{"@id":"https:\/\/distribution.audio-technica.eu\/es-es\/productos\/cdd5tx-wr\/#breadcrumb"},"inLanguage":"es","potentialAction":[{"@type":"ReadAction","target":["https:\/\/distribution.audio-technica.eu\/es-es\/productos\/cdd5tx-wr\/"]}]},{"@type":"ImageObject","inLanguage":"es","@id":"https:\/\/distribution.audio-technica.eu\/es-es\/productos\/cdd5tx-wr\/#primaryimage","url":"\/app\/uploads\/sites\/2\/CDD5TX-WR.jpg","contentUrl":"\/app\/uploads\/sites\/2\/CDD5TX-WR.jpg","width":1024,"height":1024},{"@type":"BreadcrumbList","@id":"https:\/\/distribution.audio-technica.eu\/es-es\/productos\/cdd5tx-wr\/#breadcrumb","itemListElement":[{"@type":"ListItem","position":1,"name":"Products","item":"https:\/\/distribution.audio-technica.eu\/es-es\/"},{"@type":"ListItem","position":2,"name":"Productos","item":"https:\/\/distribution.audio-technica.eu\/es-es\/productos\/"},{"@type":"ListItem","position":3,"name":"CDD5TX-WR"}]},{"@type":"WebSite","@id":"https:\/\/distribution.audio-technica.eu\/es-es\/#website","url":"https:\/\/distribution.audio-technica.eu\/es-es\/","name":"Audio-Technica Iberia","description":"Distribuci\u00f3n","potentialAction":[{"@type":"SearchAction","target":{"@type":"EntryPoint","urlTemplate":"https:\/\/distribution.audio-technica.eu\/es-es\/?s={search_term_string}"},"query-input":{"@type":"PropertyValueSpecification","valueRequired":true,"valueName":"search_term_string"}}],"inLanguage":"es"}]}},"_links":{"self":[{"href":"https:\/\/distribution.audio-technica.eu\/es-es\/wp-json\/wp\/v2\/product\/17744","targetHints":{"allow":["GET"]}}],"collection":[{"href":"https:\/\/distribution.audio-technica.eu\/es-es\/wp-json\/wp\/v2\/product"}],"about":[{"href":"https:\/\/distribution.audio-technica.eu\/es-es\/wp-json\/wp\/v2\/types\/product"}],"wp:featuredmedia":[{"embeddable":true,"href":"https:\/\/distribution.audio-technica.eu\/es-es\/wp-json\/wp\/v2\/media\/17729"}],"wp:attachment":[{"href":"https:\/\/distribution.audio-technica.eu\/es-es\/wp-json\/wp\/v2\/media?parent=17744"}],"wp:term":[{"taxonomy":"product_brand","embeddable":true,"href":"https:\/\/distribution.audio-technica.eu\/es-es\/wp-json\/wp\/v2\/product_brand?post=17744"},{"taxonomy":"product_cat","embeddable":true,"href":"https:\/\/distribution.audio-technica.eu\/es-es\/wp-json\/wp\/v2\/product_cat?post=17744"},{"taxonomy":"product_tag","embeddable":true,"href":"https:\/\/distribution.audio-technica.eu\/es-es\/wp-json\/wp\/v2\/product_tag?post=17744"}],"curies":[{"name":"wp","href":"https:\/\/api.w.org\/{rel}","templated":true}]}}

<h2>CDD5TX-WR</h2>
<h3>Recinto pasivo ultra-compacto 2 vías, 5,25&#8243; coaxial de dispersión diferencial, intemperie, 100V</h3>
<p>El CDD5TX-WR es un micro altavoz pasivo de dos vías, preparado para soportar las inclemencias climáticas, que incorpora un transformador de línea de 70V/100V, y que ha sido diseñado para permitir un posicionamiento discreto en cualquier instalación, como por ejemplo, en bares, museos, vestíbulos, concursos, centros de exposición, templos, además de en aplicaciones en exteriores en las que podrá soportar las diversas condiciones ambientales cuando está protegido de la exposición directa a los elementos. Incorpora un único transductor coaxial de dispersión diferencial de 5&#8243;(125mm) LF / 0.7&#8243;(19mm) HF, alojado en un rígido recinto de ABS moldeado, equipado con un prensaestopas doble para facilitar el encadenamiento de recintos sin necesidad de cajas de conexiones externas; se suministra también con un soporte omnidireccional, también diseñado para soportar las inclemencias climáticas.</p>
<p>La tecnología coaxial de dispersión diferencial utilizada en el CDD5TX-WR proporciona una mejor cobertura que los sistemas que utilizan patrones de cobertura con X° x Y° fijos, proyectando relativamente más salida en la parte posterior de la audiencia para distribuir el sonido uniformemente de frente hacia atrás, mientras ofrece una amplia cobertura horizontal en primer plano. Su innovador transductor CDD consigue una suma de ’fuente puntual’ de las secciones LF y HF, eliminando las variaciones fuera del eje en la respuesta en frecuencia en la región de cruce, asociados a los diseños no coaxiales.</p>
<p>Al mejorar los diseños coaxiales convencionales, que pueden sufrir dispersiones en las altas frecuencias, el transductor presenta una guía de onda estática que ofrece una perfecta forma de cono, manteniendo el patrón de dispersión a frecuencias muy altas.</p>
<p>Este recinto, de aspecto muy distintivo, puede ser utilizado con orientación vertical u horizontal; el transductor puede ser rotado muy fácilmente, simplemente retirando la rejilla protectora, que se sujeta sin necesidad de tornillos. El contorno curvado del recinto permite su montaje en superficie cerca de paredes o techos, con la ayuda de soporte omnidireccional suministrado, o del soporte de montaje pegado a techos, opcional.</p>
<p>CDD5TX-WR incorpora una rejilla protectora frente a las partículas y el agua, construida con acero recubierto de cinc, con acabado de polvo electroestático, adecuado para temperaturas ambientales entre -20°C y +70°C, y medioambientalmente comprobado para cumplir con la especificación IP54. Como estándar, acabado en negro (RAL9005) o blanco (RAL9016).</p>
<p>Cuando se utiliza en combinación con el subgrave CSX, las funciones de crossover y EQ pueden ser realizadas por las unidades DX0.5, DX4.0 o un amplificador IKON.</p>
<p>&nbsp;</p>
<p><strong>Características Principales</strong></p>
<ul>
<li>Sistema 2 vías pasivo CDD, ultra compacto</li>
<li>Tecnología Coaxial Differential Dispersion</li>
<li>Elegante recinto de ABS moldeado</li>
<li>Funcionamiento en exteriores cuando está protegido de la exposición directa a los elementos</li>
<li>Temperatura operativa de -20°C a +70°C</li>
<li>Comprobado medioambientalmente para cumplir con la especificación IP54</li>
<li>Transductor coaxial rotable por el usuario</li>
<li>Opciones de montaje Vertical y horizontal</li>
<li>Rejilla resistente a las partículas y al agua, sin tornillos</li>
<li>Impedancia nominal de 8Ω</li>
<li>Discretos accesorios de montaje, resistentes a las inclemencias del tiempo</li>
<li>Como estándar, disponible en negro o blanco</li>
<li>Transformador de línea de 70V/100V</li>
<li>Se suministra con soporte de montaje impermeabilizado con ajuste de giro e inclinación</li>
</ul>
<p>&nbsp;</p>
<p><strong>Aplicaciones</strong></p>
<ul>
<li>Bares y restaurantes</li>
<li>Museos y espacios AV</li>
<li>Centros de convenciones</li>
<li>Hoteles</li>
<li>Tiendas</li>
<li>Centros de ocio</li>
<li>Templos</li>
<li>Restaurantes en el exterior, terrazas, espacios hoteleros</li>
<li>Sistemas de campo cercano en exteriores</li>
<li>Centros de transporte</li>
<li>Concursos y parques temáticos</li>
</ul>

<h3>Recinto pasivo ultra-compacto 2 vías, 5,25&#8243; coaxial de dispersión diferencial, intemperie, 100V</h3>
<ul>
<li>Sistema 2 vías pasivo CDD, ultra compacto</li>
<li>Tecnología Coaxial Differential Dispersion</li>
<li>Funcionamiento en exteriores</li>
<li>Impedancia nominal de 8Ω</li>
<li>Transformador de línea de 70V/100V</li>
</ul>

<!-- This site is optimized with the Yoast SEO plugin v27.1.1 - https://yoast.com/product/yoast-seo-wordpress/ -->
<title>CDD5TX-WR - Audio-Technica Iberia</title>
<meta name="robots" content="index, follow, max-snippet:-1, max-image-preview:large, max-video-preview:-1" />
<link rel="canonical" href="https://distribution.audio-technica.eu/es-es/productos/cdd5tx-wr/" />
<meta property="og:locale" content="es_ES" />
<meta property="og:type" content="article" />
<meta property="og:title" content="CDD5TX-WR - Audio-Technica Iberia" />
<meta property="og:description" content="Recinto pasivo ultra-compacto 2 vías, 5,25&quot; coaxial de dispersión diferencial, intemperie, 100V   Sistema 2 vías pasivo CDD, ultra compacto  Tecnología Coaxial Differential Dispersion  Funcionamiento en exteriores  Impedancia nominal de 8Ω  Transformador de línea de 70V/100V" />
<meta property="og:url" content="https://distribution.audio-technica.eu/es-es/productos/cdd5tx-wr/" />
<meta property="og:site_name" content="Audio-Technica Iberia" />
<meta property="article:modified_time" content="2026-02-19T13:40:00+00:00" />
<meta property="og:image" content="https://distribution.audio-technica.eu/app/uploads/sites/2/CDD5TX-WR.jpg" />
	<meta property="og:image:width" content="1024" />
	<meta property="og:image:height" content="1024" />
	<meta property="og:image:type" content="image/jpeg" />
<meta name="twitter:card" content="summary_large_image" />
<meta name="twitter:label1" content="Tiempo de lectura" />
	<meta name="twitter:data1" content="3 minutos" />
<script type="application/ld+json" class="yoast-schema-graph">{"@context":"https://schema.org","@graph":[{"@type":"WebPage","@id":"https://distribution.audio-technica.eu/es-es/productos/cdd5tx-wr/","url":"https://distribution.audio-technica.eu/es-es/productos/cdd5tx-wr/","name":"CDD5TX-WR - Audio-Technica Iberia","isPartOf":{"@id":"https://distribution.audio-technica.eu/es-es/#website"},"primaryImageOfPage":{"@id":"https://distribution.audio-technica.eu/es-es/productos/cdd5tx-wr/#primaryimage"},"image":{"@id":"https://distribution.audio-technica.eu/es-es/productos/cdd5tx-wr/#primaryimage"},"thumbnailUrl":"/app/uploads/sites/2/CDD5TX-WR.jpg","datePublished":"2019-07-08T14:49:02+00:00","dateModified":"2026-02-19T13:40:00+00:00","breadcrumb":{"@id":"https://distribution.audio-technica.eu/es-es/productos/cdd5tx-wr/#breadcrumb"},"inLanguage":"es","potentialAction":[{"@type":"ReadAction","target":["https://distribution.audio-technica.eu/es-es/productos/cdd5tx-wr/"]}]},{"@type":"ImageObject","inLanguage":"es","@id":"https://distribution.audio-technica.eu/es-es/productos/cdd5tx-wr/#primaryimage","url":"/app/uploads/sites/2/CDD5TX-WR.jpg","contentUrl":"/app/uploads/sites/2/CDD5TX-WR.jpg","width":1024,"height":1024},{"@type":"BreadcrumbList","@id":"https://distribution.audio-technica.eu/es-es/productos/cdd5tx-wr/#breadcrumb","itemListElement":[{"@type":"ListItem","position":1,"name":"Products","item":"https://distribution.audio-technica.eu/es-es/"},{"@type":"ListItem","position":2,"name":"Productos","item":"https://distribution.audio-technica.eu/es-es/productos/"},{"@type":"ListItem","position":3,"name":"CDD5TX-WR"}]},{"@type":"WebSite","@id":"https://distribution.audio-technica.eu/es-es/#website","url":"https://distribution.audio-technica.eu/es-es/","name":"Audio-Technica Iberia","description":"Distribución","potentialAction":[{"@type":"SearchAction","target":{"@type":"EntryPoint","urlTemplate":"https://distribution.audio-technica.eu/es-es/?s={search_term_string}"},"query-input":{"@type":"PropertyValueSpecification","valueRequired":true,"valueName":"search_term_string"}}],"inLanguage":"es"}]}</script>
<!-- / Yoast SEO plugin. -->

Recinto pasivo ultra-compacto 2 vías, 5,25" coaxial de dispersión diferencial, intemperie, 100V   Sistema 2 vías pasivo CDD, ultra compacto  Tecnología Coaxial Differential Dispersion  Funcionamiento en exteriores  Impedancia nominal de 8Ω  Transformador de línea de 70V/100V

Distribución
