{"id":18847,"date":"2019-10-01T18:10:32","date_gmt":"2019-10-01T16:10:32","guid":{"rendered":"https:\/\/atdb-production.studiograft.dev\/es\/?post_type=product&#038;p=18847"},"modified":"2023-07-13T13:34:31","modified_gmt":"2023-07-13T11:34:31","slug":"w371-sam","status":"publish","type":"product","link":"https:\/\/distribution.audio-technica.eu\/es-es\/productos\/w371-sam\/","title":{"rendered":"W371"},"content":{"rendered":"<h2>W371<\/h2>\n<h3>Grave adaptativo autoamplificado inteligente de 14&#8243; + 12&#8243; para Serie \u00abThe Ones\u00bb<\/h3>\n<p>El W371 es una absoluta revoluci\u00f3n en la reproducci\u00f3n de graves, ya que elimina definitivamente las influencias negativas de la habitaci\u00f3n sobre la reproducci\u00f3n de graves.<\/p>\n<p>El W371 ha sido dise\u00f1ado para complementar perfectamente a los monitores 8341, 8351 y 8361 de la serie The Ones y, conjuntamente con estos modelos, crear una serie de soluciones de monitorizaci\u00f3n de gama completa capaces de ofrecer una neutralidad sin precedentes, y los m\u00e1ximos niveles de control sobre la direccionalidad y los efectos de la ac\u00fastica de la sala.<\/p>\n<p>Por primera vez, su estudio puede tener todas las ventajas de un monitor principal, pero con la libertad de poder colocar este sistema independiente en la posici\u00f3n \u00f3ptima dentro de la sala de control; ofrece incluso la posibilidad de conmutar entre monitor de campo cercano y monitor principal, sin desplazamiento de la imagen.<\/p>\n<p>Incorpora dos woofers de altas prestaciones, uno orientado hacia adelante y otro hacia atr\u00e1s, y presenta una amplia paleta de novedosas formas para adaptar cuidadosamente el rendimiento del sistema a la sala en las cuatro octavas cr\u00edticas m\u00e1s bajas, ofreciendo una respuesta de frecuencia en la sala m\u00e1s plana y uniforme con im\u00e1genes LF m\u00e1s coherentes.<\/p>\n<p>Sus tres modos de funcionamiento diferentes permiten que el usuario pueda escoger entre una respuesta LF plana y neutra, evitando los \u2018cortes ac\u00fasticos\u2019, con directividad continua del monitor principal hasta las frecuencias LF m\u00e1s bajas, o reducci\u00f3n de los reflejos perjudiciales en las paredes, techo o suelo de la sala.<\/p>\n<p>El W371 utiliza el potente software GLM para seleccionar y optimizar el procesado de se\u00f1al para obtener el mejor modo de radiaci\u00f3n de los graves, teniendo en cuenta tanto la localizaci\u00f3n del monitor como la posici\u00f3n de escucha.<\/p>\n<p>W371 tambi\u00e9n sirve como soporte para los monitores de tres v\u00edas The One, permitiendo una integraci\u00f3n perfecta. The Ones combinados con W371 ofrecen tres modos diferentes de radiaci\u00f3n de las bajas frecuencias dentro de la sala: el modo complementario, el modo de directividad continua y el modo anti reflexi\u00f3n.<\/p>\n<p>El <strong>modo complementario<\/strong> puede evitar las ca\u00eddas de nivel del sonido a ciertas frecuencias (\u2018cortes ac\u00fasticos\u2019) usando los dos woofers del W371 ubicados de manera diferente en la habitaci\u00f3n, seleccionando el woofer que mejor pueda irradiar el sonido en el punto de escucha. El software GLM tambi\u00e9n ecualiza el W371 con The One para obtener un sonido neutro. Esto ofrece un sonido neutro en bajas frecuencias, con un car\u00e1cter din\u00e1mico.<\/p>\n<p>El <strong>modo de directividad continua<\/strong> usa simult\u00e1neamente los dos woofers del W371 para generar una directividad constante, de forma que esa directividad coincida con la del monitor The One utilizado en combinaci\u00f3n con el W371. Esto crea una directividad continua en el plano horizontal que se extiende a las m\u00e1s bajas frecuencias audibles.<\/p>\n<p>El <strong>modo anti reflexi\u00f3n<\/strong> utiliza simult\u00e1neamente los dos woofers que incorpora el W371 para generar regiones de silencio en ciertas orientaciones. Estas regiones reducen el nivel del sonido reflejado en la gama de frecuencia operativa del W371 producidas por las diferentes superficies de la sala de audici\u00f3n. Esto reduce el acoplamiento ac\u00fastico de la energ\u00eda de baja frecuencia en la reverberaci\u00f3n de la sala, reduciendo los efectos perjudiciales que introduce la ac\u00fastica de la sala.<\/p>\n<p>&nbsp;<\/p>\n","protected":false},"excerpt":{"rendered":"<h3>Grave adaptativo autoamplificado inteligente de 14&#8243; + 12&#8243; para Serie \u00abThe Ones\u00bb<\/h3>\n<ul class=\"summary\">\n<li>SPL 120dB<\/li>\n<li>Complementa a los monitores de la Serie \u00abThe Ones\u00bb<\/li>\n<li>Dos woofers opuestos de 14&#8243; y 12&#8243;<\/li>\n<li>Tres modos de funcionamiento<\/li>\n<li>Compatible GLM<\/li>\n<li>Blindaje magn\u00e9tico<\/li>\n<\/ul>\n<p>&nbsp;<\/p>\n","protected":false},"featured_media":18829,"template":"","meta":{"_acf_changed":false},"product_brand":[],"product_cat":[1394,1395,1404],"product_tag":[],"class_list":{"0":"post-18847","1":"product","2":"type-product","3":"status-publish","4":"has-post-thumbnail","6":"product_cat-monitores-de-estudio","7":"product_cat-por-series-genelec","8":"product_cat-serie-the-ones","9":"product_series-serie-the-ones","11":"first","12":"instock","13":"featured","14":"shipping-taxable","15":"product-type-simple"},"acf":[],"yoast_head":"<!-- This site is optimized with the Yoast SEO plugin v27.1.1 - https:\/\/yoast.com\/product\/yoast-seo-wordpress\/ -->\n<title>W371 - Audio-Technica Iberia<\/title>\n<meta name=\"robots\" content=\"index, follow, max-snippet:-1, max-image-preview:large, max-video-preview:-1\" \/>\n<link rel=\"canonical\" href=\"https:\/\/distribution.audio-technica.eu\/es-es\/productos\/w371-sam\/\" \/>\n<meta property=\"og:locale\" content=\"es_ES\" \/>\n<meta property=\"og:type\" content=\"article\" \/>\n<meta property=\"og:title\" content=\"W371 - Audio-Technica Iberia\" \/>\n<meta property=\"og:description\" content=\"Grave adaptativo autoamplificado inteligente de 14&quot; + 12&quot; para Serie &quot;The Ones&quot;  SPL 120dB  Complementa a los monitores de la Serie &quot;The Ones&quot;  Dos woofers opuestos de 14&quot; y 12&quot;  Tres modos de funcionamiento  Compatible GLM  Blindaje magn\u00e9tico &nbsp;\" \/>\n<meta property=\"og:url\" content=\"https:\/\/distribution.audio-technica.eu\/es-es\/productos\/w371-sam\/\" \/>\n<meta property=\"og:site_name\" content=\"Audio-Technica Iberia\" \/>\n<meta property=\"article:modified_time\" content=\"2023-07-13T11:34:31+00:00\" \/>\n<meta property=\"og:image\" content=\"https:\/\/distribution.audio-technica.eu\/app\/uploads\/sites\/2\/Genelec-W371AMM-k04.jpg\" \/>\n\t<meta property=\"og:image:width\" content=\"1000\" \/>\n\t<meta property=\"og:image:height\" content=\"1000\" \/>\n\t<meta property=\"og:image:type\" content=\"image\/jpeg\" \/>\n<meta name=\"twitter:card\" content=\"summary_large_image\" \/>\n<meta name=\"twitter:label1\" content=\"Tiempo de lectura\" \/>\n\t<meta name=\"twitter:data1\" content=\"3 minutos\" \/>\n<script type=\"application\/ld+json\" class=\"yoast-schema-graph\">{\"@context\":\"https:\/\/schema.org\",\"@graph\":[{\"@type\":\"WebPage\",\"@id\":\"https:\/\/distribution.audio-technica.eu\/es-es\/productos\/w371-sam\/\",\"url\":\"https:\/\/distribution.audio-technica.eu\/es-es\/productos\/w371-sam\/\",\"name\":\"W371 - Audio-Technica Iberia\",\"isPartOf\":{\"@id\":\"https:\/\/distribution.audio-technica.eu\/es-es\/#website\"},\"primaryImageOfPage\":{\"@id\":\"https:\/\/distribution.audio-technica.eu\/es-es\/productos\/w371-sam\/#primaryimage\"},\"image\":{\"@id\":\"https:\/\/distribution.audio-technica.eu\/es-es\/productos\/w371-sam\/#primaryimage\"},\"thumbnailUrl\":\"\/app\/uploads\/sites\/2\/Genelec-W371AMM-k04.jpg\",\"datePublished\":\"2019-10-01T16:10:32+00:00\",\"dateModified\":\"2023-07-13T11:34:31+00:00\",\"breadcrumb\":{\"@id\":\"https:\/\/distribution.audio-technica.eu\/es-es\/productos\/w371-sam\/#breadcrumb\"},\"inLanguage\":\"es\",\"potentialAction\":[{\"@type\":\"ReadAction\",\"target\":[\"https:\/\/distribution.audio-technica.eu\/es-es\/productos\/w371-sam\/\"]}]},{\"@type\":\"ImageObject\",\"inLanguage\":\"es\",\"@id\":\"https:\/\/distribution.audio-technica.eu\/es-es\/productos\/w371-sam\/#primaryimage\",\"url\":\"\/app\/uploads\/sites\/2\/Genelec-W371AMM-k04.jpg\",\"contentUrl\":\"\/app\/uploads\/sites\/2\/Genelec-W371AMM-k04.jpg\",\"width\":1000,\"height\":1000},{\"@type\":\"BreadcrumbList\",\"@id\":\"https:\/\/distribution.audio-technica.eu\/es-es\/productos\/w371-sam\/#breadcrumb\",\"itemListElement\":[{\"@type\":\"ListItem\",\"position\":1,\"name\":\"Products\",\"item\":\"https:\/\/distribution.audio-technica.eu\/es-es\/\"},{\"@type\":\"ListItem\",\"position\":2,\"name\":\"Productos\",\"item\":\"https:\/\/distribution.audio-technica.eu\/es-es\/productos\/\"},{\"@type\":\"ListItem\",\"position\":3,\"name\":\"W371\"}]},{\"@type\":\"WebSite\",\"@id\":\"https:\/\/distribution.audio-technica.eu\/es-es\/#website\",\"url\":\"https:\/\/distribution.audio-technica.eu\/es-es\/\",\"name\":\"Audio-Technica Iberia\",\"description\":\"Distribuci\u00f3n\",\"potentialAction\":[{\"@type\":\"SearchAction\",\"target\":{\"@type\":\"EntryPoint\",\"urlTemplate\":\"https:\/\/distribution.audio-technica.eu\/es-es\/?s={search_term_string}\"},\"query-input\":{\"@type\":\"PropertyValueSpecification\",\"valueRequired\":true,\"valueName\":\"search_term_string\"}}],\"inLanguage\":\"es\"}]}<\/script>\n<!-- \/ Yoast SEO plugin. -->","yoast_head_json":{"title":"W371 - Audio-Technica Iberia","robots":{"index":"index","follow":"follow","max-snippet":"max-snippet:-1","max-image-preview":"max-image-preview:large","max-video-preview":"max-video-preview:-1"},"canonical":"https:\/\/distribution.audio-technica.eu\/es-es\/productos\/w371-sam\/","og_locale":"es_ES","og_type":"article","og_title":"W371 - Audio-Technica Iberia","og_description":"Grave adaptativo autoamplificado inteligente de 14\" + 12\" para Serie \"The Ones\"  SPL 120dB  Complementa a los monitores de la Serie \"The Ones\"  Dos woofers opuestos de 14\" y 12\"  Tres modos de funcionamiento  Compatible GLM  Blindaje magn\u00e9tico &nbsp;","og_url":"https:\/\/distribution.audio-technica.eu\/es-es\/productos\/w371-sam\/","og_site_name":"Audio-Technica Iberia","article_modified_time":"2023-07-13T11:34:31+00:00","og_image":[{"width":1000,"height":1000,"url":"https:\/\/distribution.audio-technica.eu\/app\/uploads\/sites\/2\/Genelec-W371AMM-k04.jpg","type":"image\/jpeg"}],"twitter_card":"summary_large_image","twitter_misc":{"Tiempo de lectura":"3 minutos"},"schema":{"@context":"https:\/\/schema.org","@graph":[{"@type":"WebPage","@id":"https:\/\/distribution.audio-technica.eu\/es-es\/productos\/w371-sam\/","url":"https:\/\/distribution.audio-technica.eu\/es-es\/productos\/w371-sam\/","name":"W371 - Audio-Technica Iberia","isPartOf":{"@id":"https:\/\/distribution.audio-technica.eu\/es-es\/#website"},"primaryImageOfPage":{"@id":"https:\/\/distribution.audio-technica.eu\/es-es\/productos\/w371-sam\/#primaryimage"},"image":{"@id":"https:\/\/distribution.audio-technica.eu\/es-es\/productos\/w371-sam\/#primaryimage"},"thumbnailUrl":"\/app\/uploads\/sites\/2\/Genelec-W371AMM-k04.jpg","datePublished":"2019-10-01T16:10:32+00:00","dateModified":"2023-07-13T11:34:31+00:00","breadcrumb":{"@id":"https:\/\/distribution.audio-technica.eu\/es-es\/productos\/w371-sam\/#breadcrumb"},"inLanguage":"es","potentialAction":[{"@type":"ReadAction","target":["https:\/\/distribution.audio-technica.eu\/es-es\/productos\/w371-sam\/"]}]},{"@type":"ImageObject","inLanguage":"es","@id":"https:\/\/distribution.audio-technica.eu\/es-es\/productos\/w371-sam\/#primaryimage","url":"\/app\/uploads\/sites\/2\/Genelec-W371AMM-k04.jpg","contentUrl":"\/app\/uploads\/sites\/2\/Genelec-W371AMM-k04.jpg","width":1000,"height":1000},{"@type":"BreadcrumbList","@id":"https:\/\/distribution.audio-technica.eu\/es-es\/productos\/w371-sam\/#breadcrumb","itemListElement":[{"@type":"ListItem","position":1,"name":"Products","item":"https:\/\/distribution.audio-technica.eu\/es-es\/"},{"@type":"ListItem","position":2,"name":"Productos","item":"https:\/\/distribution.audio-technica.eu\/es-es\/productos\/"},{"@type":"ListItem","position":3,"name":"W371"}]},{"@type":"WebSite","@id":"https:\/\/distribution.audio-technica.eu\/es-es\/#website","url":"https:\/\/distribution.audio-technica.eu\/es-es\/","name":"Audio-Technica Iberia","description":"Distribuci\u00f3n","potentialAction":[{"@type":"SearchAction","target":{"@type":"EntryPoint","urlTemplate":"https:\/\/distribution.audio-technica.eu\/es-es\/?s={search_term_string}"},"query-input":{"@type":"PropertyValueSpecification","valueRequired":true,"valueName":"search_term_string"}}],"inLanguage":"es"}]}},"_links":{"self":[{"href":"https:\/\/distribution.audio-technica.eu\/es-es\/wp-json\/wp\/v2\/product\/18847","targetHints":{"allow":["GET"]}}],"collection":[{"href":"https:\/\/distribution.audio-technica.eu\/es-es\/wp-json\/wp\/v2\/product"}],"about":[{"href":"https:\/\/distribution.audio-technica.eu\/es-es\/wp-json\/wp\/v2\/types\/product"}],"wp:featuredmedia":[{"embeddable":true,"href":"https:\/\/distribution.audio-technica.eu\/es-es\/wp-json\/wp\/v2\/media\/18829"}],"wp:attachment":[{"href":"https:\/\/distribution.audio-technica.eu\/es-es\/wp-json\/wp\/v2\/media?parent=18847"}],"wp:term":[{"taxonomy":"product_brand","embeddable":true,"href":"https:\/\/distribution.audio-technica.eu\/es-es\/wp-json\/wp\/v2\/product_brand?post=18847"},{"taxonomy":"product_cat","embeddable":true,"href":"https:\/\/distribution.audio-technica.eu\/es-es\/wp-json\/wp\/v2\/product_cat?post=18847"},{"taxonomy":"product_tag","embeddable":true,"href":"https:\/\/distribution.audio-technica.eu\/es-es\/wp-json\/wp\/v2\/product_tag?post=18847"}],"curies":[{"name":"wp","href":"https:\/\/api.w.org\/{rel}","templated":true}]}}

<h2>W371</h2>
<h3>Grave adaptativo autoamplificado inteligente de 14&#8243; + 12&#8243; para Serie «The Ones»</h3>
<p>El W371 es una absoluta revolución en la reproducción de graves, ya que elimina definitivamente las influencias negativas de la habitación sobre la reproducción de graves.</p>
<p>El W371 ha sido diseñado para complementar perfectamente a los monitores 8341, 8351 y 8361 de la serie The Ones y, conjuntamente con estos modelos, crear una serie de soluciones de monitorización de gama completa capaces de ofrecer una neutralidad sin precedentes, y los máximos niveles de control sobre la direccionalidad y los efectos de la acústica de la sala.</p>
<p>Por primera vez, su estudio puede tener todas las ventajas de un monitor principal, pero con la libertad de poder colocar este sistema independiente en la posición óptima dentro de la sala de control; ofrece incluso la posibilidad de conmutar entre monitor de campo cercano y monitor principal, sin desplazamiento de la imagen.</p>
<p>Incorpora dos woofers de altas prestaciones, uno orientado hacia adelante y otro hacia atrás, y presenta una amplia paleta de novedosas formas para adaptar cuidadosamente el rendimiento del sistema a la sala en las cuatro octavas críticas más bajas, ofreciendo una respuesta de frecuencia en la sala más plana y uniforme con imágenes LF más coherentes.</p>
<p>Sus tres modos de funcionamiento diferentes permiten que el usuario pueda escoger entre una respuesta LF plana y neutra, evitando los ‘cortes acústicos’, con directividad continua del monitor principal hasta las frecuencias LF más bajas, o reducción de los reflejos perjudiciales en las paredes, techo o suelo de la sala.</p>
<p>El W371 utiliza el potente software GLM para seleccionar y optimizar el procesado de señal para obtener el mejor modo de radiación de los graves, teniendo en cuenta tanto la localización del monitor como la posición de escucha.</p>
<p>W371 también sirve como soporte para los monitores de tres vías The One, permitiendo una integración perfecta. The Ones combinados con W371 ofrecen tres modos diferentes de radiación de las bajas frecuencias dentro de la sala: el modo complementario, el modo de directividad continua y el modo anti reflexión.</p>
<p>El <strong>modo complementario</strong> puede evitar las caídas de nivel del sonido a ciertas frecuencias (‘cortes acústicos’) usando los dos woofers del W371 ubicados de manera diferente en la habitación, seleccionando el woofer que mejor pueda irradiar el sonido en el punto de escucha. El software GLM también ecualiza el W371 con The One para obtener un sonido neutro. Esto ofrece un sonido neutro en bajas frecuencias, con un carácter dinámico.</p>
<p>El <strong>modo de directividad continua</strong> usa simultáneamente los dos woofers del W371 para generar una directividad constante, de forma que esa directividad coincida con la del monitor The One utilizado en combinación con el W371. Esto crea una directividad continua en el plano horizontal que se extiende a las más bajas frecuencias audibles.</p>
<p>El <strong>modo anti reflexión</strong> utiliza simultáneamente los dos woofers que incorpora el W371 para generar regiones de silencio en ciertas orientaciones. Estas regiones reducen el nivel del sonido reflejado en la gama de frecuencia operativa del W371 producidas por las diferentes superficies de la sala de audición. Esto reduce el acoplamiento acústico de la energía de baja frecuencia en la reverberación de la sala, reduciendo los efectos perjudiciales que introduce la acústica de la sala.</p>
<p>&nbsp;</p>

<h3>Grave adaptativo autoamplificado inteligente de 14&#8243; + 12&#8243; para Serie «The Ones»</h3>
<ul class="summary">
<li>SPL 120dB</li>
<li>Complementa a los monitores de la Serie «The Ones»</li>
<li>Dos woofers opuestos de 14&#8243; y 12&#8243;</li>
<li>Tres modos de funcionamiento</li>
<li>Compatible GLM</li>
<li>Blindaje magnético</li>
</ul>
<p>&nbsp;</p>

<!-- This site is optimized with the Yoast SEO plugin v27.1.1 - https://yoast.com/product/yoast-seo-wordpress/ -->
<title>W371 - Audio-Technica Iberia</title>
<meta name="robots" content="index, follow, max-snippet:-1, max-image-preview:large, max-video-preview:-1" />
<link rel="canonical" href="https://distribution.audio-technica.eu/es-es/productos/w371-sam/" />
<meta property="og:locale" content="es_ES" />
<meta property="og:type" content="article" />
<meta property="og:title" content="W371 - Audio-Technica Iberia" />
<meta property="og:description" content="Grave adaptativo autoamplificado inteligente de 14&quot; + 12&quot; para Serie &quot;The Ones&quot;  SPL 120dB  Complementa a los monitores de la Serie &quot;The Ones&quot;  Dos woofers opuestos de 14&quot; y 12&quot;  Tres modos de funcionamiento  Compatible GLM  Blindaje magnético &nbsp;" />
<meta property="og:url" content="https://distribution.audio-technica.eu/es-es/productos/w371-sam/" />
<meta property="og:site_name" content="Audio-Technica Iberia" />
<meta property="article:modified_time" content="2023-07-13T11:34:31+00:00" />
<meta property="og:image" content="https://distribution.audio-technica.eu/app/uploads/sites/2/Genelec-W371AMM-k04.jpg" />
	<meta property="og:image:width" content="1000" />
	<meta property="og:image:height" content="1000" />
	<meta property="og:image:type" content="image/jpeg" />
<meta name="twitter:card" content="summary_large_image" />
<meta name="twitter:label1" content="Tiempo de lectura" />
	<meta name="twitter:data1" content="3 minutos" />
<script type="application/ld+json" class="yoast-schema-graph">{"@context":"https://schema.org","@graph":[{"@type":"WebPage","@id":"https://distribution.audio-technica.eu/es-es/productos/w371-sam/","url":"https://distribution.audio-technica.eu/es-es/productos/w371-sam/","name":"W371 - Audio-Technica Iberia","isPartOf":{"@id":"https://distribution.audio-technica.eu/es-es/#website"},"primaryImageOfPage":{"@id":"https://distribution.audio-technica.eu/es-es/productos/w371-sam/#primaryimage"},"image":{"@id":"https://distribution.audio-technica.eu/es-es/productos/w371-sam/#primaryimage"},"thumbnailUrl":"/app/uploads/sites/2/Genelec-W371AMM-k04.jpg","datePublished":"2019-10-01T16:10:32+00:00","dateModified":"2023-07-13T11:34:31+00:00","breadcrumb":{"@id":"https://distribution.audio-technica.eu/es-es/productos/w371-sam/#breadcrumb"},"inLanguage":"es","potentialAction":[{"@type":"ReadAction","target":["https://distribution.audio-technica.eu/es-es/productos/w371-sam/"]}]},{"@type":"ImageObject","inLanguage":"es","@id":"https://distribution.audio-technica.eu/es-es/productos/w371-sam/#primaryimage","url":"/app/uploads/sites/2/Genelec-W371AMM-k04.jpg","contentUrl":"/app/uploads/sites/2/Genelec-W371AMM-k04.jpg","width":1000,"height":1000},{"@type":"BreadcrumbList","@id":"https://distribution.audio-technica.eu/es-es/productos/w371-sam/#breadcrumb","itemListElement":[{"@type":"ListItem","position":1,"name":"Products","item":"https://distribution.audio-technica.eu/es-es/"},{"@type":"ListItem","position":2,"name":"Productos","item":"https://distribution.audio-technica.eu/es-es/productos/"},{"@type":"ListItem","position":3,"name":"W371"}]},{"@type":"WebSite","@id":"https://distribution.audio-technica.eu/es-es/#website","url":"https://distribution.audio-technica.eu/es-es/","name":"Audio-Technica Iberia","description":"Distribución","potentialAction":[{"@type":"SearchAction","target":{"@type":"EntryPoint","urlTemplate":"https://distribution.audio-technica.eu/es-es/?s={search_term_string}"},"query-input":{"@type":"PropertyValueSpecification","valueRequired":true,"valueName":"search_term_string"}}],"inLanguage":"es"}]}</script>
<!-- / Yoast SEO plugin. -->

Grave adaptativo autoamplificado inteligente de 14" + 12" para Serie "The Ones"  SPL 120dB  Complementa a los monitores de la Serie "The Ones"  Dos woofers opuestos de 14" y 12"  Tres modos de funcionamiento  Compatible GLM  Blindaje magnético &nbsp;

Distribución
