{"id":18862,"date":"2019-10-01T18:24:28","date_gmt":"2019-10-01T16:24:28","guid":{"rendered":"https:\/\/atdb-production.studiograft.dev\/es\/?post_type=product&#038;p=18862"},"modified":"2023-07-13T13:21:04","modified_gmt":"2023-07-13T11:21:04","slug":"tx212s-cover","status":"publish","type":"product","link":"https:\/\/distribution.audio-technica.eu\/es-es\/productos\/tx212s-cover\/","title":{"rendered":"TX212S Cover"},"content":{"rendered":"<h2>TX212S Cover<\/h2>\n<h3>Funda acolchada para subgraves TX212s<\/h3>\n<p>El subgrave TX212S establece una base de graves s\u00f3lida como una roca, perfecta para cualquier sonido. Es necesario tratarlo como el socio valioso que es. Esta funda acolchada y duradera, est\u00e1 dise\u00f1ada espec\u00edficamente para el subgrave TX212S de Alto Professional. Se desliza f\u00e1cilmente y brinda una gran protecci\u00f3n. Los recortes superiores y laterales le permiten acceder f\u00e1cilmente a las asas integradas del altavoz, por lo que no solo est\u00e1 protegido, sino que tambi\u00e9n es f\u00e1cil de transportar.<\/p>\n","protected":false},"excerpt":{"rendered":"<h3>Funda acolchada para subgraves TX212s<\/h3>\n<ul class=\"summary\">\n<li>Funda acolchada que protege al subgrave TX212S durante su transporte.<\/li>\n<li>Construido con nylon de alta duraci\u00f3n, ha sido concebido para soportar un uso continuado.<\/li>\n<li>Dise\u00f1ado para permitir un f\u00e1cil deslizamiento, permite cubrir y destapar el subgrave en segundos.<\/li>\n<li>Dispone de aberturas laterales para acceder f\u00e1cilmente a las asas que incorpora el TX212S.<\/li>\n<\/ul>\n<p>&nbsp;<\/p>\n","protected":false},"featured_media":18856,"template":"","meta":{"_acf_changed":false},"product_brand":[],"product_cat":[1340,1325,1353],"product_tag":[],"class_list":{"0":"post-18862","1":"product","2":"type-product","3":"status-publish","4":"has-post-thumbnail","6":"product_cat-accesorios","7":"product_cat-por-series-alto-professional","8":"product_cat-serie-tx2","9":"product_series-serie-tx2","11":"first","12":"instock","13":"shipping-taxable","14":"product-type-simple"},"acf":[],"yoast_head":"<!-- This site is optimized with the Yoast SEO plugin v27.1.1 - https:\/\/yoast.com\/product\/yoast-seo-wordpress\/ -->\n<title>TX212S Cover - Audio-Technica Iberia<\/title>\n<meta name=\"robots\" content=\"index, follow, max-snippet:-1, max-image-preview:large, max-video-preview:-1\" \/>\n<link rel=\"canonical\" href=\"https:\/\/distribution.audio-technica.eu\/es-es\/productos\/tx212s-cover\/\" \/>\n<meta property=\"og:locale\" content=\"es_ES\" \/>\n<meta property=\"og:type\" content=\"article\" \/>\n<meta property=\"og:title\" content=\"TX212S Cover - Audio-Technica Iberia\" \/>\n<meta property=\"og:description\" content=\"Funda acolchada para subgraves TX212s  Funda acolchada que protege al subgrave TX212S durante su transporte.  Construido con nylon de alta duraci\u00f3n, ha sido concebido para soportar un uso continuado.  Dise\u00f1ado para permitir un f\u00e1cil deslizamiento, permite cubrir y destapar el subgrave en segundos.  Dispone de aberturas laterales para acceder f\u00e1cilmente a las asas que incorpora el TX212S. &nbsp;\" \/>\n<meta property=\"og:url\" content=\"https:\/\/distribution.audio-technica.eu\/es-es\/productos\/tx212s-cover\/\" \/>\n<meta property=\"og:site_name\" content=\"Audio-Technica Iberia\" \/>\n<meta property=\"article:modified_time\" content=\"2023-07-13T11:21:04+00:00\" \/>\n<meta property=\"og:image\" content=\"https:\/\/distribution.audio-technica.eu\/app\/uploads\/sites\/2\/Alto-TX212S-Cover.jpg\" \/>\n\t<meta property=\"og:image:width\" content=\"1000\" \/>\n\t<meta property=\"og:image:height\" content=\"1000\" \/>\n\t<meta property=\"og:image:type\" content=\"image\/jpeg\" \/>\n<meta name=\"twitter:card\" content=\"summary_large_image\" \/>\n<script type=\"application\/ld+json\" class=\"yoast-schema-graph\">{\"@context\":\"https:\/\/schema.org\",\"@graph\":[{\"@type\":\"WebPage\",\"@id\":\"https:\/\/distribution.audio-technica.eu\/es-es\/productos\/tx212s-cover\/\",\"url\":\"https:\/\/distribution.audio-technica.eu\/es-es\/productos\/tx212s-cover\/\",\"name\":\"TX212S Cover - Audio-Technica Iberia\",\"isPartOf\":{\"@id\":\"https:\/\/distribution.audio-technica.eu\/es-es\/#website\"},\"primaryImageOfPage\":{\"@id\":\"https:\/\/distribution.audio-technica.eu\/es-es\/productos\/tx212s-cover\/#primaryimage\"},\"image\":{\"@id\":\"https:\/\/distribution.audio-technica.eu\/es-es\/productos\/tx212s-cover\/#primaryimage\"},\"thumbnailUrl\":\"\/app\/uploads\/sites\/2\/Alto-TX212S-Cover.jpg\",\"datePublished\":\"2019-10-01T16:24:28+00:00\",\"dateModified\":\"2023-07-13T11:21:04+00:00\",\"breadcrumb\":{\"@id\":\"https:\/\/distribution.audio-technica.eu\/es-es\/productos\/tx212s-cover\/#breadcrumb\"},\"inLanguage\":\"es\",\"potentialAction\":[{\"@type\":\"ReadAction\",\"target\":[\"https:\/\/distribution.audio-technica.eu\/es-es\/productos\/tx212s-cover\/\"]}]},{\"@type\":\"ImageObject\",\"inLanguage\":\"es\",\"@id\":\"https:\/\/distribution.audio-technica.eu\/es-es\/productos\/tx212s-cover\/#primaryimage\",\"url\":\"\/app\/uploads\/sites\/2\/Alto-TX212S-Cover.jpg\",\"contentUrl\":\"\/app\/uploads\/sites\/2\/Alto-TX212S-Cover.jpg\",\"width\":1000,\"height\":1000},{\"@type\":\"BreadcrumbList\",\"@id\":\"https:\/\/distribution.audio-technica.eu\/es-es\/productos\/tx212s-cover\/#breadcrumb\",\"itemListElement\":[{\"@type\":\"ListItem\",\"position\":1,\"name\":\"Products\",\"item\":\"https:\/\/distribution.audio-technica.eu\/es-es\/\"},{\"@type\":\"ListItem\",\"position\":2,\"name\":\"Productos\",\"item\":\"https:\/\/distribution.audio-technica.eu\/es-es\/productos\/\"},{\"@type\":\"ListItem\",\"position\":3,\"name\":\"TX212S Cover\"}]},{\"@type\":\"WebSite\",\"@id\":\"https:\/\/distribution.audio-technica.eu\/es-es\/#website\",\"url\":\"https:\/\/distribution.audio-technica.eu\/es-es\/\",\"name\":\"Audio-Technica Iberia\",\"description\":\"Distribuci\u00f3n\",\"potentialAction\":[{\"@type\":\"SearchAction\",\"target\":{\"@type\":\"EntryPoint\",\"urlTemplate\":\"https:\/\/distribution.audio-technica.eu\/es-es\/?s={search_term_string}\"},\"query-input\":{\"@type\":\"PropertyValueSpecification\",\"valueRequired\":true,\"valueName\":\"search_term_string\"}}],\"inLanguage\":\"es\"}]}<\/script>\n<!-- \/ Yoast SEO plugin. -->","yoast_head_json":{"title":"TX212S Cover - Audio-Technica Iberia","robots":{"index":"index","follow":"follow","max-snippet":"max-snippet:-1","max-image-preview":"max-image-preview:large","max-video-preview":"max-video-preview:-1"},"canonical":"https:\/\/distribution.audio-technica.eu\/es-es\/productos\/tx212s-cover\/","og_locale":"es_ES","og_type":"article","og_title":"TX212S Cover - Audio-Technica Iberia","og_description":"Funda acolchada para subgraves TX212s  Funda acolchada que protege al subgrave TX212S durante su transporte.  Construido con nylon de alta duraci\u00f3n, ha sido concebido para soportar un uso continuado.  Dise\u00f1ado para permitir un f\u00e1cil deslizamiento, permite cubrir y destapar el subgrave en segundos.  Dispone de aberturas laterales para acceder f\u00e1cilmente a las asas que incorpora el TX212S. &nbsp;","og_url":"https:\/\/distribution.audio-technica.eu\/es-es\/productos\/tx212s-cover\/","og_site_name":"Audio-Technica Iberia","article_modified_time":"2023-07-13T11:21:04+00:00","og_image":[{"width":1000,"height":1000,"url":"https:\/\/distribution.audio-technica.eu\/app\/uploads\/sites\/2\/Alto-TX212S-Cover.jpg","type":"image\/jpeg"}],"twitter_card":"summary_large_image","schema":{"@context":"https:\/\/schema.org","@graph":[{"@type":"WebPage","@id":"https:\/\/distribution.audio-technica.eu\/es-es\/productos\/tx212s-cover\/","url":"https:\/\/distribution.audio-technica.eu\/es-es\/productos\/tx212s-cover\/","name":"TX212S Cover - Audio-Technica Iberia","isPartOf":{"@id":"https:\/\/distribution.audio-technica.eu\/es-es\/#website"},"primaryImageOfPage":{"@id":"https:\/\/distribution.audio-technica.eu\/es-es\/productos\/tx212s-cover\/#primaryimage"},"image":{"@id":"https:\/\/distribution.audio-technica.eu\/es-es\/productos\/tx212s-cover\/#primaryimage"},"thumbnailUrl":"\/app\/uploads\/sites\/2\/Alto-TX212S-Cover.jpg","datePublished":"2019-10-01T16:24:28+00:00","dateModified":"2023-07-13T11:21:04+00:00","breadcrumb":{"@id":"https:\/\/distribution.audio-technica.eu\/es-es\/productos\/tx212s-cover\/#breadcrumb"},"inLanguage":"es","potentialAction":[{"@type":"ReadAction","target":["https:\/\/distribution.audio-technica.eu\/es-es\/productos\/tx212s-cover\/"]}]},{"@type":"ImageObject","inLanguage":"es","@id":"https:\/\/distribution.audio-technica.eu\/es-es\/productos\/tx212s-cover\/#primaryimage","url":"\/app\/uploads\/sites\/2\/Alto-TX212S-Cover.jpg","contentUrl":"\/app\/uploads\/sites\/2\/Alto-TX212S-Cover.jpg","width":1000,"height":1000},{"@type":"BreadcrumbList","@id":"https:\/\/distribution.audio-technica.eu\/es-es\/productos\/tx212s-cover\/#breadcrumb","itemListElement":[{"@type":"ListItem","position":1,"name":"Products","item":"https:\/\/distribution.audio-technica.eu\/es-es\/"},{"@type":"ListItem","position":2,"name":"Productos","item":"https:\/\/distribution.audio-technica.eu\/es-es\/productos\/"},{"@type":"ListItem","position":3,"name":"TX212S Cover"}]},{"@type":"WebSite","@id":"https:\/\/distribution.audio-technica.eu\/es-es\/#website","url":"https:\/\/distribution.audio-technica.eu\/es-es\/","name":"Audio-Technica Iberia","description":"Distribuci\u00f3n","potentialAction":[{"@type":"SearchAction","target":{"@type":"EntryPoint","urlTemplate":"https:\/\/distribution.audio-technica.eu\/es-es\/?s={search_term_string}"},"query-input":{"@type":"PropertyValueSpecification","valueRequired":true,"valueName":"search_term_string"}}],"inLanguage":"es"}]}},"_links":{"self":[{"href":"https:\/\/distribution.audio-technica.eu\/es-es\/wp-json\/wp\/v2\/product\/18862","targetHints":{"allow":["GET"]}}],"collection":[{"href":"https:\/\/distribution.audio-technica.eu\/es-es\/wp-json\/wp\/v2\/product"}],"about":[{"href":"https:\/\/distribution.audio-technica.eu\/es-es\/wp-json\/wp\/v2\/types\/product"}],"wp:featuredmedia":[{"embeddable":true,"href":"https:\/\/distribution.audio-technica.eu\/es-es\/wp-json\/wp\/v2\/media\/18856"}],"wp:attachment":[{"href":"https:\/\/distribution.audio-technica.eu\/es-es\/wp-json\/wp\/v2\/media?parent=18862"}],"wp:term":[{"taxonomy":"product_brand","embeddable":true,"href":"https:\/\/distribution.audio-technica.eu\/es-es\/wp-json\/wp\/v2\/product_brand?post=18862"},{"taxonomy":"product_cat","embeddable":true,"href":"https:\/\/distribution.audio-technica.eu\/es-es\/wp-json\/wp\/v2\/product_cat?post=18862"},{"taxonomy":"product_tag","embeddable":true,"href":"https:\/\/distribution.audio-technica.eu\/es-es\/wp-json\/wp\/v2\/product_tag?post=18862"}],"curies":[{"name":"wp","href":"https:\/\/api.w.org\/{rel}","templated":true}]}}

<h2>TX212S Cover</h2>
<h3>Funda acolchada para subgraves TX212s</h3>
<p>El subgrave TX212S establece una base de graves sólida como una roca, perfecta para cualquier sonido. Es necesario tratarlo como el socio valioso que es. Esta funda acolchada y duradera, está diseñada específicamente para el subgrave TX212S de Alto Professional. Se desliza fácilmente y brinda una gran protección. Los recortes superiores y laterales le permiten acceder fácilmente a las asas integradas del altavoz, por lo que no solo está protegido, sino que también es fácil de transportar.</p>

<h3>Funda acolchada para subgraves TX212s</h3>
<ul class="summary">
<li>Funda acolchada que protege al subgrave TX212S durante su transporte.</li>
<li>Construido con nylon de alta duración, ha sido concebido para soportar un uso continuado.</li>
<li>Diseñado para permitir un fácil deslizamiento, permite cubrir y destapar el subgrave en segundos.</li>
<li>Dispone de aberturas laterales para acceder fácilmente a las asas que incorpora el TX212S.</li>
</ul>
<p>&nbsp;</p>

<!-- This site is optimized with the Yoast SEO plugin v27.1.1 - https://yoast.com/product/yoast-seo-wordpress/ -->
<title>TX212S Cover - Audio-Technica Iberia</title>
<meta name="robots" content="index, follow, max-snippet:-1, max-image-preview:large, max-video-preview:-1" />
<link rel="canonical" href="https://distribution.audio-technica.eu/es-es/productos/tx212s-cover/" />
<meta property="og:locale" content="es_ES" />
<meta property="og:type" content="article" />
<meta property="og:title" content="TX212S Cover - Audio-Technica Iberia" />
<meta property="og:description" content="Funda acolchada para subgraves TX212s  Funda acolchada que protege al subgrave TX212S durante su transporte.  Construido con nylon de alta duración, ha sido concebido para soportar un uso continuado.  Diseñado para permitir un fácil deslizamiento, permite cubrir y destapar el subgrave en segundos.  Dispone de aberturas laterales para acceder fácilmente a las asas que incorpora el TX212S. &nbsp;" />
<meta property="og:url" content="https://distribution.audio-technica.eu/es-es/productos/tx212s-cover/" />
<meta property="og:site_name" content="Audio-Technica Iberia" />
<meta property="article:modified_time" content="2023-07-13T11:21:04+00:00" />
<meta property="og:image" content="https://distribution.audio-technica.eu/app/uploads/sites/2/Alto-TX212S-Cover.jpg" />
	<meta property="og:image:width" content="1000" />
	<meta property="og:image:height" content="1000" />
	<meta property="og:image:type" content="image/jpeg" />
<meta name="twitter:card" content="summary_large_image" />
<script type="application/ld+json" class="yoast-schema-graph">{"@context":"https://schema.org","@graph":[{"@type":"WebPage","@id":"https://distribution.audio-technica.eu/es-es/productos/tx212s-cover/","url":"https://distribution.audio-technica.eu/es-es/productos/tx212s-cover/","name":"TX212S Cover - Audio-Technica Iberia","isPartOf":{"@id":"https://distribution.audio-technica.eu/es-es/#website"},"primaryImageOfPage":{"@id":"https://distribution.audio-technica.eu/es-es/productos/tx212s-cover/#primaryimage"},"image":{"@id":"https://distribution.audio-technica.eu/es-es/productos/tx212s-cover/#primaryimage"},"thumbnailUrl":"/app/uploads/sites/2/Alto-TX212S-Cover.jpg","datePublished":"2019-10-01T16:24:28+00:00","dateModified":"2023-07-13T11:21:04+00:00","breadcrumb":{"@id":"https://distribution.audio-technica.eu/es-es/productos/tx212s-cover/#breadcrumb"},"inLanguage":"es","potentialAction":[{"@type":"ReadAction","target":["https://distribution.audio-technica.eu/es-es/productos/tx212s-cover/"]}]},{"@type":"ImageObject","inLanguage":"es","@id":"https://distribution.audio-technica.eu/es-es/productos/tx212s-cover/#primaryimage","url":"/app/uploads/sites/2/Alto-TX212S-Cover.jpg","contentUrl":"/app/uploads/sites/2/Alto-TX212S-Cover.jpg","width":1000,"height":1000},{"@type":"BreadcrumbList","@id":"https://distribution.audio-technica.eu/es-es/productos/tx212s-cover/#breadcrumb","itemListElement":[{"@type":"ListItem","position":1,"name":"Products","item":"https://distribution.audio-technica.eu/es-es/"},{"@type":"ListItem","position":2,"name":"Productos","item":"https://distribution.audio-technica.eu/es-es/productos/"},{"@type":"ListItem","position":3,"name":"TX212S Cover"}]},{"@type":"WebSite","@id":"https://distribution.audio-technica.eu/es-es/#website","url":"https://distribution.audio-technica.eu/es-es/","name":"Audio-Technica Iberia","description":"Distribución","potentialAction":[{"@type":"SearchAction","target":{"@type":"EntryPoint","urlTemplate":"https://distribution.audio-technica.eu/es-es/?s={search_term_string}"},"query-input":{"@type":"PropertyValueSpecification","valueRequired":true,"valueName":"search_term_string"}}],"inLanguage":"es"}]}</script>
<!-- / Yoast SEO plugin. -->

Funda acolchada para subgraves TX212s  Funda acolchada que protege al subgrave TX212S durante su transporte.  Construido con nylon de alta duración, ha sido concebido para soportar un uso continuado.  Diseñado para permitir un fácil deslizamiento, permite cubrir y destapar el subgrave en segundos.  Dispone de aberturas laterales para acceder fácilmente a las asas que incorpora el TX212S. &nbsp;

Distribución
