{"id":40554,"date":"2025-04-08T15:22:18","date_gmt":"2025-04-08T13:22:18","guid":{"rendered":"https:\/\/distribution.audio-technica.eu\/es-es\/?post_type=product&#038;p=40554"},"modified":"2026-02-19T14:25:56","modified_gmt":"2026-02-19T13:25:56","slug":"a80t","status":"publish","type":"product","link":"https:\/\/distribution.audio-technica.eu\/es-es\/productos\/a80t\/","title":{"rendered":"A80T"},"content":{"rendered":"<h2>A80T<\/h2>\n<h3>Recinto compacto pasivo 2 v\u00edas, 8&#8243;, l\u00ednea de 100V, para montaje en pared<\/h3>\n<p>El ADORN A80T es un recinto pasivo de dos v\u00edas con un dise\u00f1o elegante que resulta perfecto para ser utilizado en entornos arquitect\u00f3nicos que requieren un sonido de alta fidelidad a partir de un recinto compacto y discreto. Ofrece un rendimiento, una fiabilidad y una relaci\u00f3n calidad-precio l\u00edderes en su clase, lo que lo hace muy adecuado para una amplia gama de aplicaciones de sonido comerciales, desde tiendas, bares y restaurantes hasta oficinas corporativas y centros de convenciones.<\/p>\n<p>El A80T es la opci\u00f3n perfecta para sistemas de sonido de fondo y en primer plano que requieren una calidad superior. Su sonido, caracter\u00edstico de Martin Audio, tambi\u00e9n proporciona una transici\u00f3n sonora perfecta cuando se instalan dentro de un complejo de varias zonas que utiliza sistemas Martin Audio m\u00e1s grandes, como CDD o BlacklineX.<\/p>\n<p>Incorpora un transductor de graves (LF) de 8&#8243; (203 mm) y un transductor de compresi\u00f3n para agudos (HF) de c\u00fapula de pol\u00edmero de 1&#8243; (25 mm), montado en una bocina de 90\u00b0 x 50\u00b0. Es capaz de manejar 200 W AES, 800 W de pico y puede producir una salida de pico de 120 dB a 1 metro. Tiene una respuesta de frecuencia suave y una potente reproducci\u00f3n de graves, que se extiende hasta 63 Hz.<\/p>\n<p>Con una impedancia nominal de 8 ohmios, es posible controlar varios altavoces en paralelo desde un solo canal de un amplificador de baja impedancia, como el Martin Audio VIA2502 o VIA5004, maximizando as\u00ed la eficiencia y minimizando los costes. El A80T tambi\u00e9n incorpora un transformador de alta calidad para el funcionamiento en l\u00ednea de 70 V\/100 V, con tomas de transformador seleccionadas mediante un interruptor giratorio, y puede recibir la se\u00f1al del amplificador VIA 5002.<\/p>\n<p>Disponible en blanco o negro como est\u00e1ndar, se puede pintar f\u00e1cilmente para combinar con cualquier decoraci\u00f3n y se puede montar en la pared vertical u horizontalmente utilizando el soporte WB6\/8 incluido. Adem\u00e1s, para uso general en exteriores, el gabinete solo requiere la cubierta de conector impermeable adicional para cumplir con IP54.<\/p>\n<p>El VIA2502 o VIA5004 (o VIA5002 para l\u00ednea de 70 V\/100 V) en combinaci\u00f3n con un controlador DX0.4 o DX0.6 de Martin Audio ser\u00e1n los complementos perfectos para instalaciones eficientes a peque\u00f1a escala. Combine estos amplificadores con el controlador DX4.0 para instalaciones m\u00e1s grandes y complejas administradas por el software de control VU-NET de Martin Audio.<\/p>\n<p>El subgrave Martin Audio SX112 le permitir\u00e1 ampliar el ancho de banda del A80T y es ideal para aplicaciones de m\u00fasica en primer plano que requieren mayor impacto y rendimiento en graves.<\/p>\n<p><strong>Caracter\u00edsticas Principales<\/strong><\/p>\n<ul>\n<li>Dise\u00f1o contempor\u00e1neo y discreto<\/li>\n<li>Altavoz de 8&#8243; y tweeter de 1&#8243;<\/li>\n<li>200W RMS de potencia<\/li>\n<li>Alta potencia de salida con 120 dB de pico<\/li>\n<li>Sonido en alta fidelidad<\/li>\n<li>Transformador de l\u00ednea de 70 V \/ 100 V<\/li>\n<li>Protecci\u00f3n frente a sobrecargas en graves y agudos<\/li>\n<li>Orientaci\u00f3n vertical u horizontal<\/li>\n<li>Amplia cobertura 90\u00b0 x 50\u00b0<\/li>\n<li>Incluye soporte para pared<\/li>\n<li>Calificaci\u00f3n IP54, si se instala la tapa impermeable opcional para el conector<\/li>\n<li>Disponible en color blanco o negro<\/li>\n<\/ul>\n<p>&nbsp;<\/p>\n<p><strong>Aplicaciones<\/strong><\/p>\n<ul>\n<li>Tiendas<\/li>\n<li>Caf\u00e9s, bares y restaurantes<\/li>\n<li>Hoteles y centros de convenciones<\/li>\n<li>Centros educativos<\/li>\n<li>Oficinas<\/li>\n<\/ul>\n","protected":false},"excerpt":{"rendered":"<h3>Recinto compacto pasivo 2 v\u00edas, 8&#8243;, l\u00ednea de 100V, para montaje en pared<\/h3>\n<ul>\n<li>Dise\u00f1o compacto contempor\u00e1neo y discreto<\/li>\n<li>Alta potencia de salida<\/li>\n<li>Sonido en alta fidelidad<\/li>\n<li>Transformador de l\u00ednea de 70 V \/ 100 V<\/li>\n<li>Orientaci\u00f3n vertical u horizontal<\/li>\n<li>Amplia cobertura de 90\u00b0 x 50\u00b0<\/li>\n<li>Calificaci\u00f3n IP54, si se instala la tapa impermeable opcional para el conector<\/li>\n<\/ul>\n<p>&nbsp;<\/p>\n","protected":false},"featured_media":40560,"template":"","meta":{"_acf_changed":false},"product_brand":[],"product_cat":[2084,2097,2085,2103],"product_tag":[],"class_list":{"0":"post-40554","1":"product","2":"type-product","3":"status-publish","4":"has-post-thumbnail","6":"product_cat-sistemas-instalacion","7":"product_cat-pasivos-fuente-puntual","8":"product_cat-por-series-martin-audio","9":"product_cat-serie-adorn","11":"first","12":"instock","13":"shipping-taxable","14":"product-type-simple"},"acf":[],"yoast_head":"<!-- This site is optimized with the Yoast SEO plugin v27.1.1 - https:\/\/yoast.com\/product\/yoast-seo-wordpress\/ -->\n<title>A80T - Audio-Technica Iberia<\/title>\n<meta name=\"robots\" content=\"index, follow, max-snippet:-1, max-image-preview:large, max-video-preview:-1\" \/>\n<link rel=\"canonical\" href=\"https:\/\/distribution.audio-technica.eu\/es-es\/productos\/a80t\/\" \/>\n<meta property=\"og:locale\" content=\"es_ES\" \/>\n<meta property=\"og:type\" content=\"article\" \/>\n<meta property=\"og:title\" content=\"A80T - Audio-Technica Iberia\" \/>\n<meta property=\"og:description\" content=\"Recinto compacto pasivo 2 v\u00edas, 8&quot;, l\u00ednea de 100V, para montaje en pared   Dise\u00f1o compacto contempor\u00e1neo y discreto  Alta potencia de salida  Sonido en alta fidelidad  Transformador de l\u00ednea de 70 V \/ 100 V  Orientaci\u00f3n vertical u horizontal  Amplia cobertura de 90\u00b0 x 50\u00b0  Calificaci\u00f3n IP54, si se instala la tapa impermeable opcional para el conector  &nbsp;\" \/>\n<meta property=\"og:url\" content=\"https:\/\/distribution.audio-technica.eu\/es-es\/productos\/a80t\/\" \/>\n<meta property=\"og:site_name\" content=\"Audio-Technica Iberia\" \/>\n<meta property=\"article:modified_time\" content=\"2026-02-19T13:25:56+00:00\" \/>\n<meta property=\"og:image\" content=\"https:\/\/distribution.audio-technica.eu\/app\/uploads\/sites\/2\/A80T.jpg\" \/>\n\t<meta property=\"og:image:width\" content=\"2000\" \/>\n\t<meta property=\"og:image:height\" content=\"2000\" \/>\n\t<meta property=\"og:image:type\" content=\"image\/jpeg\" \/>\n<meta name=\"twitter:card\" content=\"summary_large_image\" \/>\n<meta name=\"twitter:label1\" content=\"Tiempo de lectura\" \/>\n\t<meta name=\"twitter:data1\" content=\"3 minutos\" \/>\n<script type=\"application\/ld+json\" class=\"yoast-schema-graph\">{\"@context\":\"https:\/\/schema.org\",\"@graph\":[{\"@type\":\"WebPage\",\"@id\":\"https:\/\/distribution.audio-technica.eu\/es-es\/productos\/a80t\/\",\"url\":\"https:\/\/distribution.audio-technica.eu\/es-es\/productos\/a80t\/\",\"name\":\"A80T - Audio-Technica Iberia\",\"isPartOf\":{\"@id\":\"https:\/\/distribution.audio-technica.eu\/es-es\/#website\"},\"primaryImageOfPage\":{\"@id\":\"https:\/\/distribution.audio-technica.eu\/es-es\/productos\/a80t\/#primaryimage\"},\"image\":{\"@id\":\"https:\/\/distribution.audio-technica.eu\/es-es\/productos\/a80t\/#primaryimage\"},\"thumbnailUrl\":\"\/app\/uploads\/sites\/2\/A80T.jpg\",\"datePublished\":\"2025-04-08T13:22:18+00:00\",\"dateModified\":\"2026-02-19T13:25:56+00:00\",\"breadcrumb\":{\"@id\":\"https:\/\/distribution.audio-technica.eu\/es-es\/productos\/a80t\/#breadcrumb\"},\"inLanguage\":\"es\",\"potentialAction\":[{\"@type\":\"ReadAction\",\"target\":[\"https:\/\/distribution.audio-technica.eu\/es-es\/productos\/a80t\/\"]}]},{\"@type\":\"ImageObject\",\"inLanguage\":\"es\",\"@id\":\"https:\/\/distribution.audio-technica.eu\/es-es\/productos\/a80t\/#primaryimage\",\"url\":\"\/app\/uploads\/sites\/2\/A80T.jpg\",\"contentUrl\":\"\/app\/uploads\/sites\/2\/A80T.jpg\",\"width\":2000,\"height\":2000},{\"@type\":\"BreadcrumbList\",\"@id\":\"https:\/\/distribution.audio-technica.eu\/es-es\/productos\/a80t\/#breadcrumb\",\"itemListElement\":[{\"@type\":\"ListItem\",\"position\":1,\"name\":\"Products\",\"item\":\"https:\/\/distribution.audio-technica.eu\/es-es\/\"},{\"@type\":\"ListItem\",\"position\":2,\"name\":\"Productos\",\"item\":\"https:\/\/distribution.audio-technica.eu\/es-es\/productos\/\"},{\"@type\":\"ListItem\",\"position\":3,\"name\":\"A80T\"}]},{\"@type\":\"WebSite\",\"@id\":\"https:\/\/distribution.audio-technica.eu\/es-es\/#website\",\"url\":\"https:\/\/distribution.audio-technica.eu\/es-es\/\",\"name\":\"Audio-Technica Iberia\",\"description\":\"Distribuci\u00f3n\",\"potentialAction\":[{\"@type\":\"SearchAction\",\"target\":{\"@type\":\"EntryPoint\",\"urlTemplate\":\"https:\/\/distribution.audio-technica.eu\/es-es\/?s={search_term_string}\"},\"query-input\":{\"@type\":\"PropertyValueSpecification\",\"valueRequired\":true,\"valueName\":\"search_term_string\"}}],\"inLanguage\":\"es\"}]}<\/script>\n<!-- \/ Yoast SEO plugin. -->","yoast_head_json":{"title":"A80T - Audio-Technica Iberia","robots":{"index":"index","follow":"follow","max-snippet":"max-snippet:-1","max-image-preview":"max-image-preview:large","max-video-preview":"max-video-preview:-1"},"canonical":"https:\/\/distribution.audio-technica.eu\/es-es\/productos\/a80t\/","og_locale":"es_ES","og_type":"article","og_title":"A80T - Audio-Technica Iberia","og_description":"Recinto compacto pasivo 2 v\u00edas, 8\", l\u00ednea de 100V, para montaje en pared   Dise\u00f1o compacto contempor\u00e1neo y discreto  Alta potencia de salida  Sonido en alta fidelidad  Transformador de l\u00ednea de 70 V \/ 100 V  Orientaci\u00f3n vertical u horizontal  Amplia cobertura de 90\u00b0 x 50\u00b0  Calificaci\u00f3n IP54, si se instala la tapa impermeable opcional para el conector  &nbsp;","og_url":"https:\/\/distribution.audio-technica.eu\/es-es\/productos\/a80t\/","og_site_name":"Audio-Technica Iberia","article_modified_time":"2026-02-19T13:25:56+00:00","og_image":[{"width":2000,"height":2000,"url":"https:\/\/distribution.audio-technica.eu\/app\/uploads\/sites\/2\/A80T.jpg","type":"image\/jpeg"}],"twitter_card":"summary_large_image","twitter_misc":{"Tiempo de lectura":"3 minutos"},"schema":{"@context":"https:\/\/schema.org","@graph":[{"@type":"WebPage","@id":"https:\/\/distribution.audio-technica.eu\/es-es\/productos\/a80t\/","url":"https:\/\/distribution.audio-technica.eu\/es-es\/productos\/a80t\/","name":"A80T - Audio-Technica Iberia","isPartOf":{"@id":"https:\/\/distribution.audio-technica.eu\/es-es\/#website"},"primaryImageOfPage":{"@id":"https:\/\/distribution.audio-technica.eu\/es-es\/productos\/a80t\/#primaryimage"},"image":{"@id":"https:\/\/distribution.audio-technica.eu\/es-es\/productos\/a80t\/#primaryimage"},"thumbnailUrl":"\/app\/uploads\/sites\/2\/A80T.jpg","datePublished":"2025-04-08T13:22:18+00:00","dateModified":"2026-02-19T13:25:56+00:00","breadcrumb":{"@id":"https:\/\/distribution.audio-technica.eu\/es-es\/productos\/a80t\/#breadcrumb"},"inLanguage":"es","potentialAction":[{"@type":"ReadAction","target":["https:\/\/distribution.audio-technica.eu\/es-es\/productos\/a80t\/"]}]},{"@type":"ImageObject","inLanguage":"es","@id":"https:\/\/distribution.audio-technica.eu\/es-es\/productos\/a80t\/#primaryimage","url":"\/app\/uploads\/sites\/2\/A80T.jpg","contentUrl":"\/app\/uploads\/sites\/2\/A80T.jpg","width":2000,"height":2000},{"@type":"BreadcrumbList","@id":"https:\/\/distribution.audio-technica.eu\/es-es\/productos\/a80t\/#breadcrumb","itemListElement":[{"@type":"ListItem","position":1,"name":"Products","item":"https:\/\/distribution.audio-technica.eu\/es-es\/"},{"@type":"ListItem","position":2,"name":"Productos","item":"https:\/\/distribution.audio-technica.eu\/es-es\/productos\/"},{"@type":"ListItem","position":3,"name":"A80T"}]},{"@type":"WebSite","@id":"https:\/\/distribution.audio-technica.eu\/es-es\/#website","url":"https:\/\/distribution.audio-technica.eu\/es-es\/","name":"Audio-Technica Iberia","description":"Distribuci\u00f3n","potentialAction":[{"@type":"SearchAction","target":{"@type":"EntryPoint","urlTemplate":"https:\/\/distribution.audio-technica.eu\/es-es\/?s={search_term_string}"},"query-input":{"@type":"PropertyValueSpecification","valueRequired":true,"valueName":"search_term_string"}}],"inLanguage":"es"}]}},"_links":{"self":[{"href":"https:\/\/distribution.audio-technica.eu\/es-es\/wp-json\/wp\/v2\/product\/40554","targetHints":{"allow":["GET"]}}],"collection":[{"href":"https:\/\/distribution.audio-technica.eu\/es-es\/wp-json\/wp\/v2\/product"}],"about":[{"href":"https:\/\/distribution.audio-technica.eu\/es-es\/wp-json\/wp\/v2\/types\/product"}],"wp:featuredmedia":[{"embeddable":true,"href":"https:\/\/distribution.audio-technica.eu\/es-es\/wp-json\/wp\/v2\/media\/40560"}],"wp:attachment":[{"href":"https:\/\/distribution.audio-technica.eu\/es-es\/wp-json\/wp\/v2\/media?parent=40554"}],"wp:term":[{"taxonomy":"product_brand","embeddable":true,"href":"https:\/\/distribution.audio-technica.eu\/es-es\/wp-json\/wp\/v2\/product_brand?post=40554"},{"taxonomy":"product_cat","embeddable":true,"href":"https:\/\/distribution.audio-technica.eu\/es-es\/wp-json\/wp\/v2\/product_cat?post=40554"},{"taxonomy":"product_tag","embeddable":true,"href":"https:\/\/distribution.audio-technica.eu\/es-es\/wp-json\/wp\/v2\/product_tag?post=40554"}],"curies":[{"name":"wp","href":"https:\/\/api.w.org\/{rel}","templated":true}]}}

<h2>A80T</h2>
<h3>Recinto compacto pasivo 2 vías, 8&#8243;, línea de 100V, para montaje en pared</h3>
<p>El ADORN A80T es un recinto pasivo de dos vías con un diseño elegante que resulta perfecto para ser utilizado en entornos arquitectónicos que requieren un sonido de alta fidelidad a partir de un recinto compacto y discreto. Ofrece un rendimiento, una fiabilidad y una relación calidad-precio líderes en su clase, lo que lo hace muy adecuado para una amplia gama de aplicaciones de sonido comerciales, desde tiendas, bares y restaurantes hasta oficinas corporativas y centros de convenciones.</p>
<p>El A80T es la opción perfecta para sistemas de sonido de fondo y en primer plano que requieren una calidad superior. Su sonido, característico de Martin Audio, también proporciona una transición sonora perfecta cuando se instalan dentro de un complejo de varias zonas que utiliza sistemas Martin Audio más grandes, como CDD o BlacklineX.</p>
<p>Incorpora un transductor de graves (LF) de 8&#8243; (203 mm) y un transductor de compresión para agudos (HF) de cúpula de polímero de 1&#8243; (25 mm), montado en una bocina de 90° x 50°. Es capaz de manejar 200 W AES, 800 W de pico y puede producir una salida de pico de 120 dB a 1 metro. Tiene una respuesta de frecuencia suave y una potente reproducción de graves, que se extiende hasta 63 Hz.</p>
<p>Con una impedancia nominal de 8 ohmios, es posible controlar varios altavoces en paralelo desde un solo canal de un amplificador de baja impedancia, como el Martin Audio VIA2502 o VIA5004, maximizando así la eficiencia y minimizando los costes. El A80T también incorpora un transformador de alta calidad para el funcionamiento en línea de 70 V/100 V, con tomas de transformador seleccionadas mediante un interruptor giratorio, y puede recibir la señal del amplificador VIA 5002.</p>
<p>Disponible en blanco o negro como estándar, se puede pintar fácilmente para combinar con cualquier decoración y se puede montar en la pared vertical u horizontalmente utilizando el soporte WB6/8 incluido. Además, para uso general en exteriores, el gabinete solo requiere la cubierta de conector impermeable adicional para cumplir con IP54.</p>
<p>El VIA2502 o VIA5004 (o VIA5002 para línea de 70 V/100 V) en combinación con un controlador DX0.4 o DX0.6 de Martin Audio serán los complementos perfectos para instalaciones eficientes a pequeña escala. Combine estos amplificadores con el controlador DX4.0 para instalaciones más grandes y complejas administradas por el software de control VU-NET de Martin Audio.</p>
<p>El subgrave Martin Audio SX112 le permitirá ampliar el ancho de banda del A80T y es ideal para aplicaciones de música en primer plano que requieren mayor impacto y rendimiento en graves.</p>
<p><strong>Características Principales</strong></p>
<ul>
<li>Diseño contemporáneo y discreto</li>
<li>Altavoz de 8&#8243; y tweeter de 1&#8243;</li>
<li>200W RMS de potencia</li>
<li>Alta potencia de salida con 120 dB de pico</li>
<li>Sonido en alta fidelidad</li>
<li>Transformador de línea de 70 V / 100 V</li>
<li>Protección frente a sobrecargas en graves y agudos</li>
<li>Orientación vertical u horizontal</li>
<li>Amplia cobertura 90° x 50°</li>
<li>Incluye soporte para pared</li>
<li>Calificación IP54, si se instala la tapa impermeable opcional para el conector</li>
<li>Disponible en color blanco o negro</li>
</ul>
<p>&nbsp;</p>
<p><strong>Aplicaciones</strong></p>
<ul>
<li>Tiendas</li>
<li>Cafés, bares y restaurantes</li>
<li>Hoteles y centros de convenciones</li>
<li>Centros educativos</li>
<li>Oficinas</li>
</ul>

<h3>Recinto compacto pasivo 2 vías, 8&#8243;, línea de 100V, para montaje en pared</h3>
<ul>
<li>Diseño compacto contemporáneo y discreto</li>
<li>Alta potencia de salida</li>
<li>Sonido en alta fidelidad</li>
<li>Transformador de línea de 70 V / 100 V</li>
<li>Orientación vertical u horizontal</li>
<li>Amplia cobertura de 90° x 50°</li>
<li>Calificación IP54, si se instala la tapa impermeable opcional para el conector</li>
</ul>
<p>&nbsp;</p>

<!-- This site is optimized with the Yoast SEO plugin v27.1.1 - https://yoast.com/product/yoast-seo-wordpress/ -->
<title>A80T - Audio-Technica Iberia</title>
<meta name="robots" content="index, follow, max-snippet:-1, max-image-preview:large, max-video-preview:-1" />
<link rel="canonical" href="https://distribution.audio-technica.eu/es-es/productos/a80t/" />
<meta property="og:locale" content="es_ES" />
<meta property="og:type" content="article" />
<meta property="og:title" content="A80T - Audio-Technica Iberia" />
<meta property="og:description" content="Recinto compacto pasivo 2 vías, 8&quot;, línea de 100V, para montaje en pared   Diseño compacto contemporáneo y discreto  Alta potencia de salida  Sonido en alta fidelidad  Transformador de línea de 70 V / 100 V  Orientación vertical u horizontal  Amplia cobertura de 90° x 50°  Calificación IP54, si se instala la tapa impermeable opcional para el conector  &nbsp;" />
<meta property="og:url" content="https://distribution.audio-technica.eu/es-es/productos/a80t/" />
<meta property="og:site_name" content="Audio-Technica Iberia" />
<meta property="article:modified_time" content="2026-02-19T13:25:56+00:00" />
<meta property="og:image" content="https://distribution.audio-technica.eu/app/uploads/sites/2/A80T.jpg" />
	<meta property="og:image:width" content="2000" />
	<meta property="og:image:height" content="2000" />
	<meta property="og:image:type" content="image/jpeg" />
<meta name="twitter:card" content="summary_large_image" />
<meta name="twitter:label1" content="Tiempo de lectura" />
	<meta name="twitter:data1" content="3 minutos" />
<script type="application/ld+json" class="yoast-schema-graph">{"@context":"https://schema.org","@graph":[{"@type":"WebPage","@id":"https://distribution.audio-technica.eu/es-es/productos/a80t/","url":"https://distribution.audio-technica.eu/es-es/productos/a80t/","name":"A80T - Audio-Technica Iberia","isPartOf":{"@id":"https://distribution.audio-technica.eu/es-es/#website"},"primaryImageOfPage":{"@id":"https://distribution.audio-technica.eu/es-es/productos/a80t/#primaryimage"},"image":{"@id":"https://distribution.audio-technica.eu/es-es/productos/a80t/#primaryimage"},"thumbnailUrl":"/app/uploads/sites/2/A80T.jpg","datePublished":"2025-04-08T13:22:18+00:00","dateModified":"2026-02-19T13:25:56+00:00","breadcrumb":{"@id":"https://distribution.audio-technica.eu/es-es/productos/a80t/#breadcrumb"},"inLanguage":"es","potentialAction":[{"@type":"ReadAction","target":["https://distribution.audio-technica.eu/es-es/productos/a80t/"]}]},{"@type":"ImageObject","inLanguage":"es","@id":"https://distribution.audio-technica.eu/es-es/productos/a80t/#primaryimage","url":"/app/uploads/sites/2/A80T.jpg","contentUrl":"/app/uploads/sites/2/A80T.jpg","width":2000,"height":2000},{"@type":"BreadcrumbList","@id":"https://distribution.audio-technica.eu/es-es/productos/a80t/#breadcrumb","itemListElement":[{"@type":"ListItem","position":1,"name":"Products","item":"https://distribution.audio-technica.eu/es-es/"},{"@type":"ListItem","position":2,"name":"Productos","item":"https://distribution.audio-technica.eu/es-es/productos/"},{"@type":"ListItem","position":3,"name":"A80T"}]},{"@type":"WebSite","@id":"https://distribution.audio-technica.eu/es-es/#website","url":"https://distribution.audio-technica.eu/es-es/","name":"Audio-Technica Iberia","description":"Distribución","potentialAction":[{"@type":"SearchAction","target":{"@type":"EntryPoint","urlTemplate":"https://distribution.audio-technica.eu/es-es/?s={search_term_string}"},"query-input":{"@type":"PropertyValueSpecification","valueRequired":true,"valueName":"search_term_string"}}],"inLanguage":"es"}]}</script>
<!-- / Yoast SEO plugin. -->

Recinto compacto pasivo 2 vías, 8", línea de 100V, para montaje en pared   Diseño compacto contemporáneo y discreto  Alta potencia de salida  Sonido en alta fidelidad  Transformador de línea de 70 V / 100 V  Orientación vertical u horizontal  Amplia cobertura de 90° x 50°  Calificación IP54, si se instala la tapa impermeable opcional para el conector  &nbsp;

Distribución
