{"version":"1.0","provider_name":"FR Audio-Technica Distribution","provider_url":"https:\/\/distribution.audio-technica.eu\/fr-fr","title":"Audio-Technica pr\u00e9sente la quatri\u00e8me g\u00e9n\u00e9ration de son syst\u00e8me HF Series 3000 - FR Audio-Technica Distribution","type":"rich","width":600,"height":338,"html":"<blockquote class=\"wp-embedded-content\" data-secret=\"D6RYFCZRO2\"><a href=\"https:\/\/distribution.audio-technica.eu\/fr-fr\/actualites\/audio-technica-presente-series-3000\/\">Audio-Technica pr\u00e9sente la quatri\u00e8me g\u00e9n\u00e9ration de son syst\u00e8me HF Series 3000<\/a><\/blockquote><iframe sandbox=\"allow-scripts\" security=\"restricted\" src=\"https:\/\/distribution.audio-technica.eu\/fr-fr\/actualites\/audio-technica-presente-series-3000\/embed\/#?secret=D6RYFCZRO2\" width=\"600\" height=\"338\" title=\"\u00ab\u00a0Audio-Technica pr\u00e9sente la quatri\u00e8me g\u00e9n\u00e9ration de son syst\u00e8me HF Series 3000\u00a0\u00bb &#8212; FR Audio-Technica Distribution\" data-secret=\"D6RYFCZRO2\" frameborder=\"0\" marginwidth=\"0\" marginheight=\"0\" scrolling=\"no\" class=\"wp-embedded-content\"><\/iframe><script type=\"text\/javascript\">\n\/* <![CDATA[ *\/\n\/*! This file is auto-generated *\/\n!function(d,l){\"use strict\";l.querySelector&&d.addEventListener&&\"undefined\"!=typeof URL&&(d.wp=d.wp||{},d.wp.receiveEmbedMessage||(d.wp.receiveEmbedMessage=function(e){var t=e.data;if((t||t.secret||t.message||t.value)&&!\/[^a-zA-Z0-9]\/.test(t.secret)){for(var s,r,n,a=l.querySelectorAll('iframe[data-secret=\"'+t.secret+'\"]'),o=l.querySelectorAll('blockquote[data-secret=\"'+t.secret+'\"]'),c=new RegExp(\"^https?:$\",\"i\"),i=0;i<o.length;i++)o[i].style.display=\"none\";for(i=0;i<a.length;i++)s=a[i],e.source===s.contentWindow&&(s.removeAttribute(\"style\"),\"height\"===t.message?(1e3<(r=parseInt(t.value,10))?r=1e3:~~r<200&&(r=200),s.height=r):\"link\"===t.message&&(r=new URL(s.getAttribute(\"src\")),n=new URL(t.value),c.test(n.protocol))&&n.host===r.host&&l.activeElement===s&&(d.top.location.href=t.value))}},d.addEventListener(\"message\",d.wp.receiveEmbedMessage,!1),l.addEventListener(\"DOMContentLoaded\",function(){for(var e,t,s=l.querySelectorAll(\"iframe.wp-embedded-content\"),r=0;r<s.length;r++)(t=(e=s[r]).getAttribute(\"data-secret\"))||(t=Math.random().toString(36).substring(2,12),e.src+=\"#?secret=\"+t,e.setAttribute(\"data-secret\",t)),e.contentWindow.postMessage({message:\"ready\",secret:t},\"*\")},!1)))}(window,document);\n\/\/# sourceURL=https:\/\/distribution.audio-technica.eu\/fr-fr\/wp-includes\/js\/wp-embed.min.js\n\/* ]]> *\/\n<\/script>\n","thumbnail_url":"https:\/\/distribution.audio-technica.eu\/app\/uploads\/sites\/3\/Serie-3000_banner-640x250.jpg","thumbnail_width":640,"thumbnail_height":250,"description":"Audio-Technica (stand 15311, niveau 1 ACC Nord) a d\u00e9voil\u00e9 la prochaine g\u00e9n\u00e9ration de la s\u00e9rie 3000, syst\u00e8mes sans fil UHF True Diversity \u00e0 agilit\u00e9 de fr\u00e9quences. Permettant une configuration facile, un fonctionnement polyvalent et un son haute fid\u00e9lit\u00e9 riche en d\u00e9tails, la quatri\u00e8me g\u00e9n\u00e9ration de la s\u00e9rie 3000 offre aux utilisateurs la puissance et la [&hellip;]"}

Audio-Technica présente la quatrième génération de son système HF Series 3000 - FR Audio-Technica Distribution

<blockquote class="wp-embedded-content" data-secret="D6RYFCZRO2"><a href="https://distribution.audio-technica.eu/fr-fr/actualites/audio-technica-presente-series-3000/">Audio-Technica présente la quatrième génération de son système HF Series 3000</a></blockquote><iframe sandbox="allow-scripts" security="restricted" src="https://distribution.audio-technica.eu/fr-fr/actualites/audio-technica-presente-series-3000/embed/#?secret=D6RYFCZRO2" width="600" height="338" title="« Audio-Technica présente la quatrième génération de son système HF Series 3000 » &#8212; FR Audio-Technica Distribution" data-secret="D6RYFCZRO2" frameborder="0" marginwidth="0" marginheight="0" scrolling="no" class="wp-embedded-content"></iframe><script type="text/javascript">
/* <![CDATA[ */
/*! This file is auto-generated */
!function(d,l){"use strict";l.querySelector&&d.addEventListener&&"undefined"!=typeof URL&&(d.wp=d.wp||{},d.wp.receiveEmbedMessage||(d.wp.receiveEmbedMessage=function(e){var t=e.data;if((t||t.secret||t.message||t.value)&&!/[^a-zA-Z0-9]/.test(t.secret)){for(var s,r,n,a=l.querySelectorAll('iframe[data-secret="'+t.secret+'"]'),o=l.querySelectorAll('blockquote[data-secret="'+t.secret+'"]'),c=new RegExp("^https?:$","i"),i=0;i<o.length;i++)o[i].style.display="none";for(i=0;i<a.length;i++)s=a[i],e.source===s.contentWindow&&(s.removeAttribute("style"),"height"===t.message?(1e3<(r=parseInt(t.value,10))?r=1e3:~~r<200&&(r=200),s.height=r):"link"===t.message&&(r=new URL(s.getAttribute("src")),n=new URL(t.value),c.test(n.protocol))&&n.host===r.host&&l.activeElement===s&&(d.top.location.href=t.value))}},d.addEventListener("message",d.wp.receiveEmbedMessage,!1),l.addEventListener("DOMContentLoaded",function(){for(var e,t,s=l.querySelectorAll("iframe.wp-embedded-content"),r=0;r<s.length;r++)(t=(e=s[r]).getAttribute("data-secret"))||(t=Math.random().toString(36).substring(2,12),e.src+="#?secret="+t,e.setAttribute("data-secret",t)),e.contentWindow.postMessage({message:"ready",secret:t},"*")},!1)))}(window,document);
//# sourceURL=https://distribution.audio-technica.eu/fr-fr/wp-includes/js/wp-embed.min.js
/* ]]> */
</script>

Audio-Technica (stand 15311, niveau 1 ACC Nord) a dévoilé la prochaine génération de la série 3000, systèmes sans fil UHF True Diversity à agilité de fréquences. Permettant une configuration facile, un fonctionnement polyvalent et un son haute fidélité riche en détails, la quatrième génération de la série 3000 offre aux utilisateurs la puissance et la [&hellip;]
