{"id":11802,"date":"2024-06-28T14:32:25","date_gmt":"2024-06-28T13:32:25","guid":{"rendered":"https:\/\/distribution.audio-technica.eu\/fr-fr\/?post_type=product&#038;p=11802"},"modified":"2024-06-28T14:47:13","modified_gmt":"2024-06-28T13:47:13","slug":"4030c","status":"publish","type":"product","link":"https:\/\/distribution.audio-technica.eu\/fr-fr\/produits\/4030c\/","title":{"rendered":"4030C"},"content":{"rendered":"<p>La <strong>4030C<\/strong> compact offre un son pr\u00e9cis et une grande fiabilit\u00e9, ce qui en fait le choix naturel pour les petites et moyennes installations commerciales.<\/p>\n<p>Avec une esth\u00e9tique magnifique et <strong>120 finitions de couleurs RAL<\/strong> possibles, la <strong>4030C<\/strong> offre la pr\u00e9cision et la clart\u00e9 qui font la r\u00e9putation de Genelec, avec une directivit\u00e9 contr\u00f4l\u00e9e et la capacit\u00e9 de s\u2019adapter \u00e0 des environnements acoustiques difficiles gr\u00e2ce \u00e0 de simples interrupteurs de compensation de pi\u00e8ce sur le panneau arri\u00e8re. Cela garantit un son clair, intelligible et sans fatigue quel que soit le niveau de lecture, ainsi qu\u2019une fiabilit\u00e9 \u00e0 toute \u00e9preuve 24 heures sur 24, 7 jours sur 7, en standard.<\/p>\n<p><strong>Applications :<\/strong><\/p>\n<p>Enceinte versatile pour diffusion grande salle, type clubs, bars, restaurants, salles de conf\u00e9rence, mus\u00e9es et les th\u00e9\u00e2tres<\/p>\n","protected":false},"excerpt":{"rendered":"<p>Enceinte d\u2019installation deux voies bi-amplifi\u00e9, 5\u201d.<\/p>\n<p>\u2013 Circuit de d\u00e9tection intelligente des signaux (ISS) Autostart<br \/>\net stand-by.<br \/>\n\u2013 Directivit\u00e9 contr\u00f4l\u00e9e.<br \/>\n\u2013 Qualit\u00e9 sonore exceptionnelle dans un format compact.<br \/>\n\u2013 Conducteurs : 1\u00d75\u201d, 1x\u00be\u201d DCW.<br \/>\n\u2013 C\u00e2ble d\u2019alimentation EUR 1,8m 3&#215;0,75, Connecteur Euroblock entr\u00e9e<br \/>\nanalogique F 3 POS 5mm, support mural et vis pour le support mural.<br \/>\n\u2013 Puissance de l\u2019ampli : Basses 50 W et Aigus 50 W.<br \/>\n\u2013 Disponible en noir, blanc, aluminium RAW et 120 couleurs RAL.<\/p>\n","protected":false},"featured_media":11804,"template":"","meta":{"_acf_changed":false},"product_brand":[],"product_cat":[2158,2144],"product_tag":[],"class_list":{"0":"post-11802","1":"product","2":"type-product","3":"status-publish","4":"has-post-thumbnail","6":"product_cat-2158","7":"product_cat-enceintes","8":"product_series-serie-4000","10":"first","11":"instock","12":"shipping-taxable","13":"product-type-simple"},"acf":[],"yoast_head":"<!-- This site is optimized with the Yoast SEO plugin v27.1.1 - https:\/\/yoast.com\/product\/yoast-seo-wordpress\/ -->\n<title>4030C - FR Audio-Technica Distribution<\/title>\n<meta name=\"description\" content=\"Avec une esth\u00e9tique magnifique et 120 finitions de couleurs RAL possibles, la 4030C offre la pr\u00e9cision et la clart\u00e9 qui font la r\u00e9putation de Genelec.\" \/>\n<meta name=\"robots\" content=\"index, follow, max-snippet:-1, max-image-preview:large, max-video-preview:-1\" \/>\n<link rel=\"canonical\" href=\"https:\/\/distribution.audio-technica.eu\/fr-fr\/produits\/4030c\/\" \/>\n<meta property=\"og:locale\" content=\"fr_FR\" \/>\n<meta property=\"og:type\" content=\"article\" \/>\n<meta property=\"og:title\" content=\"4030C - FR Audio-Technica Distribution\" \/>\n<meta property=\"og:description\" content=\"Avec une esth\u00e9tique magnifique et 120 finitions de couleurs RAL possibles, la 4030C offre la pr\u00e9cision et la clart\u00e9 qui font la r\u00e9putation de Genelec.\" \/>\n<meta property=\"og:url\" content=\"https:\/\/distribution.audio-technica.eu\/fr-fr\/produits\/4030c\/\" \/>\n<meta property=\"og:site_name\" content=\"FR Audio-Technica Distribution\" \/>\n<meta property=\"article:modified_time\" content=\"2024-06-28T13:47:13+00:00\" \/>\n<meta property=\"og:image\" content=\"https:\/\/distribution.audio-technica.eu\/app\/uploads\/sites\/3\/4030c-front.jpg\" \/>\n\t<meta property=\"og:image:width\" content=\"591\" \/>\n\t<meta property=\"og:image:height\" content=\"714\" \/>\n\t<meta property=\"og:image:type\" content=\"image\/jpeg\" \/>\n<meta name=\"twitter:card\" content=\"summary_large_image\" \/>\n<meta name=\"twitter:label1\" content=\"Dur\u00e9e de lecture estim\u00e9e\" \/>\n\t<meta name=\"twitter:data1\" content=\"1 minute\" \/>\n<script type=\"application\/ld+json\" class=\"yoast-schema-graph\">{\"@context\":\"https:\/\/schema.org\",\"@graph\":[{\"@type\":\"WebPage\",\"@id\":\"https:\/\/distribution.audio-technica.eu\/fr-fr\/produits\/4030c\/\",\"url\":\"https:\/\/distribution.audio-technica.eu\/fr-fr\/produits\/4030c\/\",\"name\":\"4030C - FR Audio-Technica Distribution\",\"isPartOf\":{\"@id\":\"https:\/\/distribution.audio-technica.eu\/fr-fr\/#website\"},\"primaryImageOfPage\":{\"@id\":\"https:\/\/distribution.audio-technica.eu\/fr-fr\/produits\/4030c\/#primaryimage\"},\"image\":{\"@id\":\"https:\/\/distribution.audio-technica.eu\/fr-fr\/produits\/4030c\/#primaryimage\"},\"thumbnailUrl\":\"\/app\/uploads\/sites\/3\/4030c-front.jpg\",\"datePublished\":\"2024-06-28T13:32:25+00:00\",\"dateModified\":\"2024-06-28T13:47:13+00:00\",\"description\":\"Avec une esth\u00e9tique magnifique et 120 finitions de couleurs RAL possibles, la 4030C offre la pr\u00e9cision et la clart\u00e9 qui font la r\u00e9putation de Genelec.\",\"breadcrumb\":{\"@id\":\"https:\/\/distribution.audio-technica.eu\/fr-fr\/produits\/4030c\/#breadcrumb\"},\"inLanguage\":\"fr-FR\",\"potentialAction\":[{\"@type\":\"ReadAction\",\"target\":[\"https:\/\/distribution.audio-technica.eu\/fr-fr\/produits\/4030c\/\"]}]},{\"@type\":\"ImageObject\",\"inLanguage\":\"fr-FR\",\"@id\":\"https:\/\/distribution.audio-technica.eu\/fr-fr\/produits\/4030c\/#primaryimage\",\"url\":\"\/app\/uploads\/sites\/3\/4030c-front.jpg\",\"contentUrl\":\"\/app\/uploads\/sites\/3\/4030c-front.jpg\",\"width\":591,\"height\":714},{\"@type\":\"BreadcrumbList\",\"@id\":\"https:\/\/distribution.audio-technica.eu\/fr-fr\/produits\/4030c\/#breadcrumb\",\"itemListElement\":[{\"@type\":\"ListItem\",\"position\":1,\"name\":\"Products\",\"item\":\"https:\/\/distribution.audio-technica.eu\/fr-fr\/\"},{\"@type\":\"ListItem\",\"position\":2,\"name\":\"Produits\",\"item\":\"https:\/\/distribution.audio-technica.eu\/fr-fr\/produits\/\"},{\"@type\":\"ListItem\",\"position\":3,\"name\":\"4030C\"}]},{\"@type\":\"WebSite\",\"@id\":\"https:\/\/distribution.audio-technica.eu\/fr-fr\/#website\",\"url\":\"https:\/\/distribution.audio-technica.eu\/fr-fr\/\",\"name\":\"FR Audio-Technica Distribution\",\"description\":\"\",\"potentialAction\":[{\"@type\":\"SearchAction\",\"target\":{\"@type\":\"EntryPoint\",\"urlTemplate\":\"https:\/\/distribution.audio-technica.eu\/fr-fr\/?s={search_term_string}\"},\"query-input\":{\"@type\":\"PropertyValueSpecification\",\"valueRequired\":true,\"valueName\":\"search_term_string\"}}],\"inLanguage\":\"fr-FR\"}]}<\/script>\n<!-- \/ Yoast SEO plugin. -->","yoast_head_json":{"title":"4030C - FR Audio-Technica Distribution","description":"Avec une esth\u00e9tique magnifique et 120 finitions de couleurs RAL possibles, la 4030C offre la pr\u00e9cision et la clart\u00e9 qui font la r\u00e9putation de Genelec.","robots":{"index":"index","follow":"follow","max-snippet":"max-snippet:-1","max-image-preview":"max-image-preview:large","max-video-preview":"max-video-preview:-1"},"canonical":"https:\/\/distribution.audio-technica.eu\/fr-fr\/produits\/4030c\/","og_locale":"fr_FR","og_type":"article","og_title":"4030C - FR Audio-Technica Distribution","og_description":"Avec une esth\u00e9tique magnifique et 120 finitions de couleurs RAL possibles, la 4030C offre la pr\u00e9cision et la clart\u00e9 qui font la r\u00e9putation de Genelec.","og_url":"https:\/\/distribution.audio-technica.eu\/fr-fr\/produits\/4030c\/","og_site_name":"FR Audio-Technica Distribution","article_modified_time":"2024-06-28T13:47:13+00:00","og_image":[{"width":591,"height":714,"url":"https:\/\/distribution.audio-technica.eu\/app\/uploads\/sites\/3\/4030c-front.jpg","type":"image\/jpeg"}],"twitter_card":"summary_large_image","twitter_misc":{"Dur\u00e9e de lecture estim\u00e9e":"1 minute"},"schema":{"@context":"https:\/\/schema.org","@graph":[{"@type":"WebPage","@id":"https:\/\/distribution.audio-technica.eu\/fr-fr\/produits\/4030c\/","url":"https:\/\/distribution.audio-technica.eu\/fr-fr\/produits\/4030c\/","name":"4030C - FR Audio-Technica Distribution","isPartOf":{"@id":"https:\/\/distribution.audio-technica.eu\/fr-fr\/#website"},"primaryImageOfPage":{"@id":"https:\/\/distribution.audio-technica.eu\/fr-fr\/produits\/4030c\/#primaryimage"},"image":{"@id":"https:\/\/distribution.audio-technica.eu\/fr-fr\/produits\/4030c\/#primaryimage"},"thumbnailUrl":"\/app\/uploads\/sites\/3\/4030c-front.jpg","datePublished":"2024-06-28T13:32:25+00:00","dateModified":"2024-06-28T13:47:13+00:00","description":"Avec une esth\u00e9tique magnifique et 120 finitions de couleurs RAL possibles, la 4030C offre la pr\u00e9cision et la clart\u00e9 qui font la r\u00e9putation de Genelec.","breadcrumb":{"@id":"https:\/\/distribution.audio-technica.eu\/fr-fr\/produits\/4030c\/#breadcrumb"},"inLanguage":"fr-FR","potentialAction":[{"@type":"ReadAction","target":["https:\/\/distribution.audio-technica.eu\/fr-fr\/produits\/4030c\/"]}]},{"@type":"ImageObject","inLanguage":"fr-FR","@id":"https:\/\/distribution.audio-technica.eu\/fr-fr\/produits\/4030c\/#primaryimage","url":"\/app\/uploads\/sites\/3\/4030c-front.jpg","contentUrl":"\/app\/uploads\/sites\/3\/4030c-front.jpg","width":591,"height":714},{"@type":"BreadcrumbList","@id":"https:\/\/distribution.audio-technica.eu\/fr-fr\/produits\/4030c\/#breadcrumb","itemListElement":[{"@type":"ListItem","position":1,"name":"Products","item":"https:\/\/distribution.audio-technica.eu\/fr-fr\/"},{"@type":"ListItem","position":2,"name":"Produits","item":"https:\/\/distribution.audio-technica.eu\/fr-fr\/produits\/"},{"@type":"ListItem","position":3,"name":"4030C"}]},{"@type":"WebSite","@id":"https:\/\/distribution.audio-technica.eu\/fr-fr\/#website","url":"https:\/\/distribution.audio-technica.eu\/fr-fr\/","name":"FR Audio-Technica Distribution","description":"","potentialAction":[{"@type":"SearchAction","target":{"@type":"EntryPoint","urlTemplate":"https:\/\/distribution.audio-technica.eu\/fr-fr\/?s={search_term_string}"},"query-input":{"@type":"PropertyValueSpecification","valueRequired":true,"valueName":"search_term_string"}}],"inLanguage":"fr-FR"}]}},"_links":{"self":[{"href":"https:\/\/distribution.audio-technica.eu\/fr-fr\/wp-json\/wp\/v2\/product\/11802","targetHints":{"allow":["GET"]}}],"collection":[{"href":"https:\/\/distribution.audio-technica.eu\/fr-fr\/wp-json\/wp\/v2\/product"}],"about":[{"href":"https:\/\/distribution.audio-technica.eu\/fr-fr\/wp-json\/wp\/v2\/types\/product"}],"wp:featuredmedia":[{"embeddable":true,"href":"https:\/\/distribution.audio-technica.eu\/fr-fr\/wp-json\/wp\/v2\/media\/11804"}],"wp:attachment":[{"href":"https:\/\/distribution.audio-technica.eu\/fr-fr\/wp-json\/wp\/v2\/media?parent=11802"}],"wp:term":[{"taxonomy":"product_brand","embeddable":true,"href":"https:\/\/distribution.audio-technica.eu\/fr-fr\/wp-json\/wp\/v2\/product_brand?post=11802"},{"taxonomy":"product_cat","embeddable":true,"href":"https:\/\/distribution.audio-technica.eu\/fr-fr\/wp-json\/wp\/v2\/product_cat?post=11802"},{"taxonomy":"product_tag","embeddable":true,"href":"https:\/\/distribution.audio-technica.eu\/fr-fr\/wp-json\/wp\/v2\/product_tag?post=11802"}],"curies":[{"name":"wp","href":"https:\/\/api.w.org\/{rel}","templated":true}]}}

<p>La <strong>4030C</strong> compact offre un son précis et une grande fiabilité, ce qui en fait le choix naturel pour les petites et moyennes installations commerciales.</p>
<p>Avec une esthétique magnifique et <strong>120 finitions de couleurs RAL</strong> possibles, la <strong>4030C</strong> offre la précision et la clarté qui font la réputation de Genelec, avec une directivité contrôlée et la capacité de s’adapter à des environnements acoustiques difficiles grâce à de simples interrupteurs de compensation de pièce sur le panneau arrière. Cela garantit un son clair, intelligible et sans fatigue quel que soit le niveau de lecture, ainsi qu’une fiabilité à toute épreuve 24 heures sur 24, 7 jours sur 7, en standard.</p>
<p><strong>Applications :</strong></p>
<p>Enceinte versatile pour diffusion grande salle, type clubs, bars, restaurants, salles de conférence, musées et les théâtres</p>

<p>Enceinte d’installation deux voies bi-amplifié, 5”.</p>
<p>– Circuit de détection intelligente des signaux (ISS) Autostart<br />
et stand-by.<br />
– Directivité contrôlée.<br />
– Qualité sonore exceptionnelle dans un format compact.<br />
– Conducteurs : 1×5”, 1x¾” DCW.<br />
– Câble d’alimentation EUR 1,8m 3&#215;0,75, Connecteur Euroblock entrée<br />
analogique F 3 POS 5mm, support mural et vis pour le support mural.<br />
– Puissance de l’ampli : Basses 50 W et Aigus 50 W.<br />
– Disponible en noir, blanc, aluminium RAW et 120 couleurs RAL.</p>

<!-- This site is optimized with the Yoast SEO plugin v27.1.1 - https://yoast.com/product/yoast-seo-wordpress/ -->
<title>4030C - FR Audio-Technica Distribution</title>
<meta name="description" content="Avec une esthétique magnifique et 120 finitions de couleurs RAL possibles, la 4030C offre la précision et la clarté qui font la réputation de Genelec." />
<meta name="robots" content="index, follow, max-snippet:-1, max-image-preview:large, max-video-preview:-1" />
<link rel="canonical" href="https://distribution.audio-technica.eu/fr-fr/produits/4030c/" />
<meta property="og:locale" content="fr_FR" />
<meta property="og:type" content="article" />
<meta property="og:title" content="4030C - FR Audio-Technica Distribution" />
<meta property="og:description" content="Avec une esthétique magnifique et 120 finitions de couleurs RAL possibles, la 4030C offre la précision et la clarté qui font la réputation de Genelec." />
<meta property="og:url" content="https://distribution.audio-technica.eu/fr-fr/produits/4030c/" />
<meta property="og:site_name" content="FR Audio-Technica Distribution" />
<meta property="article:modified_time" content="2024-06-28T13:47:13+00:00" />
<meta property="og:image" content="https://distribution.audio-technica.eu/app/uploads/sites/3/4030c-front.jpg" />
	<meta property="og:image:width" content="591" />
	<meta property="og:image:height" content="714" />
	<meta property="og:image:type" content="image/jpeg" />
<meta name="twitter:card" content="summary_large_image" />
<meta name="twitter:label1" content="Durée de lecture estimée" />
	<meta name="twitter:data1" content="1 minute" />
<script type="application/ld+json" class="yoast-schema-graph">{"@context":"https://schema.org","@graph":[{"@type":"WebPage","@id":"https://distribution.audio-technica.eu/fr-fr/produits/4030c/","url":"https://distribution.audio-technica.eu/fr-fr/produits/4030c/","name":"4030C - FR Audio-Technica Distribution","isPartOf":{"@id":"https://distribution.audio-technica.eu/fr-fr/#website"},"primaryImageOfPage":{"@id":"https://distribution.audio-technica.eu/fr-fr/produits/4030c/#primaryimage"},"image":{"@id":"https://distribution.audio-technica.eu/fr-fr/produits/4030c/#primaryimage"},"thumbnailUrl":"/app/uploads/sites/3/4030c-front.jpg","datePublished":"2024-06-28T13:32:25+00:00","dateModified":"2024-06-28T13:47:13+00:00","description":"Avec une esthétique magnifique et 120 finitions de couleurs RAL possibles, la 4030C offre la précision et la clarté qui font la réputation de Genelec.","breadcrumb":{"@id":"https://distribution.audio-technica.eu/fr-fr/produits/4030c/#breadcrumb"},"inLanguage":"fr-FR","potentialAction":[{"@type":"ReadAction","target":["https://distribution.audio-technica.eu/fr-fr/produits/4030c/"]}]},{"@type":"ImageObject","inLanguage":"fr-FR","@id":"https://distribution.audio-technica.eu/fr-fr/produits/4030c/#primaryimage","url":"/app/uploads/sites/3/4030c-front.jpg","contentUrl":"/app/uploads/sites/3/4030c-front.jpg","width":591,"height":714},{"@type":"BreadcrumbList","@id":"https://distribution.audio-technica.eu/fr-fr/produits/4030c/#breadcrumb","itemListElement":[{"@type":"ListItem","position":1,"name":"Products","item":"https://distribution.audio-technica.eu/fr-fr/"},{"@type":"ListItem","position":2,"name":"Produits","item":"https://distribution.audio-technica.eu/fr-fr/produits/"},{"@type":"ListItem","position":3,"name":"4030C"}]},{"@type":"WebSite","@id":"https://distribution.audio-technica.eu/fr-fr/#website","url":"https://distribution.audio-technica.eu/fr-fr/","name":"FR Audio-Technica Distribution","description":"","potentialAction":[{"@type":"SearchAction","target":{"@type":"EntryPoint","urlTemplate":"https://distribution.audio-technica.eu/fr-fr/?s={search_term_string}"},"query-input":{"@type":"PropertyValueSpecification","valueRequired":true,"valueName":"search_term_string"}}],"inLanguage":"fr-FR"}]}</script>
<!-- / Yoast SEO plugin. -->

Avec une esthétique magnifique et 120 finitions de couleurs RAL possibles, la 4030C offre la précision et la clarté qui font la réputation de Genelec.
